{"id":56,"date":"2021-03-09T10:12:40","date_gmt":"2021-03-09T09:12:40","guid":{"rendered":"http:\/\/medieproduktion.lnu.se\/redaktion3\/?page_id=56"},"modified":"2021-03-25T14:49:24","modified_gmt":"2021-03-25T13:49:24","slug":"redaktionen","status":"publish","type":"page","link":"https:\/\/medieproduktion.lnu.se\/radixnytt\/redaktionen\/","title":{"rendered":""},"content":{"rendered":"\t\t<div data-elementor-type=\"wp-post\" data-elementor-id=\"56\" class=\"elementor elementor-56 elementor-bc-flex-widget\" data-elementor-post-type=\"page\">\n\t\t\t\t\t\t<section class=\"elementor-section elementor-top-section elementor-element elementor-element-cfcd696 elementor-section-boxed elementor-section-height-default elementor-section-height-default\" data-id=\"cfcd696\" data-element_type=\"section\">\n\t\t\t\t\t\t<div class=\"elementor-container elementor-column-gap-default\">\n\t\t\t\t\t<div class=\"elementor-column elementor-col-100 elementor-top-column elementor-element elementor-element-54aa685\" data-id=\"54aa685\" data-element_type=\"column\">\n\t\t\t<div class=\"elementor-widget-wrap elementor-element-populated\">\n\t\t\t\t\t\t<div class=\"elementor-element elementor-element-0c20008 elementor-widget elementor-widget-heading\" data-id=\"0c20008\" data-element_type=\"widget\" data-widget_type=\"heading.default\">\n\t\t\t\t<div class=\"elementor-widget-container\">\n\t\t\t\t\t<h2 class=\"elementor-heading-title elementor-size-default\">Redaktionen<\/h2>\t\t\t\t<\/div>\n\t\t\t\t<\/div>\n\t\t\t\t<div class=\"elementor-element elementor-element-1370932 elementor-widget elementor-widget-text-editor\" data-id=\"1370932\" data-element_type=\"widget\" data-widget_type=\"text-editor.default\">\n\t\t\t\t<div class=\"elementor-widget-container\">\n\t\t\t\t\t\t\t\t\t<p>Radixnytt \u00e4r en webbtidning som f\u00f6rmedlar lokalnyheter i Kalmar. Redaktionen best\u00e5r av fyra studenter p\u00e5 Linn\u00e9universitetet, nyheterna produceras i utbildningssyfte.<\/p>\t\t\t\t\t\t\t\t<\/div>\n\t\t\t\t<\/div>\n\t\t\t\t\t<\/div>\n\t\t<\/div>\n\t\t\t\t\t<\/div>\n\t\t<\/section>\n\t\t\t\t<section class=\"elementor-section elementor-top-section elementor-element elementor-element-8f3dcdd elementor-section-boxed elementor-section-height-default elementor-section-height-default\" data-id=\"8f3dcdd\" data-element_type=\"section\">\n\t\t\t\t\t\t<div class=\"elementor-container elementor-column-gap-default\">\n\t\t\t\t\t<div class=\"elementor-column elementor-col-100 elementor-top-column elementor-element elementor-element-cec9479\" data-id=\"cec9479\" data-element_type=\"column\">\n\t\t\t<div class=\"elementor-widget-wrap elementor-element-populated\">\n\t\t\t\t\t\t<section class=\"elementor-section elementor-inner-section elementor-element elementor-element-9d0760e elementor-section-boxed elementor-section-height-default elementor-section-height-default\" data-id=\"9d0760e\" data-element_type=\"section\">\n\t\t\t\t\t\t<div class=\"elementor-container elementor-column-gap-default\">\n\t\t\t\t\t<div class=\"elementor-column elementor-col-50 elementor-inner-column elementor-element elementor-element-acea92e\" data-id=\"acea92e\" data-element_type=\"column\">\n\t\t\t<div class=\"elementor-widget-wrap elementor-element-populated\">\n\t\t\t\t\t\t<div class=\"elementor-element elementor-element-f41424a elementor-widget elementor-widget-text-editor\" data-id=\"f41424a\" data-element_type=\"widget\" data-widget_type=\"text-editor.default\">\n\t\t\t\t<div class=\"elementor-widget-container\">\n\t\t\t\t\t\t\t\t\t<p><span style=\"caret-color: #740829; color: #740829; font-family: Georgia, sans-serif; font-size: 25px;\">Ida Carlwe<\/span><\/p>\t\t\t\t\t\t\t\t<\/div>\n\t\t\t\t<\/div>\n\t\t\t\t<div class=\"elementor-element elementor-element-db544a1 elementor-widget elementor-widget-image\" data-id=\"db544a1\" data-element_type=\"widget\" data-widget_type=\"image.default\">\n\t\t\t\t<div class=\"elementor-widget-container\">\n\t\t\t\t\t\t\t\t\t\t\t\t\t\t\t<img fetchpriority=\"high\" decoding=\"async\" width=\"300\" height=\"336\" src=\"https:\/\/medieproduktion.lnu.se\/radixnytt\/wp-content\/uploads\/sites\/518\/2021\/03\/Fril\u00e4ggningIda.png\" class=\"attachment-medium_large size-medium_large wp-image-313\" alt=\"Ida Carlwe\" srcset=\"https:\/\/medieproduktion.lnu.se\/radixnytt\/wp-content\/uploads\/sites\/518\/2021\/03\/Fril\u00e4ggningIda.png 300w, https:\/\/medieproduktion.lnu.se\/radixnytt\/wp-content\/uploads\/sites\/518\/2021\/03\/Fril\u00e4ggningIda-268x300.png 268w\" sizes=\"(max-width: 300px) 100vw, 300px\" \/>\t\t\t\t\t\t\t\t\t\t\t\t\t\t\t<\/div>\n\t\t\t\t<\/div>\n\t\t\t\t<div class=\"elementor-element elementor-element-05fe59b elementor-widget elementor-widget-text-editor\" data-id=\"05fe59b\" data-element_type=\"widget\" data-widget_type=\"text-editor.default\">\n\t\t\t\t<div class=\"elementor-widget-container\">\n\t\t\t\t\t\t\t\t\t<p>ic222ed@student.lnu.se<\/p>\t\t\t\t\t\t\t\t<\/div>\n\t\t\t\t<\/div>\n\t\t\t\t\t<\/div>\n\t\t<\/div>\n\t\t\t\t<div class=\"elementor-column elementor-col-50 elementor-inner-column elementor-element elementor-element-cd9c9f7\" data-id=\"cd9c9f7\" data-element_type=\"column\">\n\t\t\t<div class=\"elementor-widget-wrap elementor-element-populated\">\n\t\t\t\t\t\t<div class=\"elementor-element elementor-element-53117e8 elementor-widget elementor-widget-text-editor\" data-id=\"53117e8\" data-element_type=\"widget\" data-widget_type=\"text-editor.default\">\n\t\t\t\t<div class=\"elementor-widget-container\">\n\t\t\t\t\t\t\t\t\t<p><span style=\"caret-color: #740829; color: #740829; font-family: Georgia, sans-serif; font-size: 25px;\">Karl Paulsen<\/span><\/p>\t\t\t\t\t\t\t\t<\/div>\n\t\t\t\t<\/div>\n\t\t\t\t<div class=\"elementor-element elementor-element-cfc2bb8 elementor-widget elementor-widget-image\" data-id=\"cfc2bb8\" data-element_type=\"widget\" data-widget_type=\"image.default\">\n\t\t\t\t<div class=\"elementor-widget-container\">\n\t\t\t\t\t\t\t\t\t\t\t\t\t\t\t<img decoding=\"async\" width=\"300\" height=\"357\" src=\"https:\/\/medieproduktion.lnu.se\/radixnytt\/wp-content\/uploads\/sites\/518\/2021\/03\/Fril\u00e4ggningKalle.png\" class=\"attachment-medium_large size-medium_large wp-image-314\" alt=\"Karl Paulsen\" srcset=\"https:\/\/medieproduktion.lnu.se\/radixnytt\/wp-content\/uploads\/sites\/518\/2021\/03\/Fril\u00e4ggningKalle.png 300w, https:\/\/medieproduktion.lnu.se\/radixnytt\/wp-content\/uploads\/sites\/518\/2021\/03\/Fril\u00e4ggningKalle-252x300.png 252w\" sizes=\"(max-width: 300px) 100vw, 300px\" \/>\t\t\t\t\t\t\t\t\t\t\t\t\t\t\t<\/div>\n\t\t\t\t<\/div>\n\t\t\t\t<div class=\"elementor-element elementor-element-67e289d elementor-widget elementor-widget-text-editor\" data-id=\"67e289d\" data-element_type=\"widget\" data-widget_type=\"text-editor.default\">\n\t\t\t\t<div class=\"elementor-widget-container\">\n\t\t\t\t\t\t\t\t\t<p>kp222nh@student.lnu.se<\/p>\t\t\t\t\t\t\t\t<\/div>\n\t\t\t\t<\/div>\n\t\t\t\t\t<\/div>\n\t\t<\/div>\n\t\t\t\t\t<\/div>\n\t\t<\/section>\n\t\t\t\t\t<\/div>\n\t\t<\/div>\n\t\t\t\t\t<\/div>\n\t\t<\/section>\n\t\t\t\t<section class=\"elementor-section elementor-top-section elementor-element elementor-element-34cf8f1 elementor-section-boxed elementor-section-height-default elementor-section-height-default\" data-id=\"34cf8f1\" data-element_type=\"section\">\n\t\t\t\t\t\t<div class=\"elementor-container elementor-column-gap-default\">\n\t\t\t\t\t<div class=\"elementor-column elementor-col-100 elementor-top-column elementor-element elementor-element-d34569f\" data-id=\"d34569f\" data-element_type=\"column\">\n\t\t\t<div class=\"elementor-widget-wrap elementor-element-populated\">\n\t\t\t\t\t\t<div class=\"elementor-element elementor-element-b96f8fb elementor-widget-divider--view-line elementor-widget elementor-widget-divider\" data-id=\"b96f8fb\" data-element_type=\"widget\" data-widget_type=\"divider.default\">\n\t\t\t\t<div class=\"elementor-widget-container\">\n\t\t\t\t\t\t\t<div class=\"elementor-divider\">\n\t\t\t<span class=\"elementor-divider-separator\">\n\t\t\t\t\t\t<\/span>\n\t\t<\/div>\n\t\t\t\t\t\t<\/div>\n\t\t\t\t<\/div>\n\t\t\t\t<section class=\"elementor-section elementor-inner-section elementor-element elementor-element-e6ea4fd elementor-section-boxed elementor-section-height-default elementor-section-height-default\" data-id=\"e6ea4fd\" data-element_type=\"section\">\n\t\t\t\t\t\t<div class=\"elementor-container elementor-column-gap-default\">\n\t\t\t\t\t<div class=\"elementor-column elementor-col-50 elementor-inner-column elementor-element elementor-element-244590f\" data-id=\"244590f\" data-element_type=\"column\">\n\t\t\t<div class=\"elementor-widget-wrap elementor-element-populated\">\n\t\t\t\t\t\t<div class=\"elementor-element elementor-element-8437485 elementor-widget elementor-widget-text-editor\" data-id=\"8437485\" data-element_type=\"widget\" data-widget_type=\"text-editor.default\">\n\t\t\t\t<div class=\"elementor-widget-container\">\n\t\t\t\t\t\t\t\t\t<p>Anton Engqvist<\/p>\t\t\t\t\t\t\t\t<\/div>\n\t\t\t\t<\/div>\n\t\t\t\t<div class=\"elementor-element elementor-element-898676a elementor-widget elementor-widget-image\" data-id=\"898676a\" data-element_type=\"widget\" data-widget_type=\"image.default\">\n\t\t\t\t<div class=\"elementor-widget-container\">\n\t\t\t\t\t\t\t\t\t\t\t\t\t\t\t<img decoding=\"async\" width=\"300\" height=\"320\" src=\"https:\/\/medieproduktion.lnu.se\/radixnytt\/wp-content\/uploads\/sites\/518\/2021\/03\/Fril\u00e4ggningAnton.png\" class=\"attachment-medium_large size-medium_large wp-image-315\" alt=\"Anton Engqvist\" srcset=\"https:\/\/medieproduktion.lnu.se\/radixnytt\/wp-content\/uploads\/sites\/518\/2021\/03\/Fril\u00e4ggningAnton.png 300w, https:\/\/medieproduktion.lnu.se\/radixnytt\/wp-content\/uploads\/sites\/518\/2021\/03\/Fril\u00e4ggningAnton-281x300.png 281w\" sizes=\"(max-width: 300px) 100vw, 300px\" \/>\t\t\t\t\t\t\t\t\t\t\t\t\t\t\t<\/div>\n\t\t\t\t<\/div>\n\t\t\t\t\t<\/div>\n\t\t<\/div>\n\t\t\t\t<div class=\"elementor-column elementor-col-50 elementor-inner-column elementor-element elementor-element-20e473a\" data-id=\"20e473a\" data-element_type=\"column\">\n\t\t\t<div class=\"elementor-widget-wrap elementor-element-populated\">\n\t\t\t\t\t\t<div class=\"elementor-element elementor-element-3816fde elementor-widget elementor-widget-text-editor\" data-id=\"3816fde\" data-element_type=\"widget\" data-widget_type=\"text-editor.default\">\n\t\t\t\t<div class=\"elementor-widget-container\">\n\t\t\t\t\t\t\t\t\t<p>Sandra Carlsson<\/p>\t\t\t\t\t\t\t\t<\/div>\n\t\t\t\t<\/div>\n\t\t\t\t<div class=\"elementor-element elementor-element-fb57c1e elementor-widget elementor-widget-image\" data-id=\"fb57c1e\" data-element_type=\"widget\" data-widget_type=\"image.default\">\n\t\t\t\t<div class=\"elementor-widget-container\">\n\t\t\t\t\t\t\t\t\t\t\t\t\t\t\t<img loading=\"lazy\" decoding=\"async\" width=\"300\" height=\"266\" src=\"https:\/\/medieproduktion.lnu.se\/radixnytt\/wp-content\/uploads\/sites\/518\/2021\/03\/Fril\u00e4ggningSandra.png\" class=\"attachment-medium_large size-medium_large wp-image-316\" alt=\"Sandra Carlsson\" \/>\t\t\t\t\t\t\t\t\t\t\t\t\t\t\t<\/div>\n\t\t\t\t<\/div>\n\t\t\t\t\t<\/div>\n\t\t<\/div>\n\t\t\t\t\t<\/div>\n\t\t<\/section>\n\t\t\t\t<section class=\"elementor-section elementor-inner-section elementor-element elementor-element-6692549 elementor-section-boxed elementor-section-height-default elementor-section-height-default\" data-id=\"6692549\" data-element_type=\"section\">\n\t\t\t\t\t\t<div class=\"elementor-container elementor-column-gap-default\">\n\t\t\t\t\t<div class=\"elementor-column elementor-col-50 elementor-inner-column elementor-element elementor-element-d558994\" data-id=\"d558994\" data-element_type=\"column\">\n\t\t\t<div class=\"elementor-widget-wrap elementor-element-populated\">\n\t\t\t\t\t\t<div class=\"elementor-element elementor-element-bf33008 elementor-widget elementor-widget-text-editor\" data-id=\"bf33008\" data-element_type=\"widget\" data-widget_type=\"text-editor.default\">\n\t\t\t\t<div class=\"elementor-widget-container\">\n\t\t\t\t\t\t\t\t\t<p>ae223jn@student.lnu.se<\/p><p>\u00a0<\/p>\t\t\t\t\t\t\t\t<\/div>\n\t\t\t\t<\/div>\n\t\t\t\t\t<\/div>\n\t\t<\/div>\n\t\t\t\t<div class=\"elementor-column elementor-col-50 elementor-inner-column elementor-element elementor-element-218d72b\" data-id=\"218d72b\" data-element_type=\"column\">\n\t\t\t<div class=\"elementor-widget-wrap elementor-element-populated\">\n\t\t\t\t\t\t<div class=\"elementor-element elementor-element-e6a544a elementor-widget elementor-widget-text-editor\" data-id=\"e6a544a\" data-element_type=\"widget\" data-widget_type=\"text-editor.default\">\n\t\t\t\t<div class=\"elementor-widget-container\">\n\t\t\t\t\t\t\t\t\t<p>sc222ig@student.lnu.se<\/p>\t\t\t\t\t\t\t\t<\/div>\n\t\t\t\t<\/div>\n\t\t\t\t\t<\/div>\n\t\t<\/div>\n\t\t\t\t\t<\/div>\n\t\t<\/section>\n\t\t\t\t\t<\/div>\n\t\t<\/div>\n\t\t\t\t\t<\/div>\n\t\t<\/section>\n\t\t\t\t<\/div>\n\t\t","protected":false},"excerpt":{"rendered":"<p>Redaktionen Radixnytt \u00e4r en webbtidning som f\u00f6rmedlar lokalnyheter i Kalmar. Redaktionen best\u00e5r av fyra studenter p\u00e5 Linn\u00e9universitetet, nyheterna produceras i utbildningssyfte. Ida Carlwe ic222ed@student.lnu.se Karl Paulsen kp222nh@student.lnu.se Anton Engqvist Sandra Carlsson ae223jn@student.lnu.se \u00a0 sc222ig@student.lnu.se<\/p>\n","protected":false},"author":381,"featured_media":0,"parent":0,"menu_order":0,"comment_status":"closed","ping_status":"closed","template":"","meta":{"_seopress_robots_primary_cat":"","_seopress_titles_title":"","_seopress_titles_desc":"","_seopress_robots_index":"","footnotes":""},"class_list":["post-56","page","type-page","status-publish"],"_links":{"self":[{"href":"https:\/\/medieproduktion.lnu.se\/radixnytt\/wp-json\/wp\/v2\/pages\/56","targetHints":{"allow":["GET"]}}],"collection":[{"href":"https:\/\/medieproduktion.lnu.se\/radixnytt\/wp-json\/wp\/v2\/pages"}],"about":[{"href":"https:\/\/medieproduktion.lnu.se\/radixnytt\/wp-json\/wp\/v2\/types\/page"}],"author":[{"embeddable":true,"href":"https:\/\/medieproduktion.lnu.se\/radixnytt\/wp-json\/wp\/v2\/users\/381"}],"replies":[{"embeddable":true,"href":"https:\/\/medieproduktion.lnu.se\/radixnytt\/wp-json\/wp\/v2\/comments?post=56"}],"version-history":[{"count":24,"href":"https:\/\/medieproduktion.lnu.se\/radixnytt\/wp-json\/wp\/v2\/pages\/56\/revisions"}],"predecessor-version":[{"id":891,"href":"https:\/\/medieproduktion.lnu.se\/radixnytt\/wp-json\/wp\/v2\/pages\/56\/revisions\/891"}],"wp:attachment":[{"href":"https:\/\/medieproduktion.lnu.se\/radixnytt\/wp-json\/wp\/v2\/media?parent=56"}],"curies":[{"name":"wp","href":"https:\/\/api.w.org\/{rel}","templated":true}]}}