{"id":144,"date":"2021-03-09T13:24:18","date_gmt":"2021-03-09T12:24:18","guid":{"rendered":"http:\/\/medieproduktion.lnu.se\/redaktion3\/?page_id=144"},"modified":"2021-03-25T14:42:57","modified_gmt":"2021-03-25T13:42:57","slug":"startsida","status":"publish","type":"page","link":"https:\/\/medieproduktion.lnu.se\/radixnytt\/","title":{"rendered":""},"content":{"rendered":"\t\t<div data-elementor-type=\"wp-post\" data-elementor-id=\"144\" class=\"elementor elementor-144 elementor-bc-flex-widget\" data-elementor-post-type=\"page\">\n\t\t\t\t\t\t<section class=\"elementor-section elementor-top-section elementor-element elementor-element-8ccc815 elementor-section-boxed elementor-section-height-default elementor-section-height-default\" data-id=\"8ccc815\" data-element_type=\"section\">\n\t\t\t\t\t\t<div class=\"elementor-container elementor-column-gap-default\">\n\t\t\t\t\t<div class=\"elementor-column elementor-col-100 elementor-top-column elementor-element elementor-element-722f57f\" data-id=\"722f57f\" data-element_type=\"column\">\n\t\t\t<div class=\"elementor-widget-wrap elementor-element-populated\">\n\t\t\t\t\t\t<div class=\"elementor-element elementor-element-655823c elementor-grid-1 elementor-grid-tablet-2 elementor-grid-mobile-1 elementor-posts--thumbnail-top elementor-posts--show-avatar elementor-card-shadow-yes elementor-posts__hover-gradient elementor-widget elementor-widget-posts\" data-id=\"655823c\" data-element_type=\"widget\" data-settings=\"{&quot;cards_columns&quot;:&quot;1&quot;,&quot;cards_columns_tablet&quot;:&quot;2&quot;,&quot;cards_columns_mobile&quot;:&quot;1&quot;,&quot;cards_row_gap&quot;:{&quot;unit&quot;:&quot;px&quot;,&quot;size&quot;:35,&quot;sizes&quot;:[]},&quot;cards_row_gap_tablet&quot;:{&quot;unit&quot;:&quot;px&quot;,&quot;size&quot;:&quot;&quot;,&quot;sizes&quot;:[]},&quot;cards_row_gap_mobile&quot;:{&quot;unit&quot;:&quot;px&quot;,&quot;size&quot;:&quot;&quot;,&quot;sizes&quot;:[]}}\" data-widget_type=\"posts.cards\">\n\t\t\t\t<div class=\"elementor-widget-container\">\n\t\t\t\t\t\t\t<div class=\"elementor-posts-container elementor-posts elementor-posts--skin-cards elementor-grid\" role=\"list\">\n\t\t\t\t<article class=\"elementor-post elementor-grid-item post-853 post type-post status-publish format-standard has-post-thumbnail hentry category-nyheter category-toppnyhet\" role=\"listitem\">\n\t\t\t<div class=\"elementor-post__card\">\n\t\t\t\t<a class=\"elementor-post__thumbnail__link\" href=\"https:\/\/medieproduktion.lnu.se\/radixnytt\/nyheter\/region-kalmar-vi-ar-bekymrade-infor-laget\/\" tabindex=\"-1\" ><div class=\"elementor-post__thumbnail\"><img fetchpriority=\"high\" decoding=\"async\" width=\"768\" height=\"512\" src=\"https:\/\/medieproduktion.lnu.se\/radixnytt\/wp-content\/uploads\/sites\/518\/2021\/03\/49629062018_1fd94c0bdd_b-768x512.jpg\" class=\"attachment-medium_large size-medium_large wp-image-858\" alt=\"coronavirus\" srcset=\"https:\/\/medieproduktion.lnu.se\/radixnytt\/wp-content\/uploads\/sites\/518\/2021\/03\/49629062018_1fd94c0bdd_b-768x512.jpg 768w, https:\/\/medieproduktion.lnu.se\/radixnytt\/wp-content\/uploads\/sites\/518\/2021\/03\/49629062018_1fd94c0bdd_b-300x200.jpg 300w, https:\/\/medieproduktion.lnu.se\/radixnytt\/wp-content\/uploads\/sites\/518\/2021\/03\/49629062018_1fd94c0bdd_b.jpg 1024w\" sizes=\"(max-width: 768px) 100vw, 768px\" \/><\/div><\/a>\n\t\t\t\t<div class=\"elementor-post__avatar\">\n\t\t\t<img alt='Sandra Carlsson' src='https:\/\/medieproduktion.lnu.se\/radixnytt\/wp-content\/uploads\/sites\/518\/2021\/03\/Sandra-128x128.gif' srcset='https:\/\/medieproduktion.lnu.se\/radixnytt\/wp-content\/uploads\/sites\/518\/2021\/03\/Sandra-256x256.gif 2x' class='avatar avatar-128 photo' height='128' width='128' \/>\t\t<\/div>\n\t\t\t\t<div class=\"elementor-post__text\">\n\t\t\t\t<h3 class=\"elementor-post__title\">\n\t\t\t<a href=\"https:\/\/medieproduktion.lnu.se\/radixnytt\/nyheter\/region-kalmar-vi-ar-bekymrade-infor-laget\/\" >\n\t\t\t\tRegion Kalmar &#8211; &#8221;Vi \u00e4r bekymrade \u00f6ver l\u00e4get&#8221;\t\t\t<\/a>\n\t\t<\/h3>\n\t\t\t\t<div class=\"elementor-post__excerpt\">\n\t\t\t<p><a href=\"http:\/\/medieproduktion.lnu.se\/radixnytt\/nyheter\/region-kalmar-vi-ar-bekymrade-infor-laget\/\">Den brittiska mutationen har spridit sig \u00f6ver Kalmar l\u00e4n p\u00e5 grund av dess snabba f\u00f6rlopp. Regionen meddelade att man vidtagit resurser f\u00f6r att f\u00e5 kontroll \u00f6ver smittspridningen. Innan har man genomf\u00f6rt provtagning p\u00e5 de personer med symtom, men nu uppmanar regionen att alla som varit i kontakt med en smittad person ska testas, \u00e4ven om man inte har symtom.<\/a><\/p>\n\t\t<\/div>\n\t\t\t\t<\/div>\n\t\t\t\t<div class=\"elementor-post__meta-data\">\n\t\t\t\t\t<span class=\"elementor-post-author\">\n\t\t\tSandra Carlsson\t\t<\/span>\n\t\t\t\t<span class=\"elementor-post-date\">\n\t\t\t24 mars, 2021\t\t<\/span>\n\t\t\t\t<span class=\"elementor-post-time\">\n\t\t\t11:17\t\t<\/span>\n\t\t\t\t<\/div>\n\t\t\t\t\t<\/div>\n\t\t<\/article>\n\t\t\t\t<\/div>\n\t\t\n\t\t\t\t\t\t<\/div>\n\t\t\t\t<\/div>\n\t\t\t\t<div class=\"elementor-element elementor-element-9ff02f8 elementor-widget-divider--view-line elementor-widget elementor-widget-divider\" data-id=\"9ff02f8\" data-element_type=\"widget\" data-widget_type=\"divider.default\">\n\t\t\t\t<div class=\"elementor-widget-container\">\n\t\t\t\t\t\t\t<div class=\"elementor-divider\">\n\t\t\t<span class=\"elementor-divider-separator\">\n\t\t\t\t\t\t<\/span>\n\t\t<\/div>\n\t\t\t\t\t\t<\/div>\n\t\t\t\t<\/div>\n\t\t\t\t<section class=\"elementor-section elementor-inner-section elementor-element elementor-element-9b7e7f0 elementor-section-boxed elementor-section-height-default elementor-section-height-default\" data-id=\"9b7e7f0\" data-element_type=\"section\">\n\t\t\t\t\t\t<div class=\"elementor-container elementor-column-gap-default\">\n\t\t\t\t\t<div class=\"elementor-column elementor-col-50 elementor-inner-column elementor-element elementor-element-20e1d2b\" data-id=\"20e1d2b\" data-element_type=\"column\">\n\t\t\t<div class=\"elementor-widget-wrap elementor-element-populated\">\n\t\t\t\t\t\t<div class=\"elementor-element elementor-element-b8427c7 elementor-grid-1 elementor-grid-tablet-2 elementor-grid-mobile-1 elementor-posts--thumbnail-top elementor-posts--show-avatar elementor-card-shadow-yes elementor-posts__hover-gradient elementor-widget elementor-widget-posts\" data-id=\"b8427c7\" data-element_type=\"widget\" data-settings=\"{&quot;cards_columns&quot;:&quot;1&quot;,&quot;cards_columns_tablet&quot;:&quot;2&quot;,&quot;cards_columns_mobile&quot;:&quot;1&quot;,&quot;cards_row_gap&quot;:{&quot;unit&quot;:&quot;px&quot;,&quot;size&quot;:35,&quot;sizes&quot;:[]},&quot;cards_row_gap_tablet&quot;:{&quot;unit&quot;:&quot;px&quot;,&quot;size&quot;:&quot;&quot;,&quot;sizes&quot;:[]},&quot;cards_row_gap_mobile&quot;:{&quot;unit&quot;:&quot;px&quot;,&quot;size&quot;:&quot;&quot;,&quot;sizes&quot;:[]}}\" data-widget_type=\"posts.cards\">\n\t\t\t\t<div class=\"elementor-widget-container\">\n\t\t\t\t\t\t\t<div class=\"elementor-posts-container elementor-posts elementor-posts--skin-cards elementor-grid\" role=\"list\">\n\t\t\t\t<article class=\"elementor-post elementor-grid-item post-482 post type-post status-publish format-standard has-post-thumbnail hentry category-nyheter category-toppnyhet-2 tag-astra-zeneca tag-covid-19-vaccin tag-kalmar\" role=\"listitem\">\n\t\t\t<div class=\"elementor-post__card\">\n\t\t\t\t<a class=\"elementor-post__thumbnail__link\" href=\"https:\/\/medieproduktion.lnu.se\/radixnytt\/nyheter\/astra-zenecas-vaccin-stoppas\/\" tabindex=\"-1\" ><div class=\"elementor-post__thumbnail\"><img decoding=\"async\" width=\"640\" height=\"360\" src=\"https:\/\/medieproduktion.lnu.se\/radixnytt\/wp-content\/uploads\/sites\/518\/2021\/03\/vaccine.jpg\" class=\"attachment-medium_large size-medium_large wp-image-484\" alt=\"Vaccinationsflaskor med covid-19 text\" srcset=\"https:\/\/medieproduktion.lnu.se\/radixnytt\/wp-content\/uploads\/sites\/518\/2021\/03\/vaccine.jpg 640w, https:\/\/medieproduktion.lnu.se\/radixnytt\/wp-content\/uploads\/sites\/518\/2021\/03\/vaccine-300x169.jpg 300w\" sizes=\"(max-width: 640px) 100vw, 640px\" \/><\/div><\/a>\n\t\t\t\t<div class=\"elementor-post__avatar\">\n\t\t\t<img alt='Ida Carlwe' src='https:\/\/medieproduktion.lnu.se\/journalistisk-presentation\/wp-content\/uploads\/sites\/367\/2021\/03\/avatar_user_381_1615372487-128x128.gif' srcset='https:\/\/medieproduktion.lnu.se\/journalistisk-presentation\/wp-content\/uploads\/sites\/367\/2021\/03\/avatar_user_381_1615372487.gif 2x' class='avatar avatar-128 photo' height='128' width='128' \/>\t\t<\/div>\n\t\t\t\t<div class=\"elementor-post__text\">\n\t\t\t\t<h3 class=\"elementor-post__title\">\n\t\t\t<a href=\"https:\/\/medieproduktion.lnu.se\/radixnytt\/nyheter\/astra-zenecas-vaccin-stoppas\/\" >\n\t\t\t\tAstra Zenecas vaccin stoppas\t\t\t<\/a>\n\t\t<\/h3>\n\t\t\t\t<div class=\"elementor-post__excerpt\">\n\t\t\t<p><a href=\"http:\/\/medieproduktion.lnu.se\/radixnytt\/?p=482&amp;preview=true\"> Region Kalmar l\u00e4n f\u00f6ljer det nationella beslutet med omedelbar verkan och stoppar vaccinationer tills vidare.<\/a><\/p>\n\t\t<\/div>\n\t\t\t\t<\/div>\n\t\t\t\t<div class=\"elementor-post__meta-data\">\n\t\t\t\t\t<span class=\"elementor-post-author\">\n\t\t\tIda Carlwe\t\t<\/span>\n\t\t\t\t<span class=\"elementor-post-date\">\n\t\t\t16 mars, 2021\t\t<\/span>\n\t\t\t\t<\/div>\n\t\t\t\t\t<\/div>\n\t\t<\/article>\n\t\t\t\t<\/div>\n\t\t\n\t\t\t\t\t\t<\/div>\n\t\t\t\t<\/div>\n\t\t\t\t\t<\/div>\n\t\t<\/div>\n\t\t\t\t<div class=\"elementor-column elementor-col-50 elementor-inner-column elementor-element elementor-element-e1256e4\" data-id=\"e1256e4\" data-element_type=\"column\">\n\t\t\t<div class=\"elementor-widget-wrap elementor-element-populated\">\n\t\t\t\t\t\t<div class=\"elementor-element elementor-element-4305cec elementor-grid-1 elementor-grid-tablet-2 elementor-grid-mobile-1 elementor-posts--thumbnail-top elementor-posts--show-avatar elementor-card-shadow-yes elementor-posts__hover-gradient elementor-widget elementor-widget-posts\" data-id=\"4305cec\" data-element_type=\"widget\" data-settings=\"{&quot;cards_columns&quot;:&quot;1&quot;,&quot;cards_columns_tablet&quot;:&quot;2&quot;,&quot;cards_columns_mobile&quot;:&quot;1&quot;,&quot;cards_row_gap&quot;:{&quot;unit&quot;:&quot;px&quot;,&quot;size&quot;:35,&quot;sizes&quot;:[]},&quot;cards_row_gap_tablet&quot;:{&quot;unit&quot;:&quot;px&quot;,&quot;size&quot;:&quot;&quot;,&quot;sizes&quot;:[]},&quot;cards_row_gap_mobile&quot;:{&quot;unit&quot;:&quot;px&quot;,&quot;size&quot;:&quot;&quot;,&quot;sizes&quot;:[]}}\" data-widget_type=\"posts.cards\">\n\t\t\t\t<div class=\"elementor-widget-container\">\n\t\t\t\t\t\t\t<div class=\"elementor-posts-container elementor-posts elementor-posts--skin-cards elementor-grid\" role=\"list\">\n\t\t\t\t<article class=\"elementor-post elementor-grid-item post-841 post type-post status-publish format-standard has-post-thumbnail hentry category-nyheter category-sport category-toppnyhettre\" role=\"listitem\">\n\t\t\t<div class=\"elementor-post__card\">\n\t\t\t\t<a class=\"elementor-post__thumbnail__link\" href=\"https:\/\/medieproduktion.lnu.se\/radixnytt\/nyheter\/oro-for-ungdomsidrotten-efter-pandemin\/\" tabindex=\"-1\" ><div class=\"elementor-post__thumbnail\"><img decoding=\"async\" width=\"768\" height=\"512\" src=\"https:\/\/medieproduktion.lnu.se\/radixnytt\/wp-content\/uploads\/sites\/518\/2021\/03\/sport-3122738_1280-768x512.gif\" class=\"attachment-medium_large size-medium_large wp-image-851\" alt=\"Inomhusfotbollar\" srcset=\"https:\/\/medieproduktion.lnu.se\/radixnytt\/wp-content\/uploads\/sites\/518\/2021\/03\/sport-3122738_1280-768x512.gif 768w, https:\/\/medieproduktion.lnu.se\/radixnytt\/wp-content\/uploads\/sites\/518\/2021\/03\/sport-3122738_1280-300x200.gif 300w\" sizes=\"(max-width: 768px) 100vw, 768px\" \/><\/div><\/a>\n\t\t\t\t<div class=\"elementor-post__avatar\">\n\t\t\t<img alt='Karl Paulsen' src='https:\/\/medieproduktion.lnu.se\/radixnytt\/wp-content\/uploads\/sites\/518\/2021\/03\/Kalle-128x128.gif' srcset='https:\/\/medieproduktion.lnu.se\/radixnytt\/wp-content\/uploads\/sites\/518\/2021\/03\/Kalle-256x256.gif 2x' class='avatar avatar-128 photo' height='128' width='128' \/>\t\t<\/div>\n\t\t\t\t<div class=\"elementor-post__text\">\n\t\t\t\t<h3 class=\"elementor-post__title\">\n\t\t\t<a href=\"https:\/\/medieproduktion.lnu.se\/radixnytt\/nyheter\/oro-for-ungdomsidrotten-efter-pandemin\/\" >\n\t\t\t\tOro f\u00f6r ungdomsidrotten efter pandemin\t\t\t<\/a>\n\t\t<\/h3>\n\t\t\t\t<div class=\"elementor-post__excerpt\">\n\t\t\t<p><a href=\"http:\/\/medieproduktion.lnu.se\/radixnytt\/nyheter\/oro-for-ungdomsidrotten-efter-pandemin\/\">Allt fler ungdomar slutar tr\u00e4na som en konsekvens av restriktioner och nedst\u00e4ngningar.<\/a><\/p>\n\t\t<\/div>\n\t\t\t\t<\/div>\n\t\t\t\t<div class=\"elementor-post__meta-data\">\n\t\t\t\t\t<span class=\"elementor-post-author\">\n\t\t\tKarl Paulsen\t\t<\/span>\n\t\t\t\t<span class=\"elementor-post-date\">\n\t\t\t24 mars, 2021\t\t<\/span>\n\t\t\t\t<\/div>\n\t\t\t\t\t<\/div>\n\t\t<\/article>\n\t\t\t\t<\/div>\n\t\t\n\t\t\t\t\t\t<\/div>\n\t\t\t\t<\/div>\n\t\t\t\t\t<\/div>\n\t\t<\/div>\n\t\t\t\t\t<\/div>\n\t\t<\/section>\n\t\t\t\t\t<\/div>\n\t\t<\/div>\n\t\t\t\t\t<\/div>\n\t\t<\/section>\n\t\t\t\t<section class=\"elementor-section elementor-top-section elementor-element elementor-element-5112181 elementor-section-boxed elementor-section-height-default elementor-section-height-default\" data-id=\"5112181\" data-element_type=\"section\">\n\t\t\t\t\t\t<div class=\"elementor-container elementor-column-gap-default\">\n\t\t\t\t\t<div class=\"elementor-column elementor-col-100 elementor-top-column elementor-element elementor-element-3455004\" data-id=\"3455004\" data-element_type=\"column\">\n\t\t\t<div class=\"elementor-widget-wrap elementor-element-populated\">\n\t\t\t\t\t\t<section class=\"elementor-section elementor-inner-section elementor-element elementor-element-c1452c6 elementor-section-boxed elementor-section-height-default elementor-section-height-default\" data-id=\"c1452c6\" data-element_type=\"section\">\n\t\t\t\t\t\t<div class=\"elementor-container elementor-column-gap-default\">\n\t\t\t\t\t<div class=\"elementor-column elementor-col-50 elementor-inner-column elementor-element elementor-element-a48fdae\" data-id=\"a48fdae\" data-element_type=\"column\">\n\t\t\t<div class=\"elementor-widget-wrap elementor-element-populated\">\n\t\t\t\t\t\t<div class=\"elementor-element elementor-element-0abf6b8 elementor-grid-1 elementor-grid-tablet-2 elementor-grid-mobile-1 elementor-posts--thumbnail-top elementor-posts--show-avatar elementor-card-shadow-yes elementor-posts__hover-gradient elementor-widget elementor-widget-posts\" data-id=\"0abf6b8\" data-element_type=\"widget\" data-settings=\"{&quot;cards_columns&quot;:&quot;1&quot;,&quot;cards_columns_tablet&quot;:&quot;2&quot;,&quot;cards_columns_mobile&quot;:&quot;1&quot;,&quot;cards_row_gap&quot;:{&quot;unit&quot;:&quot;px&quot;,&quot;size&quot;:35,&quot;sizes&quot;:[]},&quot;cards_row_gap_tablet&quot;:{&quot;unit&quot;:&quot;px&quot;,&quot;size&quot;:&quot;&quot;,&quot;sizes&quot;:[]},&quot;cards_row_gap_mobile&quot;:{&quot;unit&quot;:&quot;px&quot;,&quot;size&quot;:&quot;&quot;,&quot;sizes&quot;:[]}}\" data-widget_type=\"posts.cards\">\n\t\t\t\t<div class=\"elementor-widget-container\">\n\t\t\t\t\t\t\t<div class=\"elementor-posts-container elementor-posts elementor-posts--skin-cards elementor-grid\" role=\"list\">\n\t\t\t\t<article class=\"elementor-post elementor-grid-item post-536 post type-post status-publish format-standard has-post-thumbnail hentry category-nyheter category-toppnyhetfyra\" role=\"listitem\">\n\t\t\t<div class=\"elementor-post__card\">\n\t\t\t\t<a class=\"elementor-post__thumbnail__link\" href=\"https:\/\/medieproduktion.lnu.se\/radixnytt\/nyheter\/brand-i-strasbourg-linnestudenter-forlorade-sina-konton\/\" tabindex=\"-1\" ><div class=\"elementor-post__thumbnail\"><img loading=\"lazy\" decoding=\"async\" width=\"768\" height=\"576\" src=\"https:\/\/medieproduktion.lnu.se\/radixnytt\/wp-content\/uploads\/sites\/518\/2021\/03\/IMG_1167-768x576.gif\" class=\"attachment-medium_large size-medium_large wp-image-542\" alt=\"Studenten Jimmy Roth\" srcset=\"https:\/\/medieproduktion.lnu.se\/radixnytt\/wp-content\/uploads\/sites\/518\/2021\/03\/IMG_1167-768x576.gif 768w, https:\/\/medieproduktion.lnu.se\/radixnytt\/wp-content\/uploads\/sites\/518\/2021\/03\/IMG_1167-300x225.gif 300w\" sizes=\"(max-width: 768px) 100vw, 768px\" \/><\/div><\/a>\n\t\t\t\t<div class=\"elementor-post__avatar\">\n\t\t\t<img alt='Anton Engqvist' src='https:\/\/medieproduktion.lnu.se\/radixnytt\/wp-content\/uploads\/sites\/518\/2021\/03\/Anton-128x128.gif' srcset='https:\/\/medieproduktion.lnu.se\/radixnytt\/wp-content\/uploads\/sites\/518\/2021\/03\/Anton-256x256.gif 2x' class='avatar avatar-128 photo' height='128' width='128' \/>\t\t<\/div>\n\t\t\t\t<div class=\"elementor-post__text\">\n\t\t\t\t<h3 class=\"elementor-post__title\">\n\t\t\t<a href=\"https:\/\/medieproduktion.lnu.se\/radixnytt\/nyheter\/brand-i-strasbourg-linnestudenter-forlorade-sina-konton\/\" >\n\t\t\t\tBrand i Strasbourg &#8211; Linn\u00e9studenter f\u00f6rlorade sina konton\t\t\t<\/a>\n\t\t<\/h3>\n\t\t\t\t<div class=\"elementor-post__excerpt\">\n\t\t\t<p><a href=\"http:\/\/medieproduktion.lnu.se\/radixnytt\/nyheter\/brand-i-strasbourg-linnestudenter-forlorade-sina-konton\/\"> Under natten till onsdag f\u00f6rra veckan b\u00f6rjade det brinna hos ett franskt IT-f\u00f6retag i staden Strasbourg. Konsekvenserna blev stora f\u00f6r flera banker, aff\u00e4rer och nyhetssidor. \u00c4ven elever ifr\u00e5n Linn\u00e9universitetet p\u00e5verkades av branden.<\/a>\u00a0<\/p>\n\t\t<\/div>\n\t\t\t\t<\/div>\n\t\t\t\t<div class=\"elementor-post__meta-data\">\n\t\t\t\t\t<span class=\"elementor-post-author\">\n\t\t\tAnton Engqvist\t\t<\/span>\n\t\t\t\t<span class=\"elementor-post-date\">\n\t\t\t16 mars, 2021\t\t<\/span>\n\t\t\t\t<\/div>\n\t\t\t\t\t<\/div>\n\t\t<\/article>\n\t\t\t\t<\/div>\n\t\t\n\t\t\t\t\t\t<\/div>\n\t\t\t\t<\/div>\n\t\t\t\t\t<\/div>\n\t\t<\/div>\n\t\t\t\t<div class=\"elementor-column elementor-col-50 elementor-inner-column elementor-element elementor-element-e0a30ac\" data-id=\"e0a30ac\" data-element_type=\"column\">\n\t\t\t<div class=\"elementor-widget-wrap elementor-element-populated\">\n\t\t\t\t\t\t<div class=\"elementor-element elementor-element-03a5da7 elementor-grid-1 elementor-grid-tablet-2 elementor-grid-mobile-1 elementor-posts--thumbnail-top elementor-posts--show-avatar elementor-card-shadow-yes elementor-posts__hover-gradient elementor-widget elementor-widget-posts\" data-id=\"03a5da7\" data-element_type=\"widget\" data-settings=\"{&quot;cards_columns&quot;:&quot;1&quot;,&quot;cards_columns_tablet&quot;:&quot;2&quot;,&quot;cards_columns_mobile&quot;:&quot;1&quot;,&quot;cards_row_gap&quot;:{&quot;unit&quot;:&quot;px&quot;,&quot;size&quot;:35,&quot;sizes&quot;:[]},&quot;cards_row_gap_tablet&quot;:{&quot;unit&quot;:&quot;px&quot;,&quot;size&quot;:&quot;&quot;,&quot;sizes&quot;:[]},&quot;cards_row_gap_mobile&quot;:{&quot;unit&quot;:&quot;px&quot;,&quot;size&quot;:&quot;&quot;,&quot;sizes&quot;:[]}}\" data-widget_type=\"posts.cards\">\n\t\t\t\t<div class=\"elementor-widget-container\">\n\t\t\t\t\t\t\t<div class=\"elementor-posts-container elementor-posts elementor-posts--skin-cards elementor-grid\" role=\"list\">\n\t\t\t\t<article class=\"elementor-post elementor-grid-item post-750 post type-post status-publish format-standard has-post-thumbnail hentry category-nyheter category-toppnyhetfem category-webb-tv\" role=\"listitem\">\n\t\t\t<div class=\"elementor-post__card\">\n\t\t\t\t<a class=\"elementor-post__thumbnail__link\" href=\"https:\/\/medieproduktion.lnu.se\/radixnytt\/nyheter\/webb-tv-tomas-jonsson-har-oppnat-upp-restaurant-l-vid-universitetskajen\/\" tabindex=\"-1\" ><div class=\"elementor-post__thumbnail\"><img loading=\"lazy\" decoding=\"async\" width=\"699\" height=\"526\" src=\"https:\/\/medieproduktion.lnu.se\/radixnytt\/wp-content\/uploads\/sites\/518\/2021\/03\/L.gif\" class=\"attachment-medium_large size-medium_large wp-image-765\" alt=\"Utsidan av Restaurant L\" \/><\/div><\/a>\n\t\t\t\t<div class=\"elementor-post__avatar\">\n\t\t\t<img alt='Anton Engqvist' src='https:\/\/medieproduktion.lnu.se\/radixnytt\/wp-content\/uploads\/sites\/518\/2021\/03\/Anton-128x128.gif' srcset='https:\/\/medieproduktion.lnu.se\/radixnytt\/wp-content\/uploads\/sites\/518\/2021\/03\/Anton-256x256.gif 2x' class='avatar avatar-128 photo' height='128' width='128' \/>\t\t<\/div>\n\t\t\t\t<div class=\"elementor-post__text\">\n\t\t\t\t<h3 class=\"elementor-post__title\">\n\t\t\t<a href=\"https:\/\/medieproduktion.lnu.se\/radixnytt\/nyheter\/webb-tv-tomas-jonsson-har-oppnat-upp-restaurant-l-vid-universitetskajen\/\" >\n\t\t\t\tWEBB-TV: Tomas Jonsson har \u00f6ppnat upp Restaurant L vid universitetskajen\t\t\t<\/a>\n\t\t<\/h3>\n\t\t\t\t<div class=\"elementor-post__excerpt\">\n\t\t\t<p><a href=\"http:\/\/medieproduktion.lnu.se\/radixnytt\/webb-tv\/webb-tv-tomas-jonsson-har-oppnat-upp-restaurant-l-vid-universitetskajen\/\">Radixnytt m\u00f6tte upp Tomas Jonsson p\u00e5 Restaurant L f\u00f6r att prata om restaurangen, hur de arbetar f\u00f6r studenter och hur de arbetar under p\u00e5g\u00e5ende pandemi.<\/a><\/p>\n\t\t<\/div>\n\t\t\t\t<\/div>\n\t\t\t\t<div class=\"elementor-post__meta-data\">\n\t\t\t\t\t<span class=\"elementor-post-author\">\n\t\t\tAnton Engqvist\t\t<\/span>\n\t\t\t\t<span class=\"elementor-post-date\">\n\t\t\t23 mars, 2021\t\t<\/span>\n\t\t\t\t<\/div>\n\t\t\t\t\t<\/div>\n\t\t<\/article>\n\t\t\t\t<\/div>\n\t\t\n\t\t\t\t\t\t<\/div>\n\t\t\t\t<\/div>\n\t\t\t\t\t<\/div>\n\t\t<\/div>\n\t\t\t\t\t<\/div>\n\t\t<\/section>\n\t\t\t\t\t<\/div>\n\t\t<\/div>\n\t\t\t\t\t<\/div>\n\t\t<\/section>\n\t\t\t\t<section class=\"elementor-section elementor-top-section elementor-element elementor-element-e941511 elementor-section-boxed elementor-section-height-default elementor-section-height-default\" data-id=\"e941511\" data-element_type=\"section\">\n\t\t\t\t\t\t<div class=\"elementor-container elementor-column-gap-default\">\n\t\t\t\t\t<div class=\"elementor-column elementor-col-100 elementor-top-column elementor-element elementor-element-a85837f\" data-id=\"a85837f\" data-element_type=\"column\">\n\t\t\t<div class=\"elementor-widget-wrap\">\n\t\t\t\t\t\t\t<\/div>\n\t\t<\/div>\n\t\t\t\t\t<\/div>\n\t\t<\/section>\n\t\t\t\t<\/div>\n\t\t","protected":false},"excerpt":{"rendered":"","protected":false},"author":381,"featured_media":0,"parent":0,"menu_order":0,"comment_status":"closed","ping_status":"closed","template":"","meta":{"_seopress_robots_primary_cat":"","_seopress_titles_title":"","_seopress_titles_desc":"","_seopress_robots_index":"","footnotes":""},"class_list":["post-144","page","type-page","status-publish","hentry"],"_links":{"self":[{"href":"https:\/\/medieproduktion.lnu.se\/radixnytt\/wp-json\/wp\/v2\/pages\/144","targetHints":{"allow":["GET"]}}],"collection":[{"href":"https:\/\/medieproduktion.lnu.se\/radixnytt\/wp-json\/wp\/v2\/pages"}],"about":[{"href":"https:\/\/medieproduktion.lnu.se\/radixnytt\/wp-json\/wp\/v2\/types\/page"}],"author":[{"embeddable":true,"href":"https:\/\/medieproduktion.lnu.se\/radixnytt\/wp-json\/wp\/v2\/users\/381"}],"replies":[{"embeddable":true,"href":"https:\/\/medieproduktion.lnu.se\/radixnytt\/wp-json\/wp\/v2\/comments?post=144"}],"version-history":[{"count":37,"href":"https:\/\/medieproduktion.lnu.se\/radixnytt\/wp-json\/wp\/v2\/pages\/144\/revisions"}],"predecessor-version":[{"id":884,"href":"https:\/\/medieproduktion.lnu.se\/radixnytt\/wp-json\/wp\/v2\/pages\/144\/revisions\/884"}],"wp:attachment":[{"href":"https:\/\/medieproduktion.lnu.se\/radixnytt\/wp-json\/wp\/v2\/media?parent=144"}],"curies":[{"name":"wp","href":"https:\/\/api.w.org\/{rel}","templated":true}]}}