{"id":83,"date":"2021-03-17T10:10:41","date_gmt":"2021-03-17T09:10:41","guid":{"rendered":"http:\/\/medieproduktion.lnu.se\/pluppit\/?page_id=83"},"modified":"2021-03-25T14:35:32","modified_gmt":"2021-03-25T13:35:32","slug":"trendande-pluppar","status":"publish","type":"page","link":"https:\/\/medieproduktion.lnu.se\/pluppit\/trendande-pluppar\/","title":{"rendered":""},"content":{"rendered":"<h1>M\u00e5nadens top tre \u00e4r h\u00e4r!<\/h1>\n<p>Kl\u00f6verns Bageri har flest bes\u00f6kare p\u00e5 sina pluppar till f\u00f6ljt av Citygross Kalmar och \u00d6sterlens Lantg\u00e5rd!<\/p>\n<p>Kl\u00f6verns Bageri<\/p>\n<p>Ett bageri i f\u00e4rjestaden som erbjuder fika med utsikt \u00f6ver havet.<\/p>\n<p>City Kalmar<\/p>\n<p>Hos oss finner du alltid vad du s\u00f6ker, ett stort utbud av allt!<\/p>\n<p>\u00d6sterlens Lantg\u00e5rd<\/p>\n<p>Vi p\u00e5 \u00d6sterlens Lantg\u00e5rd erbjuder n\u00e4rproducerad mat fr\u00e5n v\u00e5r sj\u00e4lvf\u00f6rs\u00f6rjande g\u00e5rd!<\/p>\n<h2>Vill du och ditt f\u00f6retag synas h\u00e4r? Ladda ner appen som finns tillg\u00e4nglig i din mobil!<\/h2>\n<h3>Top tre privatpersoner som delat flest pluppar \u00e4r<\/h3>\n<h2>Lottisen<\/h2>\n<h3>Harn\u00e5gotikikaren<\/h3>\n<h4>Friskavindar<\/h4>\n<h4>Dela allt fr\u00e5n loppisar, olyckor, reor, evenemang med mera!<\/h4>\n","protected":false},"excerpt":{"rendered":"<p>M\u00e5nadens top tre \u00e4r h\u00e4r! Kl\u00f6verns Bageri har flest bes\u00f6kare p\u00e5 sina pluppar till f\u00f6ljt av Citygross Kalmar och \u00d6sterlens Lantg\u00e5rd! Kl\u00f6verns Bageri Ett bageri i f\u00e4rjestaden som erbjuder fika med utsikt \u00f6ver havet. City Kalmar Hos oss finner du alltid vad du s\u00f6ker, ett stort utbud av allt! \u00d6sterlens Lantg\u00e5rd Vi p\u00e5 \u00d6sterlens Lantg\u00e5rd &#8230; <a title=\"\" class=\"read-more\" href=\"https:\/\/medieproduktion.lnu.se\/pluppit\/trendande-pluppar\/\" aria-label=\"L\u00e4s mer om \">L\u00e4s mer<\/a><\/p>\n","protected":false},"author":211,"featured_media":0,"parent":0,"menu_order":0,"comment_status":"closed","ping_status":"closed","template":"","meta":{"_seopress_robots_primary_cat":"","_seopress_titles_title":"Vill du synas p\u00e5 trending listan? | Pluppit","_seopress_titles_desc":"Varje m\u00e5nad uppdaterar vi trendande pluppar listan utifr\u00e5n vilka som f\u00e5tt flest bes\u00f6kare. Var med och \u00f6ka din chans att synas h\u00e4r n\u00e4sta m\u00e5nad!","_seopress_robots_index":"","footnotes":""},"class_list":["post-83","page","type-page","status-publish"],"_links":{"self":[{"href":"https:\/\/medieproduktion.lnu.se\/pluppit\/wp-json\/wp\/v2\/pages\/83","targetHints":{"allow":["GET"]}}],"collection":[{"href":"https:\/\/medieproduktion.lnu.se\/pluppit\/wp-json\/wp\/v2\/pages"}],"about":[{"href":"https:\/\/medieproduktion.lnu.se\/pluppit\/wp-json\/wp\/v2\/types\/page"}],"author":[{"embeddable":true,"href":"https:\/\/medieproduktion.lnu.se\/pluppit\/wp-json\/wp\/v2\/users\/211"}],"replies":[{"embeddable":true,"href":"https:\/\/medieproduktion.lnu.se\/pluppit\/wp-json\/wp\/v2\/comments?post=83"}],"version-history":[{"count":40,"href":"https:\/\/medieproduktion.lnu.se\/pluppit\/wp-json\/wp\/v2\/pages\/83\/revisions"}],"predecessor-version":[{"id":404,"href":"https:\/\/medieproduktion.lnu.se\/pluppit\/wp-json\/wp\/v2\/pages\/83\/revisions\/404"}],"wp:attachment":[{"href":"https:\/\/medieproduktion.lnu.se\/pluppit\/wp-json\/wp\/v2\/media?parent=83"}],"curies":[{"name":"wp","href":"https:\/\/api.w.org\/{rel}","templated":true}]}}