{"id":275,"date":"2021-03-23T13:45:14","date_gmt":"2021-03-23T12:45:14","guid":{"rendered":"http:\/\/medieproduktion.lnu.se\/pluppit\/?page_id=275"},"modified":"2021-03-24T09:37:10","modified_gmt":"2021-03-24T08:37:10","slug":"vem-har-nytta-av-pluppit","status":"publish","type":"page","link":"https:\/\/medieproduktion.lnu.se\/pluppit\/vem-har-nytta-av-pluppit\/","title":{"rendered":""},"content":{"rendered":"<h1>Vem har nytta av Pluppit?<\/h1>\n<ul>\n<li>Nystartade f\u00f6retag som vill marknadsf\u00f6ra sina produkter genom Pluppit.<\/li>\n<li>Om ni \u00e4r ett s\u00e4llskap som ska \u00e5ka iv\u00e4g och p\u00e5 v\u00e4gen vill hitta ett st\u00e4lle att stanna till p\u00e5.<\/li>\n<li>Caf\u00e9\u00e4garen som vill rea ut dagens lunch f\u00f6r att minska p\u00e5 matsvinn.<\/li>\n<li>F\u00f6reningen som vill upplysa om kommande event om en match som ska spelas.<\/li>\n<li>Privatpersoner som aktivt vill dela med sig av sev\u00e4rdheter, olyckor och andra h\u00e4ndelser.<\/li>\n<\/ul>\n<h2>S\u00e5 Pluppit \u00e4r f\u00f6r alla? Ja det kan man s\u00e4ga!<\/h2>\n<p>\t\t\t\t\t\t\t\t\t\t<img loading=\"lazy\" decoding=\"async\" width=\"1024\" height=\"512\" src=\"http:\/\/medieproduktion.lnu.se\/pluppit\/wp-content\/uploads\/sites\/486\/2021\/03\/44562479204_ed0462d3cd_o-e1615971646655-1024x512.jpg\" alt=\"Han kollar hur det ser ut p\u00e5 marknaden i Pluppit appen\" \/>\t\t\t\t\t\t\t\t\t\t\t<\/p>\n<h3><a href=\"http:\/\/medieproduktion.lnu.se\/pluppit\/hur-fungerar-pluppit\/\">F\u00f6r att l\u00e4sa mer om hur Pluppit fungerar, klicka h\u00e4r.<\/a><\/h3>\n","protected":false},"excerpt":{"rendered":"<p>Vem har nytta av Pluppit? Nystartade f\u00f6retag som vill marknadsf\u00f6ra sina produkter genom Pluppit. Om ni \u00e4r ett s\u00e4llskap som ska \u00e5ka iv\u00e4g och p\u00e5 v\u00e4gen vill hitta ett st\u00e4lle att stanna till p\u00e5. Caf\u00e9\u00e4garen som vill rea ut dagens lunch f\u00f6r att minska p\u00e5 matsvinn. F\u00f6reningen som vill upplysa om kommande event om en &#8230; <a title=\"\" class=\"read-more\" href=\"https:\/\/medieproduktion.lnu.se\/pluppit\/vem-har-nytta-av-pluppit\/\" aria-label=\"L\u00e4s mer om \">L\u00e4s mer<\/a><\/p>\n","protected":false},"author":211,"featured_media":0,"parent":0,"menu_order":0,"comment_status":"closed","ping_status":"closed","template":"","meta":{"_seopress_robots_primary_cat":"","_seopress_titles_title":"Vad f\u00e5r du ut av att anv\u00e4nda Pluppit? | Pluppit","_seopress_titles_desc":"H\u00e4r kan du l\u00e4sa om vad Pluppit erbjuder f\u00f6r din produkt. Du avg\u00f6r sj\u00e4lv hur m\u00e5nga du vill n\u00e5 ut till och vad du vill s\u00e4tta f\u00f6r gr\u00e4ns.","_seopress_robots_index":"","footnotes":""},"class_list":["post-275","page","type-page","status-publish"],"_links":{"self":[{"href":"https:\/\/medieproduktion.lnu.se\/pluppit\/wp-json\/wp\/v2\/pages\/275","targetHints":{"allow":["GET"]}}],"collection":[{"href":"https:\/\/medieproduktion.lnu.se\/pluppit\/wp-json\/wp\/v2\/pages"}],"about":[{"href":"https:\/\/medieproduktion.lnu.se\/pluppit\/wp-json\/wp\/v2\/types\/page"}],"author":[{"embeddable":true,"href":"https:\/\/medieproduktion.lnu.se\/pluppit\/wp-json\/wp\/v2\/users\/211"}],"replies":[{"embeddable":true,"href":"https:\/\/medieproduktion.lnu.se\/pluppit\/wp-json\/wp\/v2\/comments?post=275"}],"version-history":[{"count":16,"href":"https:\/\/medieproduktion.lnu.se\/pluppit\/wp-json\/wp\/v2\/pages\/275\/revisions"}],"predecessor-version":[{"id":371,"href":"https:\/\/medieproduktion.lnu.se\/pluppit\/wp-json\/wp\/v2\/pages\/275\/revisions\/371"}],"wp:attachment":[{"href":"https:\/\/medieproduktion.lnu.se\/pluppit\/wp-json\/wp\/v2\/media?parent=275"}],"curies":[{"name":"wp","href":"https:\/\/api.w.org\/{rel}","templated":true}]}}