{"id":380,"date":"2021-09-16T12:25:19","date_gmt":"2021-09-16T10:25:19","guid":{"rendered":"http:\/\/medieproduktion.lnu.se\/radixonline\/?page_id=380"},"modified":"2021-09-16T14:12:55","modified_gmt":"2021-09-16T12:12:55","slug":"redaktionen-2","status":"publish","type":"page","link":"https:\/\/medieproduktion.lnu.se\/mediehusa-21\/redaktionen-2\/","title":{"rendered":"Redaktionen"},"content":{"rendered":"\t\t<div data-elementor-type=\"wp-page\" data-elementor-id=\"380\" class=\"elementor elementor-380\" data-elementor-post-type=\"page\">\n\t\t\t\t\t\t<section class=\"elementor-section elementor-top-section elementor-element elementor-element-f8ece71 elementor-section-boxed elementor-section-height-default elementor-section-height-default\" data-id=\"f8ece71\" data-element_type=\"section\">\n\t\t\t\t\t\t<div class=\"elementor-container elementor-column-gap-default\">\n\t\t\t\t\t<div class=\"elementor-column elementor-col-100 elementor-top-column elementor-element elementor-element-db1484a\" data-id=\"db1484a\" data-element_type=\"column\">\n\t\t\t<div class=\"elementor-widget-wrap elementor-element-populated\">\n\t\t\t\t\t\t<div class=\"elementor-element elementor-element-18d49b2 elementor-widget elementor-widget-heading\" data-id=\"18d49b2\" data-element_type=\"widget\" data-widget_type=\"heading.default\">\n\t\t\t\t<div class=\"elementor-widget-container\">\n\t\t\t\t\t<h2 class=\"elementor-heading-title elementor-size-default\">Redaktionen<\/h2>\t\t\t\t<\/div>\n\t\t\t\t<\/div>\n\t\t\t\t<div class=\"elementor-element elementor-element-0baffec elementor-widget elementor-widget-text-editor\" data-id=\"0baffec\" data-element_type=\"widget\" data-widget_type=\"text-editor.default\">\n\t\t\t\t<div class=\"elementor-widget-container\">\n\t\t\t\t\t\t\t\t\t<p><a href=\"http:\/\/medieproduktion.lnu.se\/radixonline\/webbredaktionen\/\">WEBB<\/a>\u00a0<a href=\"http:\/\/medieproduktion.lnu.se\/radixonline\/radiored\/\">RADIO<\/a>\u00a0<a href=\"http:\/\/medieproduktion.lnu.se\/radixonline\/tevered\/\">TEVE<\/a><\/p>\t\t\t\t\t\t\t\t<\/div>\n\t\t\t\t<\/div>\n\t\t\t\t<div class=\"elementor-element elementor-element-9cb489a elementor-widget elementor-widget-text-editor\" data-id=\"9cb489a\" data-element_type=\"widget\" data-widget_type=\"text-editor.default\">\n\t\t\t\t<div class=\"elementor-widget-container\">\n\t\t\t\t\t\t\t\t\t<p>Vi \u00e4r en webbtidning skapad av studenter p\u00e5 Journalistik- och medieproduktionsprogramet p\u00e5 Linneuniversitetet. H\u00e4r kan ni f\u00f6lja nyhetsuppdatering genom b\u00e5de text, ljud och video. Vi bevakar det som sker i Kalmar med omnejd och riktar oss till b\u00e5de unga och gamla. Just nu har vi temat klimat d\u00e4r vi fokuserar p\u00e5 b\u00e5de stora och sm\u00e5 klimatfr\u00e5gor.\u00a0<\/p><p>Tipsa g\u00e4rna oss p\u00e5: <a href=\"mailto:radix.online2021@gmail.com\">radix.online2021@gmail.com<\/a><\/p>\t\t\t\t\t\t\t\t<\/div>\n\t\t\t\t<\/div>\n\t\t\t\t<div class=\"elementor-element elementor-element-4dcef8c elementor-widget elementor-widget-text-editor\" data-id=\"4dcef8c\" data-element_type=\"widget\" data-widget_type=\"text-editor.default\">\n\t\t\t\t<div class=\"elementor-widget-container\">\n\t\t\t\t\t\t\t\t\t<p>Ansvarig utgivare : J\u00f6rgen Axelsson<\/p>\t\t\t\t\t\t\t\t<\/div>\n\t\t\t\t<\/div>\n\t\t\t\t\t<\/div>\n\t\t<\/div>\n\t\t\t\t\t<\/div>\n\t\t<\/section>\n\t\t\t\t<section class=\"elementor-section elementor-top-section elementor-element elementor-element-a462665 elementor-section-boxed elementor-section-height-default elementor-section-height-default\" data-id=\"a462665\" data-element_type=\"section\">\n\t\t\t\t\t\t<div class=\"elementor-container elementor-column-gap-default\">\n\t\t\t\t\t<div class=\"elementor-column elementor-col-100 elementor-top-column elementor-element elementor-element-eac0744\" data-id=\"eac0744\" data-element_type=\"column\">\n\t\t\t<div class=\"elementor-widget-wrap elementor-element-populated\">\n\t\t\t\t\t\t<div class=\"elementor-element elementor-element-4907173 elementor-widget elementor-widget-template\" data-id=\"4907173\" data-element_type=\"widget\" data-widget_type=\"template.default\">\n\t\t\t\t<div class=\"elementor-widget-container\">\n\t\t\t\t\t\t\t<div class=\"elementor-template\">\n\t\t\t\t\t<div data-elementor-type=\"page\" data-elementor-id=\"254\" class=\"elementor elementor-254\" data-elementor-post-type=\"elementor_library\">\n\t\t\t\t\t\t<section class=\"elementor-section elementor-top-section elementor-element elementor-element-b5b1f70 elementor-section-boxed elementor-section-height-default elementor-section-height-default\" data-id=\"b5b1f70\" data-element_type=\"section\">\n\t\t\t\t\t\t<div class=\"elementor-container elementor-column-gap-default\">\n\t\t\t\t\t<div class=\"elementor-column elementor-col-100 elementor-top-column elementor-element elementor-element-6928dfd\" data-id=\"6928dfd\" data-element_type=\"column\">\n\t\t\t<div class=\"elementor-widget-wrap elementor-element-populated\">\n\t\t\t\t\t\t<div class=\"elementor-element elementor-element-202d399 elementor-widget-divider--view-line elementor-widget elementor-widget-divider\" data-id=\"202d399\" data-element_type=\"widget\" data-widget_type=\"divider.default\">\n\t\t\t\t<div class=\"elementor-widget-container\">\n\t\t\t\t\t\t\t<div class=\"elementor-divider\">\n\t\t\t<span class=\"elementor-divider-separator\">\n\t\t\t\t\t\t<\/span>\n\t\t<\/div>\n\t\t\t\t\t\t<\/div>\n\t\t\t\t<\/div>\n\t\t\t\t<section class=\"elementor-section elementor-inner-section elementor-element elementor-element-3504a13 elementor-section-boxed elementor-section-height-default elementor-section-height-default\" data-id=\"3504a13\" data-element_type=\"section\">\n\t\t\t\t\t\t<div class=\"elementor-container elementor-column-gap-default\">\n\t\t\t\t\t<div class=\"elementor-column elementor-col-33 elementor-inner-column elementor-element elementor-element-4b7af9f\" data-id=\"4b7af9f\" data-element_type=\"column\">\n\t\t\t<div class=\"elementor-widget-wrap elementor-element-populated\">\n\t\t\t\t\t\t<div class=\"elementor-element elementor-element-162fe65 elementor-widget elementor-widget-heading\" data-id=\"162fe65\" data-element_type=\"widget\" data-widget_type=\"heading.default\">\n\t\t\t\t<div class=\"elementor-widget-container\">\n\t\t\t\t\t<h2 class=\"elementor-heading-title elementor-size-default\">Ansvarig utgivare: <\/h2>\t\t\t\t<\/div>\n\t\t\t\t<\/div>\n\t\t\t\t<div class=\"elementor-element elementor-element-f17db74 elementor-widget elementor-widget-heading\" data-id=\"f17db74\" data-element_type=\"widget\" data-widget_type=\"heading.default\">\n\t\t\t\t<div class=\"elementor-widget-container\">\n\t\t\t\t\t<h2 class=\"elementor-heading-title elementor-size-default\">J\u00f6rgen Axelsson<\/h2>\t\t\t\t<\/div>\n\t\t\t\t<\/div>\n\t\t\t\t<div class=\"elementor-element elementor-element-1cda27a elementor-widget elementor-widget-heading\" data-id=\"1cda27a\" data-element_type=\"widget\" data-widget_type=\"heading.default\">\n\t\t\t\t<div class=\"elementor-widget-container\">\n\t\t\t\t\t<h2 class=\"elementor-heading-title elementor-size-default\">Mail:<\/h2>\t\t\t\t<\/div>\n\t\t\t\t<\/div>\n\t\t\t\t<div class=\"elementor-element elementor-element-a3633d8 elementor-widget elementor-widget-heading\" data-id=\"a3633d8\" data-element_type=\"widget\" data-widget_type=\"heading.default\">\n\t\t\t\t<div class=\"elementor-widget-container\">\n\t\t\t\t\t<h2 class=\"elementor-heading-title elementor-size-default\"><a href=\"mailto:radix.online2021@gmail.com\" target=\"_blank\">radix.online2021@gmail.com<\/a><\/h2>\t\t\t\t<\/div>\n\t\t\t\t<\/div>\n\t\t\t\t\t<\/div>\n\t\t<\/div>\n\t\t\t\t<div class=\"elementor-column elementor-col-33 elementor-inner-column elementor-element elementor-element-fcbda29\" data-id=\"fcbda29\" data-element_type=\"column\">\n\t\t\t<div class=\"elementor-widget-wrap elementor-element-populated\">\n\t\t\t\t\t\t<div class=\"elementor-element elementor-element-6690d4f elementor-widget elementor-widget-image\" data-id=\"6690d4f\" data-element_type=\"widget\" data-widget_type=\"image.default\">\n\t\t\t\t<div class=\"elementor-widget-container\">\n\t\t\t\t\t\t\t\t\t\t\t\t\t\t\t<img fetchpriority=\"high\" decoding=\"async\" width=\"320\" height=\"320\" src=\"https:\/\/medieproduktion.lnu.se\/mediehusa-21\/wp-content\/uploads\/sites\/626\/2021\/09\/RO-Soc.png\" class=\"attachment-large size-large wp-image-328\" alt=\"\" srcset=\"https:\/\/medieproduktion.lnu.se\/mediehusa-21\/wp-content\/uploads\/sites\/626\/2021\/09\/RO-Soc.png 320w, https:\/\/medieproduktion.lnu.se\/mediehusa-21\/wp-content\/uploads\/sites\/626\/2021\/09\/RO-Soc-300x300.png 300w, https:\/\/medieproduktion.lnu.se\/mediehusa-21\/wp-content\/uploads\/sites\/626\/2021\/09\/RO-Soc-150x150.png 150w\" sizes=\"(max-width: 320px) 100vw, 320px\" \/>\t\t\t\t\t\t\t\t\t\t\t\t\t\t\t<\/div>\n\t\t\t\t<\/div>\n\t\t\t\t\t<\/div>\n\t\t<\/div>\n\t\t\t\t<div class=\"elementor-column elementor-col-33 elementor-inner-column elementor-element elementor-element-afee825\" data-id=\"afee825\" data-element_type=\"column\">\n\t\t\t<div class=\"elementor-widget-wrap elementor-element-populated\">\n\t\t\t\t\t\t<div class=\"elementor-element elementor-element-bc8c7ce elementor-widget elementor-widget-heading\" data-id=\"bc8c7ce\" data-element_type=\"widget\" data-widget_type=\"heading.default\">\n\t\t\t\t<div class=\"elementor-widget-container\">\n\t\t\t\t\t<h2 class=\"elementor-heading-title elementor-size-default\">Adress:\n<\/h2>\t\t\t\t<\/div>\n\t\t\t\t<\/div>\n\t\t\t\t<div class=\"elementor-element elementor-element-1fc551d elementor-widget elementor-widget-heading\" data-id=\"1fc551d\" data-element_type=\"widget\" data-widget_type=\"heading.default\">\n\t\t\t\t<div class=\"elementor-widget-container\">\n\t\t\t\t\t<h2 class=\"elementor-heading-title elementor-size-default\">Universitetskajen 1, 392 31 Kalmar<\/h2>\t\t\t\t<\/div>\n\t\t\t\t<\/div>\n\t\t\t\t<div class=\"elementor-element elementor-element-3919215 e-grid-align-left elementor-shape-rounded elementor-grid-0 elementor-widget elementor-widget-social-icons\" data-id=\"3919215\" data-element_type=\"widget\" data-widget_type=\"social-icons.default\">\n\t\t\t\t<div class=\"elementor-widget-container\">\n\t\t\t\t\t\t\t<div class=\"elementor-social-icons-wrapper elementor-grid\" role=\"list\">\n\t\t\t\t\t\t\t<span class=\"elementor-grid-item\" role=\"listitem\">\n\t\t\t\t\t<a class=\"elementor-icon elementor-social-icon elementor-social-icon-twitter elementor-repeater-item-24d9f3e\" href=\"https:\/\/twitter.com\/RadixOnlineJOM\" target=\"_blank\">\n\t\t\t\t\t\t<span class=\"elementor-screen-only\">Twitter<\/span>\n\t\t\t\t\t\t<i class=\"fab fa-twitter\"><\/i>\t\t\t\t\t<\/a>\n\t\t\t\t<\/span>\n\t\t\t\t\t\t\t<span class=\"elementor-grid-item\" role=\"listitem\">\n\t\t\t\t\t<a class=\"elementor-icon elementor-social-icon elementor-social-icon-instagram elementor-repeater-item-381d46b\" href=\"https:\/\/www.instagram.com\/Radix.online2021\/\" target=\"_blank\">\n\t\t\t\t\t\t<span class=\"elementor-screen-only\">Instagram<\/span>\n\t\t\t\t\t\t<i class=\"fab fa-instagram\"><\/i>\t\t\t\t\t<\/a>\n\t\t\t\t<\/span>\n\t\t\t\t\t<\/div>\n\t\t\t\t\t\t<\/div>\n\t\t\t\t<\/div>\n\t\t\t\t\t<\/div>\n\t\t<\/div>\n\t\t\t\t\t<\/div>\n\t\t<\/section>\n\t\t\t\t<div class=\"elementor-element elementor-element-4c5e853 elementor-widget-divider--view-line elementor-widget elementor-widget-divider\" data-id=\"4c5e853\" data-element_type=\"widget\" data-widget_type=\"divider.default\">\n\t\t\t\t<div class=\"elementor-widget-container\">\n\t\t\t\t\t\t\t<div class=\"elementor-divider\">\n\t\t\t<span class=\"elementor-divider-separator\">\n\t\t\t\t\t\t<\/span>\n\t\t<\/div>\n\t\t\t\t\t\t<\/div>\n\t\t\t\t<\/div>\n\t\t\t\t\t<\/div>\n\t\t<\/div>\n\t\t\t\t\t<\/div>\n\t\t<\/section>\n\t\t\t\t<\/div>\n\t\t\t\t<\/div>\n\t\t\t\t\t\t<\/div>\n\t\t\t\t<\/div>\n\t\t\t\t\t<\/div>\n\t\t<\/div>\n\t\t\t\t\t<\/div>\n\t\t<\/section>\n\t\t\t\t<\/div>\n\t\t","protected":false},"excerpt":{"rendered":"<p>Redaktionen WEBB\u00a0RADIO\u00a0TEVE Vi \u00e4r en webbtidning skapad av studenter p\u00e5 Journalistik- och medieproduktionsprogramet p\u00e5 Linneuniversitetet. H\u00e4r kan ni f\u00f6lja nyhetsuppdatering genom b\u00e5de text, ljud och video. Vi bevakar det som sker i Kalmar med omnejd och riktar oss till b\u00e5de unga och gamla. Just nu har vi temat klimat d\u00e4r vi fokuserar p\u00e5 b\u00e5de stora &#8230; <a title=\"Redaktionen\" class=\"read-more\" href=\"https:\/\/medieproduktion.lnu.se\/mediehusa-21\/redaktionen-2\/\" aria-label=\"L\u00e4s mer om Redaktionen\">L\u00e4s mer<\/a><\/p>\n","protected":false},"author":471,"featured_media":0,"parent":0,"menu_order":0,"comment_status":"closed","ping_status":"closed","template":"","meta":{"_monsterinsights_skip_tracking":false,"_monsterinsights_sitenote_active":false,"_monsterinsights_sitenote_note":"","_monsterinsights_sitenote_category":0,"footnotes":""},"class_list":["post-380","page","type-page","status-publish"],"_links":{"self":[{"href":"https:\/\/medieproduktion.lnu.se\/mediehusa-21\/wp-json\/wp\/v2\/pages\/380","targetHints":{"allow":["GET"]}}],"collection":[{"href":"https:\/\/medieproduktion.lnu.se\/mediehusa-21\/wp-json\/wp\/v2\/pages"}],"about":[{"href":"https:\/\/medieproduktion.lnu.se\/mediehusa-21\/wp-json\/wp\/v2\/types\/page"}],"author":[{"embeddable":true,"href":"https:\/\/medieproduktion.lnu.se\/mediehusa-21\/wp-json\/wp\/v2\/users\/471"}],"replies":[{"embeddable":true,"href":"https:\/\/medieproduktion.lnu.se\/mediehusa-21\/wp-json\/wp\/v2\/comments?post=380"}],"version-history":[{"count":41,"href":"https:\/\/medieproduktion.lnu.se\/mediehusa-21\/wp-json\/wp\/v2\/pages\/380\/revisions"}],"predecessor-version":[{"id":693,"href":"https:\/\/medieproduktion.lnu.se\/mediehusa-21\/wp-json\/wp\/v2\/pages\/380\/revisions\/693"}],"wp:attachment":[{"href":"https:\/\/medieproduktion.lnu.se\/mediehusa-21\/wp-json\/wp\/v2\/media?parent=380"}],"curies":[{"name":"wp","href":"https:\/\/api.w.org\/{rel}","templated":true}]}}