{"id":10,"date":"2019-03-08T14:10:14","date_gmt":"2019-03-08T13:10:14","guid":{"rendered":"http:\/\/medieproduktion.lnu.se\/kalmarnova\/?page_id=10"},"modified":"2019-03-27T15:20:13","modified_gmt":"2019-03-27T14:20:13","slug":"startsida","status":"publish","type":"page","link":"https:\/\/medieproduktion.lnu.se\/kalmarnova\/","title":{"rendered":""},"content":{"rendered":"\t\t<div data-elementor-type=\"wp-post\" data-elementor-id=\"10\" class=\"elementor elementor-10 elementor-bc-flex-widget\" data-elementor-post-type=\"page\">\n\t\t\t\t\t\t<section class=\"elementor-section elementor-top-section elementor-element elementor-element-7615cde elementor-section-boxed elementor-section-height-default elementor-section-height-default\" data-id=\"7615cde\" data-element_type=\"section\">\n\t\t\t\t\t\t<div class=\"elementor-container elementor-column-gap-default\">\n\t\t\t\t\t<div class=\"elementor-column elementor-col-100 elementor-top-column elementor-element elementor-element-21dcb06\" data-id=\"21dcb06\" data-element_type=\"column\">\n\t\t\t<div class=\"elementor-widget-wrap elementor-element-populated\">\n\t\t\t\t\t\t<div class=\"elementor-element elementor-element-9ca1469 elementor-grid-1 elementor-grid-tablet-1 elementor-grid-mobile-1 elementor-posts--thumbnail-top elementor-widget elementor-widget-posts\" data-id=\"9ca1469\" data-element_type=\"widget\" data-settings=\"{&quot;classic_columns&quot;:&quot;1&quot;,&quot;classic_row_gap&quot;:{&quot;unit&quot;:&quot;px&quot;,&quot;size&quot;:33,&quot;sizes&quot;:[]},&quot;classic_columns_tablet&quot;:&quot;1&quot;,&quot;classic_columns_mobile&quot;:&quot;1&quot;,&quot;classic_row_gap_tablet&quot;:{&quot;unit&quot;:&quot;px&quot;,&quot;size&quot;:&quot;&quot;,&quot;sizes&quot;:[]},&quot;classic_row_gap_mobile&quot;:{&quot;unit&quot;:&quot;px&quot;,&quot;size&quot;:&quot;&quot;,&quot;sizes&quot;:[]}}\" data-widget_type=\"posts.classic\">\n\t\t\t\t<div class=\"elementor-widget-container\">\n\t\t\t\t\t\t\t<div class=\"elementor-posts-container elementor-posts elementor-posts--skin-classic elementor-grid\" role=\"list\">\n\t\t\t\t<article class=\"elementor-post elementor-grid-item post-1136 post type-post status-publish format-standard has-post-thumbnail hentry category-blaljus\" role=\"listitem\">\n\t\t\t\t<a class=\"elementor-post__thumbnail__link\" href=\"https:\/\/medieproduktion.lnu.se\/kalmarnova\/2019\/03\/27\/19-arig-doms-till-fangelse-for-valdtakt-mot-barn\/\" tabindex=\"-1\" >\n\t\t\t<div class=\"elementor-post__thumbnail\"><img fetchpriority=\"high\" decoding=\"async\" width=\"300\" height=\"198\" src=\"https:\/\/medieproduktion.lnu.se\/kalmarnova\/wp-content\/uploads\/sites\/86\/2019\/03\/lagbok_pressbild-1-300x198.png\" class=\"attachment-medium size-medium wp-image-1137\" alt=\"Bild p\u00e5 en lagbok.\" srcset=\"https:\/\/medieproduktion.lnu.se\/kalmarnova\/wp-content\/uploads\/sites\/86\/2019\/03\/lagbok_pressbild-1-300x198.png 300w, https:\/\/medieproduktion.lnu.se\/kalmarnova\/wp-content\/uploads\/sites\/86\/2019\/03\/lagbok_pressbild-1-768x508.png 768w, https:\/\/medieproduktion.lnu.se\/kalmarnova\/wp-content\/uploads\/sites\/86\/2019\/03\/lagbok_pressbild-1-1024x677.png 1024w\" sizes=\"(max-width: 300px) 100vw, 300px\" \/><\/div>\n\t\t<\/a>\n\t\t\t\t<div class=\"elementor-post__text\">\n\t\t\t\t<h1 class=\"elementor-post__title\">\n\t\t\t<a href=\"https:\/\/medieproduktion.lnu.se\/kalmarnova\/2019\/03\/27\/19-arig-doms-till-fangelse-for-valdtakt-mot-barn\/\" >\n\t\t\t\t19-\u00e5ring v\u00e5ldtog barn p\u00e5 toalett \u2013 nu d\u00f6ms han\t\t\t<\/a>\n\t\t<\/h1>\n\t\t\t\t<div class=\"elementor-post__excerpt\">\n\t\t\t<p>P\u00e5f\u00f6ljden blir f\u00e4ngelse f\u00f6r mannen som lj\u00f6g om sin \u00e5lder och tvingade en ung tjej till sexuella handlingar. <\/p>\n\t\t<\/div>\n\t\t\t\t<\/div>\n\t\t\t\t<\/article>\n\t\t\t\t<\/div>\n\t\t\n\t\t\t\t\t\t<\/div>\n\t\t\t\t<\/div>\n\t\t\t\t<div class=\"elementor-element elementor-element-ce99af6 elementor-widget-divider--view-line elementor-widget elementor-widget-divider\" data-id=\"ce99af6\" data-element_type=\"widget\" data-widget_type=\"divider.default\">\n\t\t\t\t<div class=\"elementor-widget-container\">\n\t\t\t\t\t\t\t<div class=\"elementor-divider\">\n\t\t\t<span class=\"elementor-divider-separator\">\n\t\t\t\t\t\t<\/span>\n\t\t<\/div>\n\t\t\t\t\t\t<\/div>\n\t\t\t\t<\/div>\n\t\t\t\t\t<\/div>\n\t\t<\/div>\n\t\t\t\t\t<\/div>\n\t\t<\/section>\n\t\t\t\t<section class=\"elementor-section elementor-top-section elementor-element elementor-element-6b6b954 elementor-section-boxed elementor-section-height-default elementor-section-height-default\" data-id=\"6b6b954\" data-element_type=\"section\">\n\t\t\t\t\t\t<div class=\"elementor-container elementor-column-gap-default\">\n\t\t\t\t\t<div class=\"elementor-column elementor-col-100 elementor-top-column elementor-element elementor-element-b43d5bf\" data-id=\"b43d5bf\" data-element_type=\"column\">\n\t\t\t<div class=\"elementor-widget-wrap elementor-element-populated\">\n\t\t\t\t\t\t<div class=\"elementor-element elementor-element-6079331 elementor-grid-2 elementor-grid-tablet-2 elementor-grid-mobile-1 elementor-posts--thumbnail-top elementor-widget elementor-widget-posts\" data-id=\"6079331\" data-element_type=\"widget\" data-settings=\"{&quot;classic_columns&quot;:&quot;2&quot;,&quot;classic_row_gap&quot;:{&quot;unit&quot;:&quot;px&quot;,&quot;size&quot;:25,&quot;sizes&quot;:[]},&quot;classic_columns_tablet&quot;:&quot;2&quot;,&quot;classic_columns_mobile&quot;:&quot;1&quot;,&quot;classic_row_gap_tablet&quot;:{&quot;unit&quot;:&quot;px&quot;,&quot;size&quot;:&quot;&quot;,&quot;sizes&quot;:[]},&quot;classic_row_gap_mobile&quot;:{&quot;unit&quot;:&quot;px&quot;,&quot;size&quot;:&quot;&quot;,&quot;sizes&quot;:[]}}\" data-widget_type=\"posts.classic\">\n\t\t\t\t<div class=\"elementor-widget-container\">\n\t\t\t\t\t\t\t<div class=\"elementor-posts-container elementor-posts elementor-posts--skin-classic elementor-grid\" role=\"list\">\n\t\t\t\t<article class=\"elementor-post elementor-grid-item post-942 post type-post status-publish format-standard has-post-thumbnail hentry category-kultur\" role=\"listitem\">\n\t\t\t\t<a class=\"elementor-post__thumbnail__link\" href=\"https:\/\/medieproduktion.lnu.se\/kalmarnova\/2019\/03\/21\/paryds-glittrigaste-profil-intar-i-morgon-lets-dance\/\" tabindex=\"-1\" >\n\t\t\t<div class=\"elementor-post__thumbnail\"><img decoding=\"async\" width=\"300\" height=\"225\" src=\"https:\/\/medieproduktion.lnu.se\/kalmarnova\/wp-content\/uploads\/sites\/86\/2019\/03\/54389057_307845609887826_605006578126422016_n-300x225.jpg\" class=\"attachment-medium size-medium wp-image-943\" alt=\"Fab Freddie och Maria Zimmerstam i en pressbild inf\u00f6r Let&#039;s Dance\" srcset=\"https:\/\/medieproduktion.lnu.se\/kalmarnova\/wp-content\/uploads\/sites\/86\/2019\/03\/54389057_307845609887826_605006578126422016_n-300x225.jpg 300w, https:\/\/medieproduktion.lnu.se\/kalmarnova\/wp-content\/uploads\/sites\/86\/2019\/03\/54389057_307845609887826_605006578126422016_n-768x576.jpg 768w, https:\/\/medieproduktion.lnu.se\/kalmarnova\/wp-content\/uploads\/sites\/86\/2019\/03\/54389057_307845609887826_605006578126422016_n-1024x768.jpg 1024w\" sizes=\"(max-width: 300px) 100vw, 300px\" \/><\/div>\n\t\t<\/a>\n\t\t\t\t<div class=\"elementor-post__text\">\n\t\t\t\t<h3 class=\"elementor-post__title\">\n\t\t\t<a href=\"https:\/\/medieproduktion.lnu.se\/kalmarnova\/2019\/03\/21\/paryds-glittrigaste-profil-intar-i-morgon-lets-dance\/\" >\n\t\t\t\tP\u00e5ryds glittrigaste profil intar Let\u2019s Dance\t\t\t<\/a>\n\t\t<\/h3>\n\t\t\t\t<div class=\"elementor-post__excerpt\">\n\t\t\t<p>Under fredagskv\u00e4llen entrar han dansgolvet i det popul\u00e4ra tv-programmet. <\/p>\n\t\t<\/div>\n\t\t\t\t<\/div>\n\t\t\t\t<\/article>\n\t\t\t\t<article class=\"elementor-post elementor-grid-item post-909 post type-post status-publish format-standard has-post-thumbnail hentry category-debatt\" role=\"listitem\">\n\t\t\t\t<a class=\"elementor-post__thumbnail__link\" href=\"https:\/\/medieproduktion.lnu.se\/kalmarnova\/2019\/03\/21\/rockar-du-sockorna-med-god-moral\/\" tabindex=\"-1\" >\n\t\t\t<div class=\"elementor-post__thumbnail\"><img decoding=\"async\" width=\"300\" height=\"186\" src=\"https:\/\/medieproduktion.lnu.se\/kalmarnova\/wp-content\/uploads\/sites\/86\/2019\/03\/idaskronika-300x186.jpg\" class=\"attachment-medium size-medium wp-image-910\" alt=\"Bild p\u00e5 f\u00e4rgglada strumpor och kr\u00f6nik\u00f6ren Ida Andersson.\" srcset=\"https:\/\/medieproduktion.lnu.se\/kalmarnova\/wp-content\/uploads\/sites\/86\/2019\/03\/idaskronika-300x186.jpg 300w, https:\/\/medieproduktion.lnu.se\/kalmarnova\/wp-content\/uploads\/sites\/86\/2019\/03\/idaskronika-768x477.jpg 768w, https:\/\/medieproduktion.lnu.se\/kalmarnova\/wp-content\/uploads\/sites\/86\/2019\/03\/idaskronika-1024x636.jpg 1024w\" sizes=\"(max-width: 300px) 100vw, 300px\" \/><\/div>\n\t\t<\/a>\n\t\t\t\t<div class=\"elementor-post__text\">\n\t\t\t\t<h3 class=\"elementor-post__title\">\n\t\t\t<a href=\"https:\/\/medieproduktion.lnu.se\/kalmarnova\/2019\/03\/21\/rockar-du-sockorna-med-god-moral\/\" >\n\t\t\t\tRockar du sockorna med god moral?\t\t\t<\/a>\n\t\t<\/h3>\n\t\t\t\t<div class=\"elementor-post__excerpt\">\n\t\t\t<p>Kr\u00f6nika: Allt fler rockar sockarna samtidigt som f\u00e4rre barn med Downs Syndrom f\u00f6ds. <\/p>\n\t\t<\/div>\n\t\t\t\t<\/div>\n\t\t\t\t<\/article>\n\t\t\t\t<\/div>\n\t\t\n\t\t\t\t\t\t<\/div>\n\t\t\t\t<\/div>\n\t\t\t\t\t<\/div>\n\t\t<\/div>\n\t\t\t\t\t<\/div>\n\t\t<\/section>\n\t\t\t\t<section class=\"elementor-section elementor-top-section elementor-element elementor-element-85ffa4c elementor-section-boxed elementor-section-height-default elementor-section-height-default\" data-id=\"85ffa4c\" data-element_type=\"section\">\n\t\t\t\t\t\t<div class=\"elementor-container elementor-column-gap-default\">\n\t\t\t\t\t<div class=\"elementor-column elementor-col-100 elementor-top-column elementor-element elementor-element-dabcc3e\" data-id=\"dabcc3e\" data-element_type=\"column\">\n\t\t\t<div class=\"elementor-widget-wrap elementor-element-populated\">\n\t\t\t\t\t\t<div class=\"elementor-element elementor-element-7aa1398 elementor-widget-divider--view-line elementor-widget elementor-widget-divider\" data-id=\"7aa1398\" data-element_type=\"widget\" data-widget_type=\"divider.default\">\n\t\t\t\t<div class=\"elementor-widget-container\">\n\t\t\t\t\t\t\t<div class=\"elementor-divider\">\n\t\t\t<span class=\"elementor-divider-separator\">\n\t\t\t\t\t\t<\/span>\n\t\t<\/div>\n\t\t\t\t\t\t<\/div>\n\t\t\t\t<\/div>\n\t\t\t\t\t<\/div>\n\t\t<\/div>\n\t\t\t\t\t<\/div>\n\t\t<\/section>\n\t\t\t\t<section class=\"elementor-section elementor-top-section elementor-element elementor-element-0be782e elementor-section-boxed elementor-section-height-default elementor-section-height-default\" data-id=\"0be782e\" data-element_type=\"section\">\n\t\t\t\t\t\t<div class=\"elementor-container elementor-column-gap-default\">\n\t\t\t\t\t<div class=\"elementor-column elementor-col-100 elementor-top-column elementor-element elementor-element-4c908cb\" data-id=\"4c908cb\" data-element_type=\"column\">\n\t\t\t<div class=\"elementor-widget-wrap elementor-element-populated\">\n\t\t\t\t\t\t<div class=\"elementor-element elementor-element-3a57663 elementor-grid-1 elementor-posts--thumbnail-left elementor-grid-tablet-1 elementor-grid-mobile-1 elementor-widget elementor-widget-posts\" data-id=\"3a57663\" data-element_type=\"widget\" data-settings=\"{&quot;classic_columns&quot;:&quot;1&quot;,&quot;classic_columns_tablet&quot;:&quot;1&quot;,&quot;classic_columns_mobile&quot;:&quot;1&quot;,&quot;classic_row_gap&quot;:{&quot;unit&quot;:&quot;px&quot;,&quot;size&quot;:35,&quot;sizes&quot;:[]},&quot;classic_row_gap_tablet&quot;:{&quot;unit&quot;:&quot;px&quot;,&quot;size&quot;:&quot;&quot;,&quot;sizes&quot;:[]},&quot;classic_row_gap_mobile&quot;:{&quot;unit&quot;:&quot;px&quot;,&quot;size&quot;:&quot;&quot;,&quot;sizes&quot;:[]}}\" data-widget_type=\"posts.classic\">\n\t\t\t\t<div class=\"elementor-widget-container\">\n\t\t\t\t\t\t\t<div class=\"elementor-posts-container elementor-posts elementor-posts--skin-classic elementor-grid\" role=\"list\">\n\t\t\t\t<article class=\"elementor-post elementor-grid-item post-1018 post type-post status-publish format-standard has-post-thumbnail hentry category-sport\" role=\"listitem\">\n\t\t\t\t<a class=\"elementor-post__thumbnail__link\" href=\"https:\/\/medieproduktion.lnu.se\/kalmarnova\/2019\/03\/26\/bildextra-fran-kffs-traning-idag\/\" tabindex=\"-1\" >\n\t\t\t<div class=\"elementor-post__thumbnail\"><img loading=\"lazy\" decoding=\"async\" width=\"300\" height=\"200\" src=\"https:\/\/medieproduktion.lnu.se\/kalmarnova\/wp-content\/uploads\/sites\/86\/2019\/03\/puffbild-300x200.jpg\" class=\"attachment-medium size-medium wp-image-1088\" alt=\"Rasmus Elm \u00e4r omringad av spelare\" srcset=\"https:\/\/medieproduktion.lnu.se\/kalmarnova\/wp-content\/uploads\/sites\/86\/2019\/03\/puffbild-300x200.jpg 300w, https:\/\/medieproduktion.lnu.se\/kalmarnova\/wp-content\/uploads\/sites\/86\/2019\/03\/puffbild-768x512.jpg 768w, https:\/\/medieproduktion.lnu.se\/kalmarnova\/wp-content\/uploads\/sites\/86\/2019\/03\/puffbild-1024x683.jpg 1024w\" sizes=\"(max-width: 300px) 100vw, 300px\" \/><\/div>\n\t\t<\/a>\n\t\t\t\t<div class=\"elementor-post__text\">\n\t\t\t\t<h3 class=\"elementor-post__title\">\n\t\t\t<a href=\"https:\/\/medieproduktion.lnu.se\/kalmarnova\/2019\/03\/26\/bildextra-fran-kffs-traning-idag\/\" >\n\t\t\t\tBILDEXTRA: Ett fokuserat KFF inf\u00f6r den allsvenska premi\u00e4ren\t\t\t<\/a>\n\t\t<\/h3>\n\t\t\t\t<div class=\"elementor-post__excerpt\">\n\t\t\t<p>Laget gjorde en av sina sista tr\u00e4ningar inf\u00f6r m\u00f6tet med Sirius p\u00e5 s\u00f6ndag. De tr\u00e4nade bland annat p\u00e5 fullpress.<\/p>\n\t\t<\/div>\n\t\t\t\t<\/div>\n\t\t\t\t<\/article>\n\t\t\t\t<\/div>\n\t\t\n\t\t\t\t\t\t<\/div>\n\t\t\t\t<\/div>\n\t\t\t\t\t<\/div>\n\t\t<\/div>\n\t\t\t\t\t<\/div>\n\t\t<\/section>\n\t\t\t\t<section class=\"elementor-section elementor-top-section elementor-element elementor-element-29cda1f elementor-section-boxed elementor-section-height-default elementor-section-height-default\" data-id=\"29cda1f\" data-element_type=\"section\">\n\t\t\t\t\t\t<div class=\"elementor-container elementor-column-gap-default\">\n\t\t\t\t\t<div class=\"elementor-column elementor-col-100 elementor-top-column elementor-element elementor-element-affbdd4\" data-id=\"affbdd4\" data-element_type=\"column\">\n\t\t\t<div class=\"elementor-widget-wrap elementor-element-populated\">\n\t\t\t\t\t\t<div class=\"elementor-element elementor-element-e438c6b elementor-widget-divider--view-line elementor-widget elementor-widget-divider\" data-id=\"e438c6b\" data-element_type=\"widget\" data-widget_type=\"divider.default\">\n\t\t\t\t<div class=\"elementor-widget-container\">\n\t\t\t\t\t\t\t<div class=\"elementor-divider\">\n\t\t\t<span class=\"elementor-divider-separator\">\n\t\t\t\t\t\t<\/span>\n\t\t<\/div>\n\t\t\t\t\t\t<\/div>\n\t\t\t\t<\/div>\n\t\t\t\t<div class=\"elementor-element elementor-element-32ead37 elementor-grid-2 elementor-grid-tablet-2 elementor-grid-mobile-1 elementor-posts--thumbnail-top elementor-widget elementor-widget-posts\" data-id=\"32ead37\" data-element_type=\"widget\" data-settings=\"{&quot;classic_columns&quot;:&quot;2&quot;,&quot;classic_columns_tablet&quot;:&quot;2&quot;,&quot;classic_columns_mobile&quot;:&quot;1&quot;,&quot;classic_row_gap&quot;:{&quot;unit&quot;:&quot;px&quot;,&quot;size&quot;:35,&quot;sizes&quot;:[]},&quot;classic_row_gap_tablet&quot;:{&quot;unit&quot;:&quot;px&quot;,&quot;size&quot;:&quot;&quot;,&quot;sizes&quot;:[]},&quot;classic_row_gap_mobile&quot;:{&quot;unit&quot;:&quot;px&quot;,&quot;size&quot;:&quot;&quot;,&quot;sizes&quot;:[]}}\" data-widget_type=\"posts.classic\">\n\t\t\t\t<div class=\"elementor-widget-container\">\n\t\t\t\t\t\t\t<div class=\"elementor-posts-container elementor-posts elementor-posts--skin-classic elementor-grid\" role=\"list\">\n\t\t\t\t<article class=\"elementor-post elementor-grid-item post-883 post type-post status-publish format-standard has-post-thumbnail hentry category-kultur\" role=\"listitem\">\n\t\t\t\t<a class=\"elementor-post__thumbnail__link\" href=\"https:\/\/medieproduktion.lnu.se\/kalmarnova\/2019\/03\/21\/webb-tv-sag-har-sag-uf-massan-i-kalmar-ut\/\" tabindex=\"-1\" >\n\t\t\t<div class=\"elementor-post__thumbnail\"><img loading=\"lazy\" decoding=\"async\" width=\"300\" height=\"169\" src=\"https:\/\/medieproduktion.lnu.se\/kalmarnova\/wp-content\/uploads\/sites\/86\/2019\/03\/Screen-Shot-2019-03-21-at-09.44.14-300x169.png\" class=\"attachment-medium size-medium wp-image-887\" alt=\"Adel Haj Osman driver ett UF-f\u00f6retag\" srcset=\"https:\/\/medieproduktion.lnu.se\/kalmarnova\/wp-content\/uploads\/sites\/86\/2019\/03\/Screen-Shot-2019-03-21-at-09.44.14-300x169.png 300w, https:\/\/medieproduktion.lnu.se\/kalmarnova\/wp-content\/uploads\/sites\/86\/2019\/03\/Screen-Shot-2019-03-21-at-09.44.14-768x432.png 768w, https:\/\/medieproduktion.lnu.se\/kalmarnova\/wp-content\/uploads\/sites\/86\/2019\/03\/Screen-Shot-2019-03-21-at-09.44.14-1024x576.png 1024w, https:\/\/medieproduktion.lnu.se\/kalmarnova\/wp-content\/uploads\/sites\/86\/2019\/03\/Screen-Shot-2019-03-21-at-09.44.14.png 2028w\" sizes=\"(max-width: 300px) 100vw, 300px\" \/><\/div>\n\t\t<\/a>\n\t\t\t\t<div class=\"elementor-post__text\">\n\t\t\t\t<h3 class=\"elementor-post__title\">\n\t\t\t<a href=\"https:\/\/medieproduktion.lnu.se\/kalmarnova\/2019\/03\/21\/webb-tv-sag-har-sag-uf-massan-i-kalmar-ut\/\" >\n\t\t\t\tWebb-TV: Unga f\u00f6retagare p\u00e5 m\u00e4ssa\t\t\t<\/a>\n\t\t<\/h3>\n\t\t\t\t<div class=\"elementor-post__excerpt\">\n\t\t\t<p>Kalmar Nova var p\u00e5 plats under UF-m\u00e4ssan d\u00e4r runt 170 f\u00f6retag visades upp. <\/p>\n\t\t<\/div>\n\t\t\t\t<\/div>\n\t\t\t\t<\/article>\n\t\t\t\t<article class=\"elementor-post elementor-grid-item post-987 post type-post status-publish format-standard has-post-thumbnail hentry category-okategoriserade category-sport\" role=\"listitem\">\n\t\t\t\t<a class=\"elementor-post__thumbnail__link\" href=\"https:\/\/medieproduktion.lnu.se\/kalmarnova\/2019\/03\/25\/webb-tv-fbcs-damer-ett-steg-narmre-ssl\/\" tabindex=\"-1\" >\n\t\t\t<div class=\"elementor-post__thumbnail\"><img loading=\"lazy\" decoding=\"async\" width=\"300\" height=\"200\" src=\"https:\/\/medieproduktion.lnu.se\/kalmarnova\/wp-content\/uploads\/sites\/86\/2019\/03\/fbckalmar-300x200.jpg\" class=\"attachment-medium size-medium wp-image-990\" alt=\"Bild fr\u00e5n en innebandymatch\" srcset=\"https:\/\/medieproduktion.lnu.se\/kalmarnova\/wp-content\/uploads\/sites\/86\/2019\/03\/fbckalmar-300x200.jpg 300w, https:\/\/medieproduktion.lnu.se\/kalmarnova\/wp-content\/uploads\/sites\/86\/2019\/03\/fbckalmar-768x512.jpg 768w, https:\/\/medieproduktion.lnu.se\/kalmarnova\/wp-content\/uploads\/sites\/86\/2019\/03\/fbckalmar-1024x683.jpg 1024w\" sizes=\"(max-width: 300px) 100vw, 300px\" \/><\/div>\n\t\t<\/a>\n\t\t\t\t<div class=\"elementor-post__text\">\n\t\t\t\t<h3 class=\"elementor-post__title\">\n\t\t\t<a href=\"https:\/\/medieproduktion.lnu.se\/kalmarnova\/2019\/03\/25\/webb-tv-fbcs-damer-ett-steg-narmre-ssl\/\" >\n\t\t\t\tWebb-TV: FBC allt n\u00e4rmare toppligan\t\t\t<\/a>\n\t\t<\/h3>\n\t\t\t\t<div class=\"elementor-post__excerpt\">\n\t\t\t<p>Se n\u00e4r Kalmarsunds damer besegrade IBK Lockerud i kvalet till SSL. <\/p>\n\t\t<\/div>\n\t\t\t\t<\/div>\n\t\t\t\t<\/article>\n\t\t\t\t<\/div>\n\t\t\n\t\t\t\t\t\t<\/div>\n\t\t\t\t<\/div>\n\t\t\t\t\t<\/div>\n\t\t<\/div>\n\t\t\t\t\t<\/div>\n\t\t<\/section>\n\t\t\t\t<section class=\"elementor-section elementor-top-section elementor-element elementor-element-69fa96b elementor-section-boxed elementor-section-height-default elementor-section-height-default\" data-id=\"69fa96b\" data-element_type=\"section\">\n\t\t\t\t\t\t<div class=\"elementor-container elementor-column-gap-default\">\n\t\t\t\t\t<div class=\"elementor-column elementor-col-100 elementor-top-column elementor-element elementor-element-445c623\" data-id=\"445c623\" data-element_type=\"column\">\n\t\t\t<div class=\"elementor-widget-wrap\">\n\t\t\t\t\t\t\t<\/div>\n\t\t<\/div>\n\t\t\t\t\t<\/div>\n\t\t<\/section>\n\t\t\t\t<\/div>\n\t\t","protected":false},"excerpt":{"rendered":"","protected":false},"author":70,"featured_media":0,"parent":0,"menu_order":0,"comment_status":"closed","ping_status":"closed","template":"","meta":{"footnotes":""},"class_list":["post-10","page","type-page","status-publish","hentry"],"_links":{"self":[{"href":"https:\/\/medieproduktion.lnu.se\/kalmarnova\/wp-json\/wp\/v2\/pages\/10","targetHints":{"allow":["GET"]}}],"collection":[{"href":"https:\/\/medieproduktion.lnu.se\/kalmarnova\/wp-json\/wp\/v2\/pages"}],"about":[{"href":"https:\/\/medieproduktion.lnu.se\/kalmarnova\/wp-json\/wp\/v2\/types\/page"}],"author":[{"embeddable":true,"href":"https:\/\/medieproduktion.lnu.se\/kalmarnova\/wp-json\/wp\/v2\/users\/70"}],"replies":[{"embeddable":true,"href":"https:\/\/medieproduktion.lnu.se\/kalmarnova\/wp-json\/wp\/v2\/comments?post=10"}],"version-history":[{"count":91,"href":"https:\/\/medieproduktion.lnu.se\/kalmarnova\/wp-json\/wp\/v2\/pages\/10\/revisions"}],"predecessor-version":[{"id":1190,"href":"https:\/\/medieproduktion.lnu.se\/kalmarnova\/wp-json\/wp\/v2\/pages\/10\/revisions\/1190"}],"wp:attachment":[{"href":"https:\/\/medieproduktion.lnu.se\/kalmarnova\/wp-json\/wp\/v2\/media?parent=10"}],"curies":[{"name":"wp","href":"https:\/\/api.w.org\/{rel}","templated":true}]}}