{"id":22,"date":"2019-02-04T13:09:38","date_gmt":"2019-02-04T12:09:38","guid":{"rendered":"http:\/\/medieproduktion.lnu.se\/kalmarnir\/?page_id=22"},"modified":"2019-02-21T16:29:23","modified_gmt":"2019-02-21T15:29:23","slug":"startsida","status":"publish","type":"page","link":"https:\/\/medieproduktion.lnu.se\/kalmarnir\/","title":{"rendered":""},"content":{"rendered":"\t\t<div data-elementor-type=\"wp-post\" data-elementor-id=\"22\" class=\"elementor elementor-22 elementor-bc-flex-widget\" data-elementor-post-type=\"page\">\n\t\t\t\t\t\t<section class=\"elementor-section elementor-top-section elementor-element elementor-element-8a6e5fc elementor-section-boxed elementor-section-height-default elementor-section-height-default\" data-id=\"8a6e5fc\" data-element_type=\"section\">\n\t\t\t\t\t\t<div class=\"elementor-container elementor-column-gap-default\">\n\t\t\t\t\t<div class=\"elementor-column elementor-col-100 elementor-top-column elementor-element elementor-element-7eec670\" data-id=\"7eec670\" data-element_type=\"column\">\n\t\t\t<div class=\"elementor-widget-wrap elementor-element-populated\">\n\t\t\t\t\t\t<div class=\"elementor-element elementor-element-17894db elementor-grid-1 elementor-grid-tablet-2 elementor-grid-mobile-1 elementor-posts--thumbnail-top elementor-widget elementor-widget-posts\" data-id=\"17894db\" data-element_type=\"widget\" data-settings=\"{&quot;classic_columns&quot;:&quot;1&quot;,&quot;classic_columns_tablet&quot;:&quot;2&quot;,&quot;classic_columns_mobile&quot;:&quot;1&quot;,&quot;classic_row_gap&quot;:{&quot;unit&quot;:&quot;px&quot;,&quot;size&quot;:35,&quot;sizes&quot;:[]},&quot;classic_row_gap_tablet&quot;:{&quot;unit&quot;:&quot;px&quot;,&quot;size&quot;:&quot;&quot;,&quot;sizes&quot;:[]},&quot;classic_row_gap_mobile&quot;:{&quot;unit&quot;:&quot;px&quot;,&quot;size&quot;:&quot;&quot;,&quot;sizes&quot;:[]}}\" data-widget_type=\"posts.classic\">\n\t\t\t\t<div class=\"elementor-widget-container\">\n\t\t\t\t\t\t\t<div class=\"elementor-posts-container elementor-posts elementor-posts--skin-classic elementor-grid\" role=\"list\">\n\t\t\t\t<article class=\"elementor-post elementor-grid-item post-372 post type-post status-publish format-standard has-post-thumbnail hentry category-nyheter tag-polis tag-polisanmalan tag-robert-loeffel tag-sexualbrott tag-specialsokhund tag-stensbergsparken tag-valdtakt\" role=\"listitem\">\n\t\t\t\t<a class=\"elementor-post__thumbnail__link\" href=\"https:\/\/medieproduktion.lnu.se\/kalmarnir\/2019\/02\/12\/kvinna-overfolls-i-park-anmalan-upprattad\/\" tabindex=\"-1\" >\n\t\t\t<div class=\"elementor-post__thumbnail\"><img fetchpriority=\"high\" decoding=\"async\" width=\"1024\" height=\"768\" src=\"https:\/\/medieproduktion.lnu.se\/kalmarnir\/wp-content\/uploads\/sites\/58\/2019\/02\/52825735_2066352806794584_4998460558010220544_n-1024x768.jpg\" class=\"attachment-large size-large wp-image-993\" alt=\"Stensbergsparken Foto: Ola Carlsson\" srcset=\"https:\/\/medieproduktion.lnu.se\/kalmarnir\/wp-content\/uploads\/sites\/58\/2019\/02\/52825735_2066352806794584_4998460558010220544_n-1024x768.jpg 1024w, https:\/\/medieproduktion.lnu.se\/kalmarnir\/wp-content\/uploads\/sites\/58\/2019\/02\/52825735_2066352806794584_4998460558010220544_n-300x225.jpg 300w, https:\/\/medieproduktion.lnu.se\/kalmarnir\/wp-content\/uploads\/sites\/58\/2019\/02\/52825735_2066352806794584_4998460558010220544_n-768x576.jpg 768w, https:\/\/medieproduktion.lnu.se\/kalmarnir\/wp-content\/uploads\/sites\/58\/2019\/02\/52825735_2066352806794584_4998460558010220544_n.jpg 1440w\" sizes=\"(max-width: 1024px) 100vw, 1024px\" \/><\/div>\n\t\t<\/a>\n\t\t\t\t<div class=\"elementor-post__text\">\n\t\t\t\t<h1 class=\"elementor-post__title\">\n\t\t\t<a href=\"https:\/\/medieproduktion.lnu.se\/kalmarnir\/2019\/02\/12\/kvinna-overfolls-i-park-anmalan-upprattad\/\" >\n\t\t\t\tKvinna \u00f6verf\u00f6lls i park \u2013 anm\u00e4lan uppr\u00e4ttad\t\t\t<\/a>\n\t\t<\/h1>\n\t\t\t\t<div class=\"elementor-post__meta-data\">\n\t\t\t\t\t<span class=\"elementor-post-time\">\n\t\t\t11:52\t\t<\/span>\n\t\t\t\t<\/div>\n\t\t\t\t<div class=\"elementor-post__excerpt\">\n\t\t\t<p>(Uppdaterad 12:19) Parken fick sp\u00e4rras av i v\u00e4ntan p\u00e5 teknisk unders\u00f6kning.<\/p>\n\t\t<\/div>\n\t\t\t\t<\/div>\n\t\t\t\t<\/article>\n\t\t\t\t<\/div>\n\t\t\n\t\t\t\t\t\t<\/div>\n\t\t\t\t<\/div>\n\t\t\t\t<div class=\"elementor-element elementor-element-d947043 elementor-widget-divider--view-line elementor-widget elementor-widget-divider\" data-id=\"d947043\" data-element_type=\"widget\" data-widget_type=\"divider.default\">\n\t\t\t\t<div class=\"elementor-widget-container\">\n\t\t\t\t\t\t\t<div class=\"elementor-divider\">\n\t\t\t<span class=\"elementor-divider-separator\">\n\t\t\t\t\t\t<\/span>\n\t\t<\/div>\n\t\t\t\t\t\t<\/div>\n\t\t\t\t<\/div>\n\t\t\t\t\t<\/div>\n\t\t<\/div>\n\t\t\t\t\t<\/div>\n\t\t<\/section>\n\t\t\t\t<section class=\"elementor-section elementor-top-section elementor-element elementor-element-37bfd9e elementor-section-boxed elementor-section-height-default elementor-section-height-default\" data-id=\"37bfd9e\" data-element_type=\"section\">\n\t\t\t\t\t\t<div class=\"elementor-container elementor-column-gap-default\">\n\t\t\t\t\t<div class=\"elementor-column elementor-col-100 elementor-top-column elementor-element elementor-element-8f00ee1\" data-id=\"8f00ee1\" data-element_type=\"column\">\n\t\t\t<div class=\"elementor-widget-wrap elementor-element-populated\">\n\t\t\t\t\t\t<div class=\"elementor-element elementor-element-c85e4b6 elementor-grid-2 elementor-grid-tablet-2 elementor-grid-mobile-1 elementor-posts--thumbnail-top elementor-widget elementor-widget-posts\" data-id=\"c85e4b6\" data-element_type=\"widget\" data-settings=\"{&quot;classic_columns&quot;:&quot;2&quot;,&quot;classic_columns_tablet&quot;:&quot;2&quot;,&quot;classic_columns_mobile&quot;:&quot;1&quot;,&quot;classic_row_gap&quot;:{&quot;unit&quot;:&quot;px&quot;,&quot;size&quot;:35,&quot;sizes&quot;:[]},&quot;classic_row_gap_tablet&quot;:{&quot;unit&quot;:&quot;px&quot;,&quot;size&quot;:&quot;&quot;,&quot;sizes&quot;:[]},&quot;classic_row_gap_mobile&quot;:{&quot;unit&quot;:&quot;px&quot;,&quot;size&quot;:&quot;&quot;,&quot;sizes&quot;:[]}}\" data-widget_type=\"posts.classic\">\n\t\t\t\t<div class=\"elementor-widget-container\">\n\t\t\t\t\t\t\t<div class=\"elementor-posts-container elementor-posts elementor-posts--skin-classic elementor-grid\" role=\"list\">\n\t\t\t\t<article class=\"elementor-post elementor-grid-item post-831 post type-post status-publish format-standard has-post-thumbnail hentry category-sport tag-bildrep tag-ishockey tag-kalmar-hc tag-nybro-vikings tag-webb-tv\" role=\"listitem\">\n\t\t\t\t<a class=\"elementor-post__thumbnail__link\" href=\"https:\/\/medieproduktion.lnu.se\/kalmarnir\/2019\/02\/19\/det-har-har-vi-kampat-for-sa-lange\/\" tabindex=\"-1\" >\n\t\t\t<div class=\"elementor-post__thumbnail\"><img decoding=\"async\" width=\"300\" height=\"200\" src=\"https:\/\/medieproduktion.lnu.se\/kalmarnir\/wp-content\/uploads\/sites\/58\/2019\/02\/IMG_9003-300x200.jpg\" class=\"attachment-medium size-medium wp-image-887\" alt=\"\" srcset=\"https:\/\/medieproduktion.lnu.se\/kalmarnir\/wp-content\/uploads\/sites\/58\/2019\/02\/IMG_9003-300x200.jpg 300w, https:\/\/medieproduktion.lnu.se\/kalmarnir\/wp-content\/uploads\/sites\/58\/2019\/02\/IMG_9003-768x512.jpg 768w, https:\/\/medieproduktion.lnu.se\/kalmarnir\/wp-content\/uploads\/sites\/58\/2019\/02\/IMG_9003-1024x683.jpg 1024w\" sizes=\"(max-width: 300px) 100vw, 300px\" \/><\/div>\n\t\t<\/a>\n\t\t\t\t<div class=\"elementor-post__text\">\n\t\t\t\t<h2 class=\"elementor-post__title\">\n\t\t\t<a href=\"https:\/\/medieproduktion.lnu.se\/kalmarnir\/2019\/02\/19\/det-har-har-vi-kampat-for-sa-lange\/\" >\n\t\t\t\tWebb-TV och bildextra fr\u00e5n derbyt\t\t\t<\/a>\n\t\t<\/h2>\n\t\t\t\t<div class=\"elementor-post__meta-data\">\n\t\t\t\t\t<span class=\"elementor-post-time\">\n\t\t\t12:55\t\t<\/span>\n\t\t\t\t<\/div>\n\t\t\t\t<div class=\"elementor-post__excerpt\">\n\t\t\t<p>En j\u00e4mn match fick sitt avg\u00f6rande efter straffl\u00e4ggning.<\/p>\n\t\t<\/div>\n\t\t\t\t<\/div>\n\t\t\t\t<\/article>\n\t\t\t\t<article class=\"elementor-post elementor-grid-item post-824 post type-post status-publish format-standard has-post-thumbnail hentry category-nyheter tag-fridaysforfuture tag-greta-thunberg tag-kalmar tag-klimat tag-klimatdemonstrationer\" role=\"listitem\">\n\t\t\t\t<a class=\"elementor-post__thumbnail__link\" href=\"https:\/\/medieproduktion.lnu.se\/kalmarnir\/2019\/02\/19\/kalmar-kommer-delta-i-global-klimatdemonstration\/\" tabindex=\"-1\" >\n\t\t\t<div class=\"elementor-post__thumbnail\"><img decoding=\"async\" width=\"300\" height=\"200\" src=\"https:\/\/medieproduktion.lnu.se\/kalmarnir\/wp-content\/uploads\/sites\/58\/2019\/02\/MILJO\u03088-300x200.jpg\" class=\"attachment-medium size-medium wp-image-878\" alt=\"Bild p\u00e5 plakat fr\u00e5n Fridays For Future\" srcset=\"https:\/\/medieproduktion.lnu.se\/kalmarnir\/wp-content\/uploads\/sites\/58\/2019\/02\/MILJO\u03088-300x200.jpg 300w, https:\/\/medieproduktion.lnu.se\/kalmarnir\/wp-content\/uploads\/sites\/58\/2019\/02\/MILJO\u03088-768x512.jpg 768w, https:\/\/medieproduktion.lnu.se\/kalmarnir\/wp-content\/uploads\/sites\/58\/2019\/02\/MILJO\u03088-1024x683.jpg 1024w\" sizes=\"(max-width: 300px) 100vw, 300px\" \/><\/div>\n\t\t<\/a>\n\t\t\t\t<div class=\"elementor-post__text\">\n\t\t\t\t<h2 class=\"elementor-post__title\">\n\t\t\t<a href=\"https:\/\/medieproduktion.lnu.se\/kalmarnir\/2019\/02\/19\/kalmar-kommer-delta-i-global-klimatdemonstration\/\" >\n\t\t\t\tKalmar kommer delta i global klimatdemonstration\t\t\t<\/a>\n\t\t<\/h2>\n\t\t\t\t<div class=\"elementor-post__meta-data\">\n\t\t\t\t\t<span class=\"elementor-post-time\">\n\t\t\t12:25\t\t<\/span>\n\t\t\t\t<\/div>\n\t\t\t\t<div class=\"elementor-post__excerpt\">\n\t\t\t<p>Efter klimatmanifestationerna p\u00e5 fredagar kraftsamlar n\u00e4tverket nu inf\u00f6r Global Strike For Future, n\u00e5got som r\u00e4knas bli den bredaste klimatmanifestationen i b\u00e5de Sverige och v\u00e4rlden.<\/p>\n\t\t<\/div>\n\t\t\t\t<\/div>\n\t\t\t\t<\/article>\n\t\t\t\t<\/div>\n\t\t\n\t\t\t\t\t\t<\/div>\n\t\t\t\t<\/div>\n\t\t\t\t<div class=\"elementor-element elementor-element-611b58e elementor-widget-divider--view-line elementor-widget elementor-widget-divider\" data-id=\"611b58e\" data-element_type=\"widget\" data-widget_type=\"divider.default\">\n\t\t\t\t<div class=\"elementor-widget-container\">\n\t\t\t\t\t\t\t<div class=\"elementor-divider\">\n\t\t\t<span class=\"elementor-divider-separator\">\n\t\t\t\t\t\t<\/span>\n\t\t<\/div>\n\t\t\t\t\t\t<\/div>\n\t\t\t\t<\/div>\n\t\t\t\t\t<\/div>\n\t\t<\/div>\n\t\t\t\t\t<\/div>\n\t\t<\/section>\n\t\t\t\t<section class=\"elementor-section elementor-top-section elementor-element elementor-element-15d10cb elementor-section-boxed elementor-section-height-default elementor-section-height-default\" data-id=\"15d10cb\" data-element_type=\"section\">\n\t\t\t\t\t\t<div class=\"elementor-container elementor-column-gap-default\">\n\t\t\t\t\t<div class=\"elementor-column elementor-col-100 elementor-top-column elementor-element elementor-element-6283e5c\" data-id=\"6283e5c\" data-element_type=\"column\">\n\t\t\t<div class=\"elementor-widget-wrap elementor-element-populated\">\n\t\t\t\t\t\t<div class=\"elementor-element elementor-element-d58366f elementor-grid-3 elementor-grid-tablet-2 elementor-grid-mobile-1 elementor-posts--thumbnail-top elementor-widget elementor-widget-posts\" data-id=\"d58366f\" data-element_type=\"widget\" data-settings=\"{&quot;classic_columns&quot;:&quot;3&quot;,&quot;classic_columns_tablet&quot;:&quot;2&quot;,&quot;classic_columns_mobile&quot;:&quot;1&quot;,&quot;classic_row_gap&quot;:{&quot;unit&quot;:&quot;px&quot;,&quot;size&quot;:35,&quot;sizes&quot;:[]},&quot;classic_row_gap_tablet&quot;:{&quot;unit&quot;:&quot;px&quot;,&quot;size&quot;:&quot;&quot;,&quot;sizes&quot;:[]},&quot;classic_row_gap_mobile&quot;:{&quot;unit&quot;:&quot;px&quot;,&quot;size&quot;:&quot;&quot;,&quot;sizes&quot;:[]}}\" data-widget_type=\"posts.classic\">\n\t\t\t\t<div class=\"elementor-widget-container\">\n\t\t\t\t\t\t\t<div class=\"elementor-posts-container elementor-posts elementor-posts--skin-classic elementor-grid\" role=\"list\">\n\t\t\t\t<article class=\"elementor-post elementor-grid-item post-608 post type-post status-publish format-standard has-post-thumbnail hentry category-nyheter tag-24kalmar tag-berga-centrum tag-nyheter tag-polis tag-polisanmalan tag-ran tag-robert-loeffel\" role=\"listitem\">\n\t\t\t\t<a class=\"elementor-post__thumbnail__link\" href=\"https:\/\/medieproduktion.lnu.se\/kalmarnir\/2019\/02\/14\/tre-maskerade-man-ranade-aldre-man-i-berga-centrum\/\" tabindex=\"-1\" >\n\t\t\t<div class=\"elementor-post__thumbnail\"><img loading=\"lazy\" decoding=\"async\" width=\"300\" height=\"157\" src=\"https:\/\/medieproduktion.lnu.se\/kalmarnir\/wp-content\/uploads\/sites\/58\/2019\/02\/Polisutrustning_b\u00e4lte-1-300x157.jpg\" class=\"attachment-medium size-medium wp-image-369\" alt=\"En polisman, Foto: Wikimedia commons\" srcset=\"https:\/\/medieproduktion.lnu.se\/kalmarnir\/wp-content\/uploads\/sites\/58\/2019\/02\/Polisutrustning_b\u00e4lte-1-300x157.jpg 300w, https:\/\/medieproduktion.lnu.se\/kalmarnir\/wp-content\/uploads\/sites\/58\/2019\/02\/Polisutrustning_b\u00e4lte-1-768x401.jpg 768w, https:\/\/medieproduktion.lnu.se\/kalmarnir\/wp-content\/uploads\/sites\/58\/2019\/02\/Polisutrustning_b\u00e4lte-1.jpg 1000w\" sizes=\"(max-width: 300px) 100vw, 300px\" \/><\/div>\n\t\t<\/a>\n\t\t\t\t<div class=\"elementor-post__text\">\n\t\t\t\t<h3 class=\"elementor-post__title\">\n\t\t\t<a href=\"https:\/\/medieproduktion.lnu.se\/kalmarnir\/2019\/02\/14\/tre-maskerade-man-ranade-aldre-man-i-berga-centrum\/\" >\n\t\t\t\tTre maskerade m\u00e4n r\u00e5nade \u00e4ldre man i Berga centrum\t\t\t<\/a>\n\t\t<\/h3>\n\t\t\t\t<div class=\"elementor-post__meta-data\">\n\t\t\t\t\t<span class=\"elementor-post-time\">\n\t\t\t11:10\t\t<\/span>\n\t\t\t\t<\/div>\n\t\t\t\t<div class=\"elementor-post__excerpt\">\n\t\t\t<p>Mobilen var f\u00f6r gammal, allt annat blev stulet. <\/p>\n\t\t<\/div>\n\t\t\t\t<\/div>\n\t\t\t\t<\/article>\n\t\t\t\t<article class=\"elementor-post elementor-grid-item post-488 post type-post status-publish format-standard has-post-thumbnail hentry category-noje tag-far tag-hogsby tag-kalmar-hemslojdsforening tag-kalmar-stadsbibliotek tag-kultur tag-ull tag-ull-for-livet tag-utstallning\" role=\"listitem\">\n\t\t\t\t<a class=\"elementor-post__thumbnail__link\" href=\"https:\/\/medieproduktion.lnu.se\/kalmarnir\/2019\/02\/13\/bildextra-ullen-i-fokus-pa-rorlig-utstallning\/\" tabindex=\"-1\" >\n\t\t\t<div class=\"elementor-post__thumbnail\"><img loading=\"lazy\" decoding=\"async\" width=\"300\" height=\"200\" src=\"https:\/\/medieproduktion.lnu.se\/kalmarnir\/wp-content\/uploads\/sites\/58\/2019\/02\/monter-300x200.jpg\" class=\"attachment-medium size-medium wp-image-489\" alt=\"&quot;Ull f\u00f6r livet&quot;. En utst\u00e4llning vid Stadsbiblioteket i Kalmar. Foto: Ola Carlsson\" srcset=\"https:\/\/medieproduktion.lnu.se\/kalmarnir\/wp-content\/uploads\/sites\/58\/2019\/02\/monter-300x200.jpg 300w, https:\/\/medieproduktion.lnu.se\/kalmarnir\/wp-content\/uploads\/sites\/58\/2019\/02\/monter-768x512.jpg 768w, https:\/\/medieproduktion.lnu.se\/kalmarnir\/wp-content\/uploads\/sites\/58\/2019\/02\/monter-1024x682.jpg 1024w, https:\/\/medieproduktion.lnu.se\/kalmarnir\/wp-content\/uploads\/sites\/58\/2019\/02\/monter.jpg 1181w\" sizes=\"(max-width: 300px) 100vw, 300px\" \/><\/div>\n\t\t<\/a>\n\t\t\t\t<div class=\"elementor-post__text\">\n\t\t\t\t<h3 class=\"elementor-post__title\">\n\t\t\t<a href=\"https:\/\/medieproduktion.lnu.se\/kalmarnir\/2019\/02\/13\/bildextra-ullen-i-fokus-pa-rorlig-utstallning\/\" >\n\t\t\t\tBildextra: Ullen i fokus p\u00e5 r\u00f6rlig utst\u00e4llning\t\t\t<\/a>\n\t\t<\/h3>\n\t\t\t\t<div class=\"elementor-post__meta-data\">\n\t\t\t\t\t<span class=\"elementor-post-time\">\n\t\t\t11:58\t\t<\/span>\n\t\t\t\t<\/div>\n\t\t\t\t<div class=\"elementor-post__excerpt\">\n\t\t\t<p>Utst\u00e4llningen uppm\u00e4rksammar ullens egenskaper och bes\u00f6ker flera olika platser. <\/p>\n\t\t<\/div>\n\t\t\t\t<\/div>\n\t\t\t\t<\/article>\n\t\t\t\t<article class=\"elementor-post elementor-grid-item post-454 post type-post status-publish format-standard has-post-thumbnail hentry category-nyheter tag-kalmar-lan tag-nyheter tag-overgodning\" role=\"listitem\">\n\t\t\t\t<a class=\"elementor-post__thumbnail__link\" href=\"https:\/\/medieproduktion.lnu.se\/kalmarnir\/2019\/02\/13\/kalmar-lan-far-okad-budget-for-att-minska-overgodningen-i-kustvatten\/\" tabindex=\"-1\" >\n\t\t\t<div class=\"elementor-post__thumbnail\"><img loading=\"lazy\" decoding=\"async\" width=\"300\" height=\"200\" src=\"https:\/\/medieproduktion.lnu.se\/kalmarnir\/wp-content\/uploads\/sites\/58\/2019\/02\/olandsbro-572214_1280-300x200.jpg\" class=\"attachment-medium size-medium wp-image-485\" alt=\"\u00d6landsbron\" srcset=\"https:\/\/medieproduktion.lnu.se\/kalmarnir\/wp-content\/uploads\/sites\/58\/2019\/02\/olandsbro-572214_1280-300x200.jpg 300w, https:\/\/medieproduktion.lnu.se\/kalmarnir\/wp-content\/uploads\/sites\/58\/2019\/02\/olandsbro-572214_1280-768x512.jpg 768w, https:\/\/medieproduktion.lnu.se\/kalmarnir\/wp-content\/uploads\/sites\/58\/2019\/02\/olandsbro-572214_1280-1024x683.jpg 1024w, https:\/\/medieproduktion.lnu.se\/kalmarnir\/wp-content\/uploads\/sites\/58\/2019\/02\/olandsbro-572214_1280.jpg 1280w\" sizes=\"(max-width: 300px) 100vw, 300px\" \/><\/div>\n\t\t<\/a>\n\t\t\t\t<div class=\"elementor-post__text\">\n\t\t\t\t<h3 class=\"elementor-post__title\">\n\t\t\t<a href=\"https:\/\/medieproduktion.lnu.se\/kalmarnir\/2019\/02\/13\/kalmar-lan-far-okad-budget-for-att-minska-overgodningen-i-kustvatten\/\" >\n\t\t\t\tKalmar l\u00e4n f\u00e5r \u00f6kad budget f\u00f6r att minska \u00f6verg\u00f6dningen i kustvatten\t\t\t<\/a>\n\t\t<\/h3>\n\t\t\t\t<div class=\"elementor-post__meta-data\">\n\t\t\t\t\t<span class=\"elementor-post-time\">\n\t\t\t10:33\t\t<\/span>\n\t\t\t\t<\/div>\n\t\t\t\t<div class=\"elementor-post__excerpt\">\n\t\t\t<p>Tilldelas 160 miljoner kronor.<\/p>\n\t\t<\/div>\n\t\t\t\t<\/div>\n\t\t\t\t<\/article>\n\t\t\t\t<\/div>\n\t\t\n\t\t\t\t\t\t<\/div>\n\t\t\t\t<\/div>\n\t\t\t\t<div class=\"elementor-element elementor-element-2d44f2a elementor-widget-divider--view-line elementor-widget elementor-widget-divider\" data-id=\"2d44f2a\" data-element_type=\"widget\" data-widget_type=\"divider.default\">\n\t\t\t\t<div class=\"elementor-widget-container\">\n\t\t\t\t\t\t\t<div class=\"elementor-divider\">\n\t\t\t<span class=\"elementor-divider-separator\">\n\t\t\t\t\t\t<\/span>\n\t\t<\/div>\n\t\t\t\t\t\t<\/div>\n\t\t\t\t<\/div>\n\t\t\t\t\t<\/div>\n\t\t<\/div>\n\t\t\t\t\t<\/div>\n\t\t<\/section>\n\t\t\t\t<section class=\"elementor-section elementor-top-section elementor-element elementor-element-e430ac4 elementor-section-boxed elementor-section-height-default elementor-section-height-default\" data-id=\"e430ac4\" data-element_type=\"section\">\n\t\t\t\t\t\t<div class=\"elementor-container elementor-column-gap-default\">\n\t\t\t\t\t<div class=\"elementor-column elementor-col-100 elementor-top-column elementor-element elementor-element-6240ea0\" data-id=\"6240ea0\" data-element_type=\"column\">\n\t\t\t<div class=\"elementor-widget-wrap elementor-element-populated\">\n\t\t\t\t\t\t<div class=\"elementor-element elementor-element-6b554ed elementor--h-position-center elementor--v-position-middle elementor-arrows-position-inside elementor-widget elementor-widget-slides\" data-id=\"6b554ed\" data-element_type=\"widget\" data-settings=\"{&quot;navigation&quot;:&quot;arrows&quot;,&quot;transition&quot;:&quot;fade&quot;,&quot;autoplay&quot;:&quot;yes&quot;,&quot;pause_on_hover&quot;:&quot;yes&quot;,&quot;pause_on_interaction&quot;:&quot;yes&quot;,&quot;autoplay_speed&quot;:5000,&quot;infinite&quot;:&quot;yes&quot;,&quot;transition_speed&quot;:500}\" data-widget_type=\"slides.default\">\n\t\t\t\t<div class=\"elementor-widget-container\">\n\t\t\t\t\t\t\t\t\t<div class=\"elementor-swiper\">\n\t\t\t\t\t<div class=\"elementor-slides-wrapper elementor-main-swiper swiper\" role=\"region\" aria-roledescription=\"carousel\" aria-label=\"Bildspel\" dir=\"ltr\" data-animation=\"fadeInUp\">\n\t\t\t\t<div class=\"swiper-wrapper elementor-slides\">\n\t\t\t\t\t\t\t\t\t\t<div class=\"elementor-repeater-item-e84e000 swiper-slide\" role=\"group\" aria-roledescription=\"slide\"><div class=\"swiper-slide-bg\" role=\"img\"><\/div><a class=\"swiper-slide-inner\" href=\"http:\/\/medieproduktion.lnu.se\/kalmarnir\/2019\/02\/18\/att-inte-stotta-sitt-lokala-lag-grusar-mojligheterna-for-svensk-fotboll\/\"><div class=\"swiper-slide-contents\"><div class=\"elementor-slide-heading\">Kr\u00f6nika<\/div><div class=\"elementor-slide-description\">Att inte st\u00f6tta sitt lokala lag grusar m\u00f6jligheterna f\u00f6r svensk fotboll<\/div><\/div><\/a><\/div><div class=\"elementor-repeater-item-5ad1bd4 swiper-slide\" role=\"group\" aria-roledescription=\"slide\"><div class=\"swiper-slide-bg\" role=\"img\"><\/div><a class=\"swiper-slide-inner\" href=\"http:\/\/medieproduktion.lnu.se\/kalmarnir\/2019\/02\/13\/har-kommer-kalmar-hc-vilka-fan-ar-ni\/\"><div class=\"swiper-slide-contents\"><div class=\"elementor-slide-heading\">Kr\u00f6nika<\/div><div class=\"elementor-slide-description\">H\u00e4r kommer Kalmar HC, vilka fan \u00e4r ni?<\/div><\/div><\/a><\/div><div class=\"elementor-repeater-item-492a967 swiper-slide\" role=\"group\" aria-roledescription=\"slide\"><div class=\"swiper-slide-bg\" role=\"img\"><\/div><a class=\"swiper-slide-inner\" href=\"http:\/\/medieproduktion.lnu.se\/kalmarnir\/2019\/02\/12\/snalla-sluta-fraga-mig-vad-jag-hade-pa-mig-nar-jag-blev-valdtagen\/\"><div class=\"swiper-slide-contents\"><div class=\"elementor-slide-heading\">Kr\u00f6nika<\/div><div class=\"elementor-slide-description\">\"Sn\u00e4lla sluta fr\u00e5ga mig vad jag hade p\u00e5 mig n\u00e4r jag blev v\u00e5ldtagen\"<\/div><\/div><\/a><\/div>\t\t\t\t<\/div>\n\t\t\t\t\t\t\t\t\t\t\t\t\t\t\t<div class=\"elementor-swiper-button elementor-swiper-button-prev\" role=\"button\" tabindex=\"0\" aria-label=\"F\u00f6reg\u00e5ende bild\">\n\t\t\t\t\t\t\t<i aria-hidden=\"true\" class=\"eicon-chevron-left\"><\/i>\t\t\t\t\t\t<\/div>\n\t\t\t\t\t\t<div class=\"elementor-swiper-button elementor-swiper-button-next\" role=\"button\" tabindex=\"0\" aria-label=\"N\u00e4sta bild\">\n\t\t\t\t\t\t\t<i aria-hidden=\"true\" class=\"eicon-chevron-right\"><\/i>\t\t\t\t\t\t<\/div>\n\t\t\t\t\t\t\t\t\t\t\t\t\t\t\t\t\t<\/div>\n\t\t\t\t<\/div>\n\t\t\t\t\t\t\t\t<\/div>\n\t\t\t\t<\/div>\n\t\t\t\t<div class=\"elementor-element elementor-element-080acef elementor-widget-divider--view-line elementor-widget elementor-widget-divider\" data-id=\"080acef\" data-element_type=\"widget\" data-widget_type=\"divider.default\">\n\t\t\t\t<div class=\"elementor-widget-container\">\n\t\t\t\t\t\t\t<div class=\"elementor-divider\">\n\t\t\t<span class=\"elementor-divider-separator\">\n\t\t\t\t\t\t<\/span>\n\t\t<\/div>\n\t\t\t\t\t\t<\/div>\n\t\t\t\t<\/div>\n\t\t\t\t\t<\/div>\n\t\t<\/div>\n\t\t\t\t\t<\/div>\n\t\t<\/section>\n\t\t\t\t<\/div>\n\t\t","protected":false},"excerpt":{"rendered":"<p>Kr\u00f6nikaAtt inte st\u00f6tta sitt lokala lag grusar m\u00f6jligheterna f\u00f6r svensk fotbollKr\u00f6nikaH\u00e4r kommer Kalmar HC, vilka fan \u00e4r ni?Kr\u00f6nika&#8221;Sn\u00e4lla sluta fr\u00e5ga mig vad jag hade p\u00e5 mig n\u00e4r jag blev v\u00e5ldtagen&#8221;<\/p>\n","protected":false},"author":49,"featured_media":0,"parent":0,"menu_order":0,"comment_status":"closed","ping_status":"closed","template":"","meta":{"footnotes":""},"class_list":["post-22","page","type-page","status-publish","hentry"],"_links":{"self":[{"href":"https:\/\/medieproduktion.lnu.se\/kalmarnir\/wp-json\/wp\/v2\/pages\/22","targetHints":{"allow":["GET"]}}],"collection":[{"href":"https:\/\/medieproduktion.lnu.se\/kalmarnir\/wp-json\/wp\/v2\/pages"}],"about":[{"href":"https:\/\/medieproduktion.lnu.se\/kalmarnir\/wp-json\/wp\/v2\/types\/page"}],"author":[{"embeddable":true,"href":"https:\/\/medieproduktion.lnu.se\/kalmarnir\/wp-json\/wp\/v2\/users\/49"}],"replies":[{"embeddable":true,"href":"https:\/\/medieproduktion.lnu.se\/kalmarnir\/wp-json\/wp\/v2\/comments?post=22"}],"version-history":[{"count":95,"href":"https:\/\/medieproduktion.lnu.se\/kalmarnir\/wp-json\/wp\/v2\/pages\/22\/revisions"}],"predecessor-version":[{"id":1025,"href":"https:\/\/medieproduktion.lnu.se\/kalmarnir\/wp-json\/wp\/v2\/pages\/22\/revisions\/1025"}],"wp:attachment":[{"href":"https:\/\/medieproduktion.lnu.se\/kalmarnir\/wp-json\/wp\/v2\/media?parent=22"}],"curies":[{"name":"wp","href":"https:\/\/api.w.org\/{rel}","templated":true}]}}