{"id":136,"date":"2021-03-09T10:37:52","date_gmt":"2021-03-09T09:37:52","guid":{"rendered":"http:\/\/medieproduktion.lnu.se\/kalmarcorren\/?page_id=136"},"modified":"2021-03-25T14:19:34","modified_gmt":"2021-03-25T13:19:34","slug":"lokalt","status":"publish","type":"page","link":"https:\/\/medieproduktion.lnu.se\/kalmarcorren\/lokalt\/","title":{"rendered":""},"content":{"rendered":"\t\t<div data-elementor-type=\"wp-post\" data-elementor-id=\"136\" class=\"elementor elementor-136 elementor-bc-flex-widget\" data-elementor-post-type=\"page\">\n\t\t\t\t\t\t<section class=\"elementor-section elementor-top-section elementor-element elementor-element-f02f4e2 elementor-section-boxed elementor-section-height-default elementor-section-height-default\" data-id=\"f02f4e2\" data-element_type=\"section\">\n\t\t\t\t\t\t<div class=\"elementor-container elementor-column-gap-default\">\n\t\t\t\t\t<div class=\"elementor-column elementor-col-100 elementor-top-column elementor-element elementor-element-3d1e95b\" data-id=\"3d1e95b\" data-element_type=\"column\">\n\t\t\t<div class=\"elementor-widget-wrap elementor-element-populated\">\n\t\t\t\t\t\t<div class=\"elementor-element elementor-element-03bb73d elementor-widget elementor-widget-heading\" data-id=\"03bb73d\" data-element_type=\"widget\" data-widget_type=\"heading.default\">\n\t\t\t\t<div class=\"elementor-widget-container\">\n\t\t\t\t\t<h2 class=\"elementor-heading-title elementor-size-default\">Lokalt<\/h2>\t\t\t\t<\/div>\n\t\t\t\t<\/div>\n\t\t\t\t<div class=\"elementor-element elementor-element-0f136fb elementor-grid-1 elementor-grid-tablet-2 elementor-grid-mobile-1 elementor-posts--thumbnail-top elementor-widget elementor-widget-posts\" data-id=\"0f136fb\" data-element_type=\"widget\" data-settings=\"{&quot;classic_columns&quot;:&quot;1&quot;,&quot;classic_columns_tablet&quot;:&quot;2&quot;,&quot;classic_columns_mobile&quot;:&quot;1&quot;,&quot;classic_row_gap&quot;:{&quot;unit&quot;:&quot;px&quot;,&quot;size&quot;:35,&quot;sizes&quot;:[]},&quot;classic_row_gap_tablet&quot;:{&quot;unit&quot;:&quot;px&quot;,&quot;size&quot;:&quot;&quot;,&quot;sizes&quot;:[]},&quot;classic_row_gap_mobile&quot;:{&quot;unit&quot;:&quot;px&quot;,&quot;size&quot;:&quot;&quot;,&quot;sizes&quot;:[]}}\" data-widget_type=\"posts.classic\">\n\t\t\t\t<div class=\"elementor-widget-container\">\n\t\t\t\t\t\t\t<div class=\"elementor-posts-container elementor-posts elementor-posts--skin-classic elementor-grid\" role=\"list\">\n\t\t\t\t<article class=\"elementor-post elementor-grid-item post-1070 post type-post status-publish format-standard has-post-thumbnail hentry category-lokalt\" role=\"listitem\">\n\t\t\t\t<a class=\"elementor-post__thumbnail__link\" href=\"https:\/\/medieproduktion.lnu.se\/kalmarcorren\/lokalt\/underskoterskan-moa-musiksatsar-som-hilma-det-ar-i-musiken-jag-kanner-mig\/\" tabindex=\"-1\" >\n\t\t\t<div class=\"elementor-post__thumbnail\"><img fetchpriority=\"high\" decoding=\"async\" width=\"1000\" height=\"1000\" src=\"https:\/\/medieproduktion.lnu.se\/kalmarcorren\/wp-content\/uploads\/sites\/517\/2021\/03\/hilma1_red.jpg\" class=\"attachment-large size-large wp-image-1089\" alt=\"Bild p\u00e5 Moa Erlandsson i profil\" srcset=\"https:\/\/medieproduktion.lnu.se\/kalmarcorren\/wp-content\/uploads\/sites\/517\/2021\/03\/hilma1_red.jpg 1000w, https:\/\/medieproduktion.lnu.se\/kalmarcorren\/wp-content\/uploads\/sites\/517\/2021\/03\/hilma1_red-150x150.jpg 150w, https:\/\/medieproduktion.lnu.se\/kalmarcorren\/wp-content\/uploads\/sites\/517\/2021\/03\/hilma1_red-300x300.jpg 300w, https:\/\/medieproduktion.lnu.se\/kalmarcorren\/wp-content\/uploads\/sites\/517\/2021\/03\/hilma1_red-768x768.jpg 768w\" sizes=\"(max-width: 1000px) 100vw, 1000px\" \/><\/div>\n\t\t<\/a>\n\t\t\t\t<div class=\"elementor-post__text\">\n\t\t\t\t<h3 class=\"elementor-post__title\">\n\t\t\t<a href=\"https:\/\/medieproduktion.lnu.se\/kalmarcorren\/lokalt\/underskoterskan-moa-musiksatsar-som-hilma-det-ar-i-musiken-jag-kanner-mig\/\" >\n\t\t\t\tUndersk\u00f6terskan Moa musiksatsar som \u201dHilma\u201d: \u201dDet \u00e4r i musiken jag k\u00e4nner mig trygg\u201d\t\t\t<\/a>\n\t\t<\/h3>\n\t\t\t\t<div class=\"elementor-post__meta-data\">\n\t\t\t\t\t<span class=\"elementor-post-author\">\n\t\t\tAlbin Lindstr\u00f6m\t\t<\/span>\n\t\t\t\t<span class=\"elementor-post-date\">\n\t\t\t24 mars, 2021\t\t<\/span>\n\t\t\t\t<\/div>\n\t\t\t\t<div class=\"elementor-post__excerpt\">\n\t\t\t<p><a href=\"http:\/\/medieproduktion.lnu.se\/kalmarcorren\/lokalt\/underskoterskan-moa-musiksatsar-som-hilma-det-ar-i-musiken-jag-kanner-mig\">Veckans artist i P4 Kalmar. Tv\u00e5 sl\u00e4ppta singlar. Bakom artistnamnet Hilma d\u00f6ljer sig Moa Erlandsson \u2013 en helt vanlig undersk\u00f6terska uppv\u00e4xt i Alsterbro.<\/a><\/p>\n\t\t<\/div>\n\t\t\t\t<\/div>\n\t\t\t\t<\/article>\n\t\t\t\t<\/div>\n\t\t\n\t\t\t\t\t\t<\/div>\n\t\t\t\t<\/div>\n\t\t\t\t\t<\/div>\n\t\t<\/div>\n\t\t\t\t\t<\/div>\n\t\t<\/section>\n\t\t\t\t<section class=\"elementor-section elementor-top-section elementor-element elementor-element-33d9b52 elementor-section-boxed elementor-section-height-default elementor-section-height-default\" data-id=\"33d9b52\" data-element_type=\"section\">\n\t\t\t\t\t\t<div class=\"elementor-container elementor-column-gap-default\">\n\t\t\t\t\t<div class=\"elementor-column elementor-col-100 elementor-top-column elementor-element elementor-element-5f0d699\" data-id=\"5f0d699\" data-element_type=\"column\">\n\t\t\t<div class=\"elementor-widget-wrap elementor-element-populated\">\n\t\t\t\t\t\t<div class=\"elementor-element elementor-element-011e4d5 elementor-grid-2 elementor-grid-tablet-2 elementor-grid-mobile-1 elementor-posts--thumbnail-top elementor-widget elementor-widget-posts\" data-id=\"011e4d5\" data-element_type=\"widget\" data-settings=\"{&quot;classic_columns&quot;:&quot;2&quot;,&quot;classic_columns_tablet&quot;:&quot;2&quot;,&quot;classic_columns_mobile&quot;:&quot;1&quot;,&quot;classic_row_gap&quot;:{&quot;unit&quot;:&quot;px&quot;,&quot;size&quot;:35,&quot;sizes&quot;:[]},&quot;classic_row_gap_tablet&quot;:{&quot;unit&quot;:&quot;px&quot;,&quot;size&quot;:&quot;&quot;,&quot;sizes&quot;:[]},&quot;classic_row_gap_mobile&quot;:{&quot;unit&quot;:&quot;px&quot;,&quot;size&quot;:&quot;&quot;,&quot;sizes&quot;:[]}}\" data-widget_type=\"posts.classic\">\n\t\t\t\t<div class=\"elementor-widget-container\">\n\t\t\t\t\t\t\t<div class=\"elementor-posts-container elementor-posts elementor-posts--skin-classic elementor-grid\" role=\"list\">\n\t\t\t\t<article class=\"elementor-post elementor-grid-item post-994 post type-post status-publish format-standard has-post-thumbnail hentry category-inrikes category-lokalt\" role=\"listitem\">\n\t\t\t\t<a class=\"elementor-post__thumbnail__link\" href=\"https:\/\/medieproduktion.lnu.se\/kalmarcorren\/inrikes\/region-kalmar-i-topp-over-andel-vaccinerade-och-sa-ar-laget-i-resten-av-landet\/\" tabindex=\"-1\" >\n\t\t\t<div class=\"elementor-post__thumbnail\"><img decoding=\"async\" width=\"1000\" height=\"945\" src=\"https:\/\/medieproduktion.lnu.se\/kalmarcorren\/wp-content\/uploads\/sites\/517\/2021\/03\/sprutawebb.jpg\" class=\"attachment-large size-large wp-image-1013\" alt=\"Bild p\u00e5 spruta som fylls. Foto: NIAID.\" srcset=\"https:\/\/medieproduktion.lnu.se\/kalmarcorren\/wp-content\/uploads\/sites\/517\/2021\/03\/sprutawebb.jpg 1000w, https:\/\/medieproduktion.lnu.se\/kalmarcorren\/wp-content\/uploads\/sites\/517\/2021\/03\/sprutawebb-300x284.jpg 300w, https:\/\/medieproduktion.lnu.se\/kalmarcorren\/wp-content\/uploads\/sites\/517\/2021\/03\/sprutawebb-768x726.jpg 768w\" sizes=\"(max-width: 1000px) 100vw, 1000px\" \/><\/div>\n\t\t<\/a>\n\t\t\t\t<div class=\"elementor-post__text\">\n\t\t\t\t<h3 class=\"elementor-post__title\">\n\t\t\t<a href=\"https:\/\/medieproduktion.lnu.se\/kalmarcorren\/inrikes\/region-kalmar-i-topp-over-andel-vaccinerade-och-sa-ar-laget-i-resten-av-landet\/\" >\n\t\t\t\tRegion Kalmar i topp \u00f6ver andel vaccinerade \u2013 och s\u00e5 \u00e4r l\u00e4get i resten av landet\t\t\t<\/a>\n\t\t<\/h3>\n\t\t\t\t<div class=\"elementor-post__meta-data\">\n\t\t\t\t\t<span class=\"elementor-post-author\">\n\t\t\tNils Cedman\t\t<\/span>\n\t\t\t\t<span class=\"elementor-post-date\">\n\t\t\t24 mars, 2021\t\t<\/span>\n\t\t\t\t<\/div>\n\t\t\t\t<div class=\"elementor-post__excerpt\">\n\t\t\t<p><a href=\"http:\/\/medieproduktion.lnu.se\/kalmarcorren\/inrikes\/region-kalmar-i-topp-over-andel-vaccinerade-och-sa-ar-laget-i-resten-av-landet\/\">Flest andel vaccinerade i Region Kalmar L\u00e4n och Gotland.<\/a><\/p>\n\t\t<\/div>\n\t\t\t\t<\/div>\n\t\t\t\t<\/article>\n\t\t\t\t<article class=\"elementor-post elementor-grid-item post-863 post type-post status-publish format-standard has-post-thumbnail hentry category-lokalt\" role=\"listitem\">\n\t\t\t\t<a class=\"elementor-post__thumbnail__link\" href=\"https:\/\/medieproduktion.lnu.se\/kalmarcorren\/lokalt\/coronalaget-ett-nytt-dodsfall-i-covid-19\/\" tabindex=\"-1\" >\n\t\t\t<div class=\"elementor-post__thumbnail\"><img decoding=\"async\" width=\"800\" height=\"533\" src=\"https:\/\/medieproduktion.lnu.se\/kalmarcorren\/wp-content\/uploads\/sites\/517\/2021\/03\/corona_red.jpg\" class=\"attachment-large size-large wp-image-669\" alt=\"Provtagning av covid-19.\" srcset=\"https:\/\/medieproduktion.lnu.se\/kalmarcorren\/wp-content\/uploads\/sites\/517\/2021\/03\/corona_red.jpg 800w, https:\/\/medieproduktion.lnu.se\/kalmarcorren\/wp-content\/uploads\/sites\/517\/2021\/03\/corona_red-300x200.jpg 300w, https:\/\/medieproduktion.lnu.se\/kalmarcorren\/wp-content\/uploads\/sites\/517\/2021\/03\/corona_red-768x512.jpg 768w\" sizes=\"(max-width: 800px) 100vw, 800px\" \/><\/div>\n\t\t<\/a>\n\t\t\t\t<div class=\"elementor-post__text\">\n\t\t\t\t<h3 class=\"elementor-post__title\">\n\t\t\t<a href=\"https:\/\/medieproduktion.lnu.se\/kalmarcorren\/lokalt\/coronalaget-ett-nytt-dodsfall-i-covid-19\/\" >\n\t\t\t\tCoronal\u00e4get: Ett nytt d\u00f6dsfall i covid-19\t\t\t<\/a>\n\t\t<\/h3>\n\t\t\t\t<div class=\"elementor-post__meta-data\">\n\t\t\t\t\t<span class=\"elementor-post-author\">\n\t\t\tNils Cedman\t\t<\/span>\n\t\t\t\t<span class=\"elementor-post-date\">\n\t\t\t22 mars, 2021\t\t<\/span>\n\t\t\t\t<\/div>\n\t\t\t\t<div class=\"elementor-post__excerpt\">\n\t\t\t<p><a href=\"http:\/\/medieproduktion.lnu.se\/kalmarcorren\/?p=863&amp;preview=true\/\">Ett nytt d\u00f6dsfall i covid-19 senaste dygnet.<\/a><\/p>\n\t\t<\/div>\n\t\t\t\t<\/div>\n\t\t\t\t<\/article>\n\t\t\t\t<article class=\"elementor-post elementor-grid-item post-712 post type-post status-publish format-standard has-post-thumbnail hentry category-lokalt\" role=\"listitem\">\n\t\t\t\t<a class=\"elementor-post__thumbnail__link\" href=\"https:\/\/medieproduktion.lnu.se\/kalmarcorren\/lokalt\/linneuniversitetet-avviker-fran-nationell-fusktrend\/\" tabindex=\"-1\" >\n\t\t\t<div class=\"elementor-post__thumbnail\"><img loading=\"lazy\" decoding=\"async\" width=\"1024\" height=\"768\" src=\"https:\/\/medieproduktion.lnu.se\/kalmarcorren\/wp-content\/uploads\/sites\/517\/2021\/03\/IMG_7887-1-1024x768.jpg\" class=\"attachment-large size-large wp-image-841\" alt=\"En student som skriver p\u00e5 sin dator\" srcset=\"https:\/\/medieproduktion.lnu.se\/kalmarcorren\/wp-content\/uploads\/sites\/517\/2021\/03\/IMG_7887-1-1024x768.jpg 1024w, https:\/\/medieproduktion.lnu.se\/kalmarcorren\/wp-content\/uploads\/sites\/517\/2021\/03\/IMG_7887-1-300x225.jpg 300w, https:\/\/medieproduktion.lnu.se\/kalmarcorren\/wp-content\/uploads\/sites\/517\/2021\/03\/IMG_7887-1-768x576.jpg 768w, https:\/\/medieproduktion.lnu.se\/kalmarcorren\/wp-content\/uploads\/sites\/517\/2021\/03\/IMG_7887-1.jpg 1500w\" sizes=\"(max-width: 1024px) 100vw, 1024px\" \/><\/div>\n\t\t<\/a>\n\t\t\t\t<div class=\"elementor-post__text\">\n\t\t\t\t<h3 class=\"elementor-post__title\">\n\t\t\t<a href=\"https:\/\/medieproduktion.lnu.se\/kalmarcorren\/lokalt\/linneuniversitetet-avviker-fran-nationell-fusktrend\/\" >\n\t\t\t\tLinn\u00e9universitetet avviker fr\u00e5n nationell fusktrend\t\t\t<\/a>\n\t\t<\/h3>\n\t\t\t\t<div class=\"elementor-post__meta-data\">\n\t\t\t\t\t<span class=\"elementor-post-author\">\n\t\t\tSamuel Wikstr\u00f6m\t\t<\/span>\n\t\t\t\t<span class=\"elementor-post-date\">\n\t\t\t18 mars, 2021\t\t<\/span>\n\t\t\t\t<\/div>\n\t\t\t\t<div class=\"elementor-post__excerpt\">\n\t\t\t<p><a href=\"http:\/\/medieproduktion.lnu.se\/kalmarcorren\/lokalt\/linneuniversitetet-avviker-fran-nationell-fusktrend\/\">Antalet rapporterade disciplin\u00e4renden har \u00f6kat med 61% procent i Sverige i samband med coronapandemin.  P\u00e5 Linn\u00e9universitetet har fusket bara \u00f6kat med 6%.<\/a><\/p>\n\t\t<\/div>\n\t\t\t\t<\/div>\n\t\t\t\t<\/article>\n\t\t\t\t<article class=\"elementor-post elementor-grid-item post-809 post type-post status-publish format-standard has-post-thumbnail hentry category-lokalt\" role=\"listitem\">\n\t\t\t\t<a class=\"elementor-post__thumbnail__link\" href=\"https:\/\/medieproduktion.lnu.se\/kalmarcorren\/lokalt\/coronalaget-147-nya-positiva-fall-i-kalmar-lan\/\" tabindex=\"-1\" >\n\t\t\t<div class=\"elementor-post__thumbnail\"><img loading=\"lazy\" decoding=\"async\" width=\"1024\" height=\"576\" src=\"https:\/\/medieproduktion.lnu.se\/kalmarcorren\/wp-content\/uploads\/sites\/517\/2021\/03\/covid-mannen-1024x576.jpg\" class=\"attachment-large size-large wp-image-820\" alt=\"Bild p\u00e5 bakterien som orsakar coronaviruset\" srcset=\"https:\/\/medieproduktion.lnu.se\/kalmarcorren\/wp-content\/uploads\/sites\/517\/2021\/03\/covid-mannen-1024x576.jpg 1024w, https:\/\/medieproduktion.lnu.se\/kalmarcorren\/wp-content\/uploads\/sites\/517\/2021\/03\/covid-mannen-300x169.jpg 300w, https:\/\/medieproduktion.lnu.se\/kalmarcorren\/wp-content\/uploads\/sites\/517\/2021\/03\/covid-mannen-768x432.jpg 768w, https:\/\/medieproduktion.lnu.se\/kalmarcorren\/wp-content\/uploads\/sites\/517\/2021\/03\/covid-mannen.jpg 1489w\" sizes=\"(max-width: 1024px) 100vw, 1024px\" \/><\/div>\n\t\t<\/a>\n\t\t\t\t<div class=\"elementor-post__text\">\n\t\t\t\t<h3 class=\"elementor-post__title\">\n\t\t\t<a href=\"https:\/\/medieproduktion.lnu.se\/kalmarcorren\/lokalt\/coronalaget-147-nya-positiva-fall-i-kalmar-lan\/\" >\n\t\t\t\tCoronal\u00e4get: 147 nya positiva fall i Kalmar l\u00e4n\t\t\t<\/a>\n\t\t<\/h3>\n\t\t\t\t<div class=\"elementor-post__meta-data\">\n\t\t\t\t\t<span class=\"elementor-post-author\">\n\t\t\tSamuel Wikstr\u00f6m\t\t<\/span>\n\t\t\t\t<span class=\"elementor-post-date\">\n\t\t\t18 mars, 2021\t\t<\/span>\n\t\t\t\t<\/div>\n\t\t\t\t<div class=\"elementor-post__excerpt\">\n\t\t\t<p><a href=\"http:\/\/medieproduktion.lnu.se\/kalmarcorren\/lokalt\/coronalaget-147-nya-positiva-fall-i-kalmar-lan\/\">Tre f\u00e4rre personer v\u00e5rdas p\u00e5 sjukhus. 147 nya positiva test. S\u00e5 ser coronal\u00e4get ut i Kalmar l\u00e4n idag. <\/a><\/p>\n\t\t<\/div>\n\t\t\t\t<\/div>\n\t\t\t\t<\/article>\n\t\t\t\t<\/div>\n\t\t\n\t\t\t\t\t\t<\/div>\n\t\t\t\t<\/div>\n\t\t\t\t\t<\/div>\n\t\t<\/div>\n\t\t\t\t\t<\/div>\n\t\t<\/section>\n\t\t\t\t<section class=\"elementor-section elementor-top-section elementor-element elementor-element-9708f92 elementor-section-boxed elementor-section-height-default elementor-section-height-default\" data-id=\"9708f92\" data-element_type=\"section\">\n\t\t\t\t\t\t<div class=\"elementor-container elementor-column-gap-default\">\n\t\t\t\t\t<div class=\"elementor-column elementor-col-100 elementor-top-column elementor-element elementor-element-3e4c8c0\" data-id=\"3e4c8c0\" data-element_type=\"column\">\n\t\t\t<div class=\"elementor-widget-wrap elementor-element-populated\">\n\t\t\t\t\t\t<div class=\"elementor-element elementor-element-f1ba28b elementor-grid-2 elementor-grid-tablet-2 elementor-grid-mobile-1 elementor-posts--thumbnail-top elementor-widget elementor-widget-posts\" data-id=\"f1ba28b\" data-element_type=\"widget\" data-settings=\"{&quot;classic_columns&quot;:&quot;2&quot;,&quot;classic_columns_tablet&quot;:&quot;2&quot;,&quot;classic_columns_mobile&quot;:&quot;1&quot;,&quot;classic_row_gap&quot;:{&quot;unit&quot;:&quot;px&quot;,&quot;size&quot;:35,&quot;sizes&quot;:[]},&quot;classic_row_gap_tablet&quot;:{&quot;unit&quot;:&quot;px&quot;,&quot;size&quot;:&quot;&quot;,&quot;sizes&quot;:[]},&quot;classic_row_gap_mobile&quot;:{&quot;unit&quot;:&quot;px&quot;,&quot;size&quot;:&quot;&quot;,&quot;sizes&quot;:[]}}\" data-widget_type=\"posts.classic\">\n\t\t\t\t<div class=\"elementor-widget-container\">\n\t\t\t\t\t\t\t<div class=\"elementor-posts-container elementor-posts elementor-posts--skin-classic elementor-grid\" role=\"list\">\n\t\t\t\t<article class=\"elementor-post elementor-grid-item post-789 post type-post status-publish format-standard has-post-thumbnail hentry category-lokalt\" role=\"listitem\">\n\t\t\t\t<a class=\"elementor-post__thumbnail__link\" href=\"https:\/\/medieproduktion.lnu.se\/kalmarcorren\/lokalt\/boende-kritiska-efter-kommunikationskaoset-kanns-som-att-de-inte-hade-koll\/\" tabindex=\"-1\" >\n\t\t\t<div class=\"elementor-post__thumbnail\"><img loading=\"lazy\" decoding=\"async\" width=\"1000\" height=\"587\" src=\"https:\/\/medieproduktion.lnu.se\/kalmarcorren\/wp-content\/uploads\/sites\/517\/2021\/03\/williamjuhlinfinal1webb.jpg\" class=\"attachment-large size-large wp-image-1092\" alt=\"Montage p\u00e5 Kalmarhem och William Juhlin som intervjuas i artikeln.\" srcset=\"https:\/\/medieproduktion.lnu.se\/kalmarcorren\/wp-content\/uploads\/sites\/517\/2021\/03\/williamjuhlinfinal1webb.jpg 1000w, https:\/\/medieproduktion.lnu.se\/kalmarcorren\/wp-content\/uploads\/sites\/517\/2021\/03\/williamjuhlinfinal1webb-300x176.jpg 300w, https:\/\/medieproduktion.lnu.se\/kalmarcorren\/wp-content\/uploads\/sites\/517\/2021\/03\/williamjuhlinfinal1webb-768x451.jpg 768w\" sizes=\"(max-width: 1000px) 100vw, 1000px\" \/><\/div>\n\t\t<\/a>\n\t\t\t\t<div class=\"elementor-post__text\">\n\t\t\t\t<h3 class=\"elementor-post__title\">\n\t\t\t<a href=\"https:\/\/medieproduktion.lnu.se\/kalmarcorren\/lokalt\/boende-kritiska-efter-kommunikationskaoset-kanns-som-att-de-inte-hade-koll\/\" >\n\t\t\t\tBoende kritiska efter kommunikationskaoset: &#8221;K\u00e4nns som att de inte hade koll&#8221;\t\t\t<\/a>\n\t\t<\/h3>\n\t\t\t\t<div class=\"elementor-post__meta-data\">\n\t\t\t\t\t<span class=\"elementor-post-author\">\n\t\t\tNils Cedman\t\t<\/span>\n\t\t\t\t<span class=\"elementor-post-date\">\n\t\t\t18 mars, 2021\t\t<\/span>\n\t\t\t\t<\/div>\n\t\t\t\t<div class=\"elementor-post__excerpt\">\n\t\t\t<p><a href=\"http:\/\/medieproduktion.lnu.se\/kalmarcorren\/?p=789&amp;preview=true\/\"> Kalmarhems VD medger kommunikationsmiss:&#8221;Det som kom ut i mejlet l\u00e5ter v\u00e4rre \u00e4n vad det \u00e4r&#8221;<\/a> <\/p>\n\t\t<\/div>\n\t\t\t\t<\/div>\n\t\t\t\t<\/article>\n\t\t\t\t<article class=\"elementor-post elementor-grid-item post-803 post type-post status-publish format-standard has-post-thumbnail hentry category-lokalt\" role=\"listitem\">\n\t\t\t\t<a class=\"elementor-post__thumbnail__link\" href=\"https:\/\/medieproduktion.lnu.se\/kalmarcorren\/lokalt\/fjardeklassare-distansundervisas-efter-coronautbrott\/\" tabindex=\"-1\" >\n\t\t\t<div class=\"elementor-post__thumbnail\"><img loading=\"lazy\" decoding=\"async\" width=\"1000\" height=\"667\" src=\"https:\/\/medieproduktion.lnu.se\/kalmarcorren\/wp-content\/uploads\/sites\/517\/2021\/03\/skola_red.jpg\" class=\"attachment-large size-large wp-image-822\" alt=\"En bild p\u00e5 ett klassrum\" srcset=\"https:\/\/medieproduktion.lnu.se\/kalmarcorren\/wp-content\/uploads\/sites\/517\/2021\/03\/skola_red.jpg 1000w, https:\/\/medieproduktion.lnu.se\/kalmarcorren\/wp-content\/uploads\/sites\/517\/2021\/03\/skola_red-300x200.jpg 300w, https:\/\/medieproduktion.lnu.se\/kalmarcorren\/wp-content\/uploads\/sites\/517\/2021\/03\/skola_red-768x512.jpg 768w\" sizes=\"(max-width: 1000px) 100vw, 1000px\" \/><\/div>\n\t\t<\/a>\n\t\t\t\t<div class=\"elementor-post__text\">\n\t\t\t\t<h3 class=\"elementor-post__title\">\n\t\t\t<a href=\"https:\/\/medieproduktion.lnu.se\/kalmarcorren\/lokalt\/fjardeklassare-distansundervisas-efter-coronautbrott\/\" >\n\t\t\t\tFj\u00e4rdeklassare distansundervisas efter coronautbrott\t\t\t<\/a>\n\t\t<\/h3>\n\t\t\t\t<div class=\"elementor-post__meta-data\">\n\t\t\t\t\t<span class=\"elementor-post-author\">\n\t\t\tAlbin Lindstr\u00f6m\t\t<\/span>\n\t\t\t\t<span class=\"elementor-post-date\">\n\t\t\t18 mars, 2021\t\t<\/span>\n\t\t\t\t<\/div>\n\t\t\t\t<div class=\"elementor-post__excerpt\">\n\t\t\t<p><a href=\"http:\/\/medieproduktion.lnu.se\/kalmarcorren\/okategoriserade\/fjardeklassare-undervisas-pa-distans-efter-coronautbrott\">En klass 4 p\u00e5 Sj\u00f6\u00e4ngsskolan i Lindsdal \u00f6verg\u00e5r till distansundervisning. Orsaken \u00e4r ett coronautbrott i klassen<\/a>.<\/p>\n\t\t<\/div>\n\t\t\t\t<\/div>\n\t\t\t\t<\/article>\n\t\t\t\t<article class=\"elementor-post elementor-grid-item post-708 post type-post status-publish format-standard has-post-thumbnail hentry category-lokalt category-sport\" role=\"listitem\">\n\t\t\t\t<a class=\"elementor-post__thumbnail__link\" href=\"https:\/\/medieproduktion.lnu.se\/kalmarcorren\/lokalt\/stort-tapp-i-antal-unga-idrottsutovare-kampsporten-en-av-de-stora-forlorarna\/\" tabindex=\"-1\" >\n\t\t\t<div class=\"elementor-post__thumbnail\"><img loading=\"lazy\" decoding=\"async\" width=\"1000\" height=\"665\" src=\"https:\/\/medieproduktion.lnu.se\/kalmarcorren\/wp-content\/uploads\/sites\/517\/2021\/03\/judo_red.jpg\" class=\"attachment-large size-large wp-image-760\" alt=\"Bild p\u00e5 tv\u00e5 personer som t\u00e4vlar i Judo\" srcset=\"https:\/\/medieproduktion.lnu.se\/kalmarcorren\/wp-content\/uploads\/sites\/517\/2021\/03\/judo_red.jpg 1000w, https:\/\/medieproduktion.lnu.se\/kalmarcorren\/wp-content\/uploads\/sites\/517\/2021\/03\/judo_red-300x200.jpg 300w, https:\/\/medieproduktion.lnu.se\/kalmarcorren\/wp-content\/uploads\/sites\/517\/2021\/03\/judo_red-768x511.jpg 768w\" sizes=\"(max-width: 1000px) 100vw, 1000px\" \/><\/div>\n\t\t<\/a>\n\t\t\t\t<div class=\"elementor-post__text\">\n\t\t\t\t<h3 class=\"elementor-post__title\">\n\t\t\t<a href=\"https:\/\/medieproduktion.lnu.se\/kalmarcorren\/lokalt\/stort-tapp-i-antal-unga-idrottsutovare-kampsporten-en-av-de-stora-forlorarna\/\" >\n\t\t\t\tF\u00e4rre unga idrottare till f\u00f6ljd av pandemin \u2013 kampsporten drabbas h\u00e5rt\t\t\t<\/a>\n\t\t<\/h3>\n\t\t\t\t<div class=\"elementor-post__meta-data\">\n\t\t\t\t\t<span class=\"elementor-post-author\">\n\t\t\tAlbin Lindstr\u00f6m\t\t<\/span>\n\t\t\t\t<span class=\"elementor-post-date\">\n\t\t\t17 mars, 2021\t\t<\/span>\n\t\t\t\t<\/div>\n\t\t\t\t<div class=\"elementor-post__excerpt\">\n\t\t\t<p><a href=\"http:\/\/medieproduktion.lnu.se\/kalmarcorren\/lokalt\/stort-tapp-i-antal-unga-idrottsutovare-kampsporten-en-av-de-stora-forlorarna\">Antalet unga som ut\u00f6var f\u00f6reningsidrotter har minskat drastiskt under pandemin. I Kalmar st\u00e5r kampsport, som uppvisar en nedg\u00e5ng p\u00e5 drygt 36 procent, f\u00f6r en av de st\u00f6rsta tappen<\/a>.<\/p>\n\t\t<\/div>\n\t\t\t\t<\/div>\n\t\t\t\t<\/article>\n\t\t\t\t<article class=\"elementor-post elementor-grid-item post-704 post type-post status-publish format-standard has-post-thumbnail hentry category-lokalt\" role=\"listitem\">\n\t\t\t\t<a class=\"elementor-post__thumbnail__link\" href=\"https:\/\/medieproduktion.lnu.se\/kalmarcorren\/lokalt\/fler-invanare-an-nagonsin-i-lanet-och-kalmar-stad-over-70-000-invanare\/\" tabindex=\"-1\" >\n\t\t\t<div class=\"elementor-post__thumbnail\"><img loading=\"lazy\" decoding=\"async\" width=\"1000\" height=\"457\" src=\"https:\/\/medieproduktion.lnu.se\/kalmarcorren\/wp-content\/uploads\/sites\/517\/2021\/03\/Kalmarcentral.jpg\" class=\"attachment-large size-large wp-image-728\" alt=\"Bild p\u00e5 Kalmars centralstation.\" srcset=\"https:\/\/medieproduktion.lnu.se\/kalmarcorren\/wp-content\/uploads\/sites\/517\/2021\/03\/Kalmarcentral.jpg 1000w, https:\/\/medieproduktion.lnu.se\/kalmarcorren\/wp-content\/uploads\/sites\/517\/2021\/03\/Kalmarcentral-300x137.jpg 300w, https:\/\/medieproduktion.lnu.se\/kalmarcorren\/wp-content\/uploads\/sites\/517\/2021\/03\/Kalmarcentral-768x351.jpg 768w\" sizes=\"(max-width: 1000px) 100vw, 1000px\" \/><\/div>\n\t\t<\/a>\n\t\t\t\t<div class=\"elementor-post__text\">\n\t\t\t\t<h3 class=\"elementor-post__title\">\n\t\t\t<a href=\"https:\/\/medieproduktion.lnu.se\/kalmarcorren\/lokalt\/fler-invanare-an-nagonsin-i-lanet-och-kalmar-stad-over-70-000-invanare\/\" >\n\t\t\t\tFler inv\u00e5nare \u00e4n n\u00e5gonsin i l\u00e4net \u2013 och Kalmar stad \u00f6ver 70 000 inv\u00e5nare\t\t\t<\/a>\n\t\t<\/h3>\n\t\t\t\t<div class=\"elementor-post__meta-data\">\n\t\t\t\t\t<span class=\"elementor-post-author\">\n\t\t\tNils Cedman\t\t<\/span>\n\t\t\t\t<span class=\"elementor-post-date\">\n\t\t\t17 mars, 2021\t\t<\/span>\n\t\t\t\t<\/div>\n\t\t\t\t<div class=\"elementor-post__excerpt\">\n\t\t\t<p><a href=\"http:\/\/medieproduktion.lnu.se\/kalmarcorren\/?p=704&amp;preview=true\/\">Befolkningen st\u00f6rre \u00e4n n\u00e5gonsin i l\u00e4net \u2013 Kalmar stad f\u00f6r f\u00f6rsta g\u00e5ngen \u00f6ver 70 000 inv\u00e5nare<\/a>.<\/p>\n\t\t<\/div>\n\t\t\t\t<\/div>\n\t\t\t\t<\/article>\n\t\t\t\t<\/div>\n\t\t\n\t\t\t\t\t\t<\/div>\n\t\t\t\t<\/div>\n\t\t\t\t\t<\/div>\n\t\t<\/div>\n\t\t\t\t\t<\/div>\n\t\t<\/section>\n\t\t\t\t<\/div>\n\t\t","protected":false},"excerpt":{"rendered":"<p>Lokalt<\/p>\n","protected":false},"author":358,"featured_media":0,"parent":0,"menu_order":0,"comment_status":"closed","ping_status":"closed","template":"","meta":{"_seopress_robots_primary_cat":"","_seopress_titles_title":"","_seopress_titles_desc":"","_seopress_robots_index":"","footnotes":""},"class_list":["post-136","page","type-page","status-publish","hentry"],"_links":{"self":[{"href":"https:\/\/medieproduktion.lnu.se\/kalmarcorren\/wp-json\/wp\/v2\/pages\/136","targetHints":{"allow":["GET"]}}],"collection":[{"href":"https:\/\/medieproduktion.lnu.se\/kalmarcorren\/wp-json\/wp\/v2\/pages"}],"about":[{"href":"https:\/\/medieproduktion.lnu.se\/kalmarcorren\/wp-json\/wp\/v2\/types\/page"}],"author":[{"embeddable":true,"href":"https:\/\/medieproduktion.lnu.se\/kalmarcorren\/wp-json\/wp\/v2\/users\/358"}],"replies":[{"embeddable":true,"href":"https:\/\/medieproduktion.lnu.se\/kalmarcorren\/wp-json\/wp\/v2\/comments?post=136"}],"version-history":[{"count":20,"href":"https:\/\/medieproduktion.lnu.se\/kalmarcorren\/wp-json\/wp\/v2\/pages\/136\/revisions"}],"predecessor-version":[{"id":1162,"href":"https:\/\/medieproduktion.lnu.se\/kalmarcorren\/wp-json\/wp\/v2\/pages\/136\/revisions\/1162"}],"wp:attachment":[{"href":"https:\/\/medieproduktion.lnu.se\/kalmarcorren\/wp-json\/wp\/v2\/media?parent=136"}],"curies":[{"name":"wp","href":"https:\/\/api.w.org\/{rel}","templated":true}]}}