{"id":79,"date":"2021-02-03T13:38:34","date_gmt":"2021-02-03T12:38:34","guid":{"rendered":"http:\/\/medieproduktion.lnu.se\/juvenilen\/?page_id=79"},"modified":"2021-02-09T09:57:45","modified_gmt":"2021-02-09T08:57:45","slug":"redaktionen","status":"publish","type":"page","link":"https:\/\/medieproduktion.lnu.se\/juvenilen\/redaktionen\/","title":{"rendered":"REDAKTIONEN"},"content":{"rendered":"\t\t<div data-elementor-type=\"wp-post\" data-elementor-id=\"79\" class=\"elementor elementor-79 elementor-bc-flex-widget\" data-elementor-post-type=\"page\">\n\t\t\t\t\t\t<section class=\"elementor-section elementor-top-section elementor-element elementor-element-37d1821 elementor-section-boxed elementor-section-height-default elementor-section-height-default\" data-id=\"37d1821\" data-element_type=\"section\">\n\t\t\t\t\t\t<div class=\"elementor-container elementor-column-gap-default\">\n\t\t\t\t\t<div class=\"elementor-column elementor-col-100 elementor-top-column elementor-element elementor-element-2e27829\" data-id=\"2e27829\" data-element_type=\"column\">\n\t\t\t<div class=\"elementor-widget-wrap elementor-element-populated\">\n\t\t\t\t\t\t<div class=\"elementor-element elementor-element-3fcafa4 elementor-widget elementor-widget-text-editor\" data-id=\"3fcafa4\" data-element_type=\"widget\" data-widget_type=\"text-editor.default\">\n\t\t\t\t<div class=\"elementor-widget-container\">\n\t\t\t\t\t\t\t\t\t<p>Juvenilen fokuserar p\u00e5 att leverera nyheter f\u00f6r unga i Kalmar l\u00e4n.<br \/>Redaktionen best\u00e5r av fyra journaliststudenter p\u00e5 Linneuniversitetet i Kalmar. Vid fr\u00e5gor eller tips g\u00e5r vi att n\u00e5s p\u00e5\u00a0<a href=\"juvenilenkalmar@gmail.com\">juvenilenkalmar@gmail.com.<\/a><\/p>\t\t\t\t\t\t\t\t<\/div>\n\t\t\t\t<\/div>\n\t\t\t\t\t<\/div>\n\t\t<\/div>\n\t\t\t\t\t<\/div>\n\t\t<\/section>\n\t\t\t\t<section class=\"elementor-section elementor-top-section elementor-element elementor-element-d6ea7ec elementor-section-boxed elementor-section-height-default elementor-section-height-default\" data-id=\"d6ea7ec\" data-element_type=\"section\">\n\t\t\t\t\t\t<div class=\"elementor-container elementor-column-gap-default\">\n\t\t\t\t\t<div class=\"elementor-column elementor-col-50 elementor-top-column elementor-element elementor-element-7a8caef\" data-id=\"7a8caef\" data-element_type=\"column\">\n\t\t\t<div class=\"elementor-widget-wrap elementor-element-populated\">\n\t\t\t\t\t\t<div class=\"elementor-element elementor-element-249ed63 elementor-widget elementor-widget-image\" data-id=\"249ed63\" data-element_type=\"widget\" data-widget_type=\"image.default\">\n\t\t\t\t<div class=\"elementor-widget-container\">\n\t\t\t\t\t\t\t\t\t\t\t\t\t\t\t<img decoding=\"async\" src=\"https:\/\/medieproduktion.lnu.se\/juvenilen\/wp-content\/uploads\/sites\/470\/2021\/02\/AWL2134-7.jpg\" title=\"_AWL2134\" alt=\"Anna Waktel, reporter p\u00e5 Juvenilen.\" loading=\"lazy\" \/>\t\t\t\t\t\t\t\t\t\t\t\t\t\t\t<\/div>\n\t\t\t\t<\/div>\n\t\t\t\t\t<\/div>\n\t\t<\/div>\n\t\t\t\t<div class=\"elementor-column elementor-col-50 elementor-top-column elementor-element elementor-element-cb542af\" data-id=\"cb542af\" data-element_type=\"column\">\n\t\t\t<div class=\"elementor-widget-wrap elementor-element-populated\">\n\t\t\t\t\t\t<div class=\"elementor-element elementor-element-6ad828f elementor-widget elementor-widget-image\" data-id=\"6ad828f\" data-element_type=\"widget\" data-widget_type=\"image.default\">\n\t\t\t\t<div class=\"elementor-widget-container\">\n\t\t\t\t\t\t\t\t\t\t\t\t\t\t\t<img fetchpriority=\"high\" decoding=\"async\" width=\"467\" height=\"700\" src=\"https:\/\/medieproduktion.lnu.se\/juvenilen\/wp-content\/uploads\/sites\/470\/2021\/02\/MATILDAA.jpg\" class=\"attachment-medium_large size-medium_large wp-image-425\" alt=\"Matilda Kennerberg, reporter p\u00e5 Juvenilen.\" srcset=\"https:\/\/medieproduktion.lnu.se\/juvenilen\/wp-content\/uploads\/sites\/470\/2021\/02\/MATILDAA.jpg 467w, https:\/\/medieproduktion.lnu.se\/juvenilen\/wp-content\/uploads\/sites\/470\/2021\/02\/MATILDAA-200x300.jpg 200w\" sizes=\"(max-width: 467px) 100vw, 467px\" \/>\t\t\t\t\t\t\t\t\t\t\t\t\t\t\t<\/div>\n\t\t\t\t<\/div>\n\t\t\t\t\t<\/div>\n\t\t<\/div>\n\t\t\t\t\t<\/div>\n\t\t<\/section>\n\t\t\t\t<section class=\"elementor-section elementor-top-section elementor-element elementor-element-4603b6f elementor-section-boxed elementor-section-height-default elementor-section-height-default\" data-id=\"4603b6f\" data-element_type=\"section\">\n\t\t\t\t\t\t<div class=\"elementor-container elementor-column-gap-default\">\n\t\t\t\t\t<div class=\"elementor-column elementor-col-50 elementor-top-column elementor-element elementor-element-48c948a\" data-id=\"48c948a\" data-element_type=\"column\">\n\t\t\t<div class=\"elementor-widget-wrap elementor-element-populated\">\n\t\t\t\t\t\t<div class=\"elementor-element elementor-element-33e6b43 elementor-widget elementor-widget-text-editor\" data-id=\"33e6b43\" data-element_type=\"widget\" data-widget_type=\"text-editor.default\">\n\t\t\t\t<div class=\"elementor-widget-container\">\n\t\t\t\t\t\t\t\t\t<h2>Anna Waktel<\/h2>\t\t\t\t\t\t\t\t<\/div>\n\t\t\t\t<\/div>\n\t\t\t\t\t<\/div>\n\t\t<\/div>\n\t\t\t\t<div class=\"elementor-column elementor-col-50 elementor-top-column elementor-element elementor-element-742e79d\" data-id=\"742e79d\" data-element_type=\"column\">\n\t\t\t<div class=\"elementor-widget-wrap elementor-element-populated\">\n\t\t\t\t\t\t<div class=\"elementor-element elementor-element-dfc9229 elementor-widget elementor-widget-text-editor\" data-id=\"dfc9229\" data-element_type=\"widget\" data-widget_type=\"text-editor.default\">\n\t\t\t\t<div class=\"elementor-widget-container\">\n\t\t\t\t\t\t\t\t\t<h2>Matilda Kennerberg<\/h2>\t\t\t\t\t\t\t\t<\/div>\n\t\t\t\t<\/div>\n\t\t\t\t\t<\/div>\n\t\t<\/div>\n\t\t\t\t\t<\/div>\n\t\t<\/section>\n\t\t\t\t<section class=\"elementor-section elementor-top-section elementor-element elementor-element-a22c096 elementor-section-boxed elementor-section-height-default elementor-section-height-default\" data-id=\"a22c096\" data-element_type=\"section\">\n\t\t\t\t\t\t<div class=\"elementor-container elementor-column-gap-default\">\n\t\t\t\t\t<div class=\"elementor-column elementor-col-50 elementor-top-column elementor-element elementor-element-0049815\" data-id=\"0049815\" data-element_type=\"column\">\n\t\t\t<div class=\"elementor-widget-wrap elementor-element-populated\">\n\t\t\t\t\t\t<div class=\"elementor-element elementor-element-99553c5 elementor-widget elementor-widget-text-editor\" data-id=\"99553c5\" data-element_type=\"widget\" data-widget_type=\"text-editor.default\">\n\t\t\t\t<div class=\"elementor-widget-container\">\n\t\t\t\t\t\t\t\t\t<p>Reporter<br \/>Mail:\u00a0<a style=\"background-color: #ffffff;\" href=\"mailto:annawaktel19@gmail.com\" target=\"_blank\" rel=\"noopener\">annawaktel19@gmail.com<\/a><\/p>\t\t\t\t\t\t\t\t<\/div>\n\t\t\t\t<\/div>\n\t\t\t\t\t<\/div>\n\t\t<\/div>\n\t\t\t\t<div class=\"elementor-column elementor-col-50 elementor-top-column elementor-element elementor-element-1653da4\" data-id=\"1653da4\" data-element_type=\"column\">\n\t\t\t<div class=\"elementor-widget-wrap elementor-element-populated\">\n\t\t\t\t\t\t<div class=\"elementor-element elementor-element-b8c9890 elementor-widget elementor-widget-text-editor\" data-id=\"b8c9890\" data-element_type=\"widget\" data-widget_type=\"text-editor.default\">\n\t\t\t\t<div class=\"elementor-widget-container\">\n\t\t\t\t\t\t\t\t\t<p>Reporter<br \/>mail:<a style=\"background-color: #ffffff;\" href=\"mailto:matildakennerberg@gmail.com\" target=\"_blank\" rel=\"noopener\">\u00a0<\/a><a style=\"background-color: #ffffff;\" href=\"mailto:matildakennerberg@gmail.com\" target=\"_blank\" rel=\"noopener\">matilda.kennerberg@gmail.com<\/a><\/p>\t\t\t\t\t\t\t\t<\/div>\n\t\t\t\t<\/div>\n\t\t\t\t\t<\/div>\n\t\t<\/div>\n\t\t\t\t\t<\/div>\n\t\t<\/section>\n\t\t\t\t<section class=\"elementor-section elementor-top-section elementor-element elementor-element-d0772d5 elementor-section-boxed elementor-section-height-default elementor-section-height-default\" data-id=\"d0772d5\" data-element_type=\"section\">\n\t\t\t\t\t\t<div class=\"elementor-container elementor-column-gap-default\">\n\t\t\t\t\t<div class=\"elementor-column elementor-col-50 elementor-top-column elementor-element elementor-element-326bf00\" data-id=\"326bf00\" data-element_type=\"column\">\n\t\t\t<div class=\"elementor-widget-wrap elementor-element-populated\">\n\t\t\t\t\t\t<div class=\"elementor-element elementor-element-89f922e elementor-widget elementor-widget-image\" data-id=\"89f922e\" data-element_type=\"widget\" data-widget_type=\"image.default\">\n\t\t\t\t<div class=\"elementor-widget-container\">\n\t\t\t\t\t\t\t\t\t\t\t\t\t\t\t<img decoding=\"async\" width=\"467\" height=\"700\" src=\"https:\/\/medieproduktion.lnu.se\/juvenilen\/wp-content\/uploads\/sites\/470\/2021\/02\/wallis1.jpg\" class=\"attachment-large size-large wp-image-405\" alt=\"Jonathan Wallis, reporter p\u00e5 Juvenilen.\" srcset=\"https:\/\/medieproduktion.lnu.se\/juvenilen\/wp-content\/uploads\/sites\/470\/2021\/02\/wallis1.jpg 467w, https:\/\/medieproduktion.lnu.se\/juvenilen\/wp-content\/uploads\/sites\/470\/2021\/02\/wallis1-200x300.jpg 200w\" sizes=\"(max-width: 467px) 100vw, 467px\" \/>\t\t\t\t\t\t\t\t\t\t\t\t\t\t\t<\/div>\n\t\t\t\t<\/div>\n\t\t\t\t\t<\/div>\n\t\t<\/div>\n\t\t\t\t<div class=\"elementor-column elementor-col-50 elementor-top-column elementor-element elementor-element-4f660e7\" data-id=\"4f660e7\" data-element_type=\"column\">\n\t\t\t<div class=\"elementor-widget-wrap elementor-element-populated\">\n\t\t\t\t\t\t<div class=\"elementor-element elementor-element-a2db75e elementor-widget elementor-widget-image\" data-id=\"a2db75e\" data-element_type=\"widget\" data-widget_type=\"image.default\">\n\t\t\t\t<div class=\"elementor-widget-container\">\n\t\t\t\t\t\t\t\t\t\t\t\t\t\t\t<img decoding=\"async\" width=\"467\" height=\"700\" src=\"https:\/\/medieproduktion.lnu.se\/juvenilen\/wp-content\/uploads\/sites\/470\/2021\/02\/jasse1.jpg\" class=\"attachment-large size-large wp-image-409\" alt=\"Jasmin Akbarzadeh, reporter p\u00e5 Juvenilen.\" srcset=\"https:\/\/medieproduktion.lnu.se\/juvenilen\/wp-content\/uploads\/sites\/470\/2021\/02\/jasse1.jpg 467w, https:\/\/medieproduktion.lnu.se\/juvenilen\/wp-content\/uploads\/sites\/470\/2021\/02\/jasse1-200x300.jpg 200w\" sizes=\"(max-width: 467px) 100vw, 467px\" \/>\t\t\t\t\t\t\t\t\t\t\t\t\t\t\t<\/div>\n\t\t\t\t<\/div>\n\t\t\t\t\t<\/div>\n\t\t<\/div>\n\t\t\t\t\t<\/div>\n\t\t<\/section>\n\t\t\t\t<section class=\"elementor-section elementor-top-section elementor-element elementor-element-46fb436 elementor-section-boxed elementor-section-height-default elementor-section-height-default\" data-id=\"46fb436\" data-element_type=\"section\">\n\t\t\t\t\t\t<div class=\"elementor-container elementor-column-gap-default\">\n\t\t\t\t\t<div class=\"elementor-column elementor-col-50 elementor-top-column elementor-element elementor-element-8b98322\" data-id=\"8b98322\" data-element_type=\"column\">\n\t\t\t<div class=\"elementor-widget-wrap elementor-element-populated\">\n\t\t\t\t\t\t<div class=\"elementor-element elementor-element-a5d0fa9 elementor-widget elementor-widget-text-editor\" data-id=\"a5d0fa9\" data-element_type=\"widget\" data-widget_type=\"text-editor.default\">\n\t\t\t\t<div class=\"elementor-widget-container\">\n\t\t\t\t\t\t\t\t\t<h2>Jonathan Wallis<\/h2>\t\t\t\t\t\t\t\t<\/div>\n\t\t\t\t<\/div>\n\t\t\t\t\t<\/div>\n\t\t<\/div>\n\t\t\t\t<div class=\"elementor-column elementor-col-50 elementor-top-column elementor-element elementor-element-79336e4\" data-id=\"79336e4\" data-element_type=\"column\">\n\t\t\t<div class=\"elementor-widget-wrap elementor-element-populated\">\n\t\t\t\t\t\t<div class=\"elementor-element elementor-element-d315015 elementor-widget elementor-widget-text-editor\" data-id=\"d315015\" data-element_type=\"widget\" data-widget_type=\"text-editor.default\">\n\t\t\t\t<div class=\"elementor-widget-container\">\n\t\t\t\t\t\t\t\t\t<h2>Jasmin Akbarzadeh<\/h2>\t\t\t\t\t\t\t\t<\/div>\n\t\t\t\t<\/div>\n\t\t\t\t\t<\/div>\n\t\t<\/div>\n\t\t\t\t\t<\/div>\n\t\t<\/section>\n\t\t\t\t<section class=\"elementor-section elementor-top-section elementor-element elementor-element-dc12707 elementor-section-boxed elementor-section-height-default elementor-section-height-default\" data-id=\"dc12707\" data-element_type=\"section\">\n\t\t\t\t\t\t<div class=\"elementor-container elementor-column-gap-default\">\n\t\t\t\t\t<div class=\"elementor-column elementor-col-50 elementor-top-column elementor-element elementor-element-8fe8238\" data-id=\"8fe8238\" data-element_type=\"column\">\n\t\t\t<div class=\"elementor-widget-wrap elementor-element-populated\">\n\t\t\t\t\t\t<div class=\"elementor-element elementor-element-4e9761f elementor-widget elementor-widget-text-editor\" data-id=\"4e9761f\" data-element_type=\"widget\" data-widget_type=\"text-editor.default\">\n\t\t\t\t<div class=\"elementor-widget-container\">\n\t\t\t\t\t\t\t\t\t<p>Reporter<br \/>Mail:\u00a0<a style=\"background-color: #ffffff;\" href=\"mailto:jonathanwallis@live.se\" target=\"_blank\" rel=\"noopener\">jonathanwallis@live.se<\/a><\/p>\t\t\t\t\t\t\t\t<\/div>\n\t\t\t\t<\/div>\n\t\t\t\t\t<\/div>\n\t\t<\/div>\n\t\t\t\t<div class=\"elementor-column elementor-col-50 elementor-top-column elementor-element elementor-element-6bfc648\" data-id=\"6bfc648\" data-element_type=\"column\">\n\t\t\t<div class=\"elementor-widget-wrap elementor-element-populated\">\n\t\t\t\t\t\t<div class=\"elementor-element elementor-element-4fc32bb elementor-widget elementor-widget-text-editor\" data-id=\"4fc32bb\" data-element_type=\"widget\" data-widget_type=\"text-editor.default\">\n\t\t\t\t<div class=\"elementor-widget-container\">\n\t\t\t\t\t\t\t\t\t<p>Reporter<br \/>Mail:<a style=\"background-color: #ffffff;\" href=\"mailto:jasminakbarzadeh@hotmail.com\" target=\"_blank\" rel=\"noopener\">\u00a0jasmin.akbarzadeh@hotmail.com<\/a><\/p>\t\t\t\t\t\t\t\t<\/div>\n\t\t\t\t<\/div>\n\t\t\t\t\t<\/div>\n\t\t<\/div>\n\t\t\t\t\t<\/div>\n\t\t<\/section>\n\t\t\t\t<\/div>\n\t\t","protected":false},"excerpt":{"rendered":"<p>Juvenilen fokuserar p\u00e5 att leverera nyheter f\u00f6r unga i Kalmar l\u00e4n.Redaktionen best\u00e5r av fyra journaliststudenter p\u00e5 Linneuniversitetet i Kalmar. Vid fr\u00e5gor eller tips g\u00e5r vi att n\u00e5s p\u00e5\u00a0juvenilenkalmar@gmail.com. Anna Waktel Matilda Kennerberg ReporterMail:\u00a0annawaktel19@gmail.com Reportermail:\u00a0matilda.kennerberg@gmail.com Jonathan Wallis Jasmin Akbarzadeh ReporterMail:\u00a0jonathanwallis@live.se ReporterMail:\u00a0jasmin.akbarzadeh@hotmail.com<\/p>\n","protected":false},"author":420,"featured_media":0,"parent":0,"menu_order":0,"comment_status":"closed","ping_status":"closed","template":"","meta":{"footnotes":""},"class_list":["post-79","page","type-page","status-publish"],"_links":{"self":[{"href":"https:\/\/medieproduktion.lnu.se\/juvenilen\/wp-json\/wp\/v2\/pages\/79","targetHints":{"allow":["GET"]}}],"collection":[{"href":"https:\/\/medieproduktion.lnu.se\/juvenilen\/wp-json\/wp\/v2\/pages"}],"about":[{"href":"https:\/\/medieproduktion.lnu.se\/juvenilen\/wp-json\/wp\/v2\/types\/page"}],"author":[{"embeddable":true,"href":"https:\/\/medieproduktion.lnu.se\/juvenilen\/wp-json\/wp\/v2\/users\/420"}],"replies":[{"embeddable":true,"href":"https:\/\/medieproduktion.lnu.se\/juvenilen\/wp-json\/wp\/v2\/comments?post=79"}],"version-history":[{"count":19,"href":"https:\/\/medieproduktion.lnu.se\/juvenilen\/wp-json\/wp\/v2\/pages\/79\/revisions"}],"predecessor-version":[{"id":488,"href":"https:\/\/medieproduktion.lnu.se\/juvenilen\/wp-json\/wp\/v2\/pages\/79\/revisions\/488"}],"wp:attachment":[{"href":"https:\/\/medieproduktion.lnu.se\/juvenilen\/wp-json\/wp\/v2\/media?parent=79"}],"curies":[{"name":"wp","href":"https:\/\/api.w.org\/{rel}","templated":true}]}}