{"id":28,"date":"2020-03-10T12:52:25","date_gmt":"2020-03-10T11:52:25","guid":{"rendered":"http:\/\/medieproduktion.lnu.se\/1mp204vt20redaktion3b\/?page_id=28"},"modified":"2020-03-13T10:30:32","modified_gmt":"2020-03-13T09:30:32","slug":"startsida","status":"publish","type":"page","link":"https:\/\/medieproduktion.lnu.se\/apriori\/","title":{"rendered":""},"content":{"rendered":"\t\t<div data-elementor-type=\"wp-post\" data-elementor-id=\"28\" class=\"elementor elementor-28 elementor-bc-flex-widget\" data-elementor-post-type=\"page\">\n\t\t\t\t\t\t<section class=\"elementor-section elementor-top-section elementor-element elementor-element-3068ad2 elementor-section-boxed elementor-section-height-default elementor-section-height-default\" data-id=\"3068ad2\" data-element_type=\"section\">\n\t\t\t\t\t\t<div class=\"elementor-container elementor-column-gap-default\">\n\t\t\t\t\t<div class=\"elementor-column elementor-col-100 elementor-top-column elementor-element elementor-element-7ce2f16\" data-id=\"7ce2f16\" data-element_type=\"column\">\n\t\t\t<div class=\"elementor-widget-wrap elementor-element-populated\">\n\t\t\t\t\t\t<div class=\"elementor-element elementor-element-b5cfdeb elementor-grid-1 elementor-grid-tablet-2 elementor-grid-mobile-1 elementor-posts--thumbnail-top elementor-widget elementor-widget-posts\" data-id=\"b5cfdeb\" data-element_type=\"widget\" data-settings=\"{&quot;classic_columns&quot;:&quot;1&quot;,&quot;classic_columns_tablet&quot;:&quot;2&quot;,&quot;classic_columns_mobile&quot;:&quot;1&quot;,&quot;classic_row_gap&quot;:{&quot;unit&quot;:&quot;px&quot;,&quot;size&quot;:35,&quot;sizes&quot;:[]},&quot;classic_row_gap_tablet&quot;:{&quot;unit&quot;:&quot;px&quot;,&quot;size&quot;:&quot;&quot;,&quot;sizes&quot;:[]},&quot;classic_row_gap_mobile&quot;:{&quot;unit&quot;:&quot;px&quot;,&quot;size&quot;:&quot;&quot;,&quot;sizes&quot;:[]}}\" data-widget_type=\"posts.classic\">\n\t\t\t\t<div class=\"elementor-widget-container\">\n\t\t\t\t\t\t\t<div class=\"elementor-posts-container elementor-posts elementor-posts--skin-classic elementor-grid\" role=\"list\">\n\t\t\t\t<article class=\"elementor-post elementor-grid-item post-944 post type-post status-publish format-standard has-post-thumbnail hentry category-lokalt tag-corona tag-coronaviruset tag-covid-19 tag-domkyrkan\" role=\"listitem\">\n\t\t\t\t<a class=\"elementor-post__thumbnail__link\" href=\"https:\/\/medieproduktion.lnu.se\/apriori\/lokalt\/coronavirusets-paverkan-pa-kyrkan\/\" tabindex=\"-1\" >\n\t\t\t<div class=\"elementor-post__thumbnail\"><img fetchpriority=\"high\" decoding=\"async\" width=\"300\" height=\"225\" src=\"https:\/\/medieproduktion.lnu.se\/apriori\/wp-content\/uploads\/sites\/270\/2020\/03\/pra\u0308st-300x225.jpg\" class=\"attachment-medium size-medium wp-image-1178\" alt=\"Christer Munther, domkyrkokaplan f\u00f6r Kalmar domkyrkof\u00f6rsamling, ber\u00e4ttar om hur corona p\u00e5verkat deras verksamhet. FOTO: Sarah Lind\u00e9n\" srcset=\"https:\/\/medieproduktion.lnu.se\/apriori\/wp-content\/uploads\/sites\/270\/2020\/03\/pra\u0308st-300x225.jpg 300w, https:\/\/medieproduktion.lnu.se\/apriori\/wp-content\/uploads\/sites\/270\/2020\/03\/pra\u0308st-768x576.jpg 768w, https:\/\/medieproduktion.lnu.se\/apriori\/wp-content\/uploads\/sites\/270\/2020\/03\/pra\u0308st.jpg 800w\" sizes=\"(max-width: 300px) 100vw, 300px\" \/><\/div>\n\t\t<\/a>\n\t\t\t\t<div class=\"elementor-post__text\">\n\t\t\t\t<h3 class=\"elementor-post__title\">\n\t\t\t<a href=\"https:\/\/medieproduktion.lnu.se\/apriori\/lokalt\/coronavirusets-paverkan-pa-kyrkan\/\" >\n\t\t\t\tCoronavirusets p\u00e5verkan p\u00e5 kyrkan\t\t\t<\/a>\n\t\t<\/h3>\n\t\t\t\t<div class=\"elementor-post__meta-data\">\n\t\t\t\t\t<span class=\"elementor-post-date\">\n\t\t\t2 april, 2020\t\t<\/span>\n\t\t\t\t<span class=\"elementor-post-avatar\">\n\t\t\tInga kommentarer\t\t<\/span>\n\t\t\t\t<\/div>\n\t\t\t\t<div class=\"elementor-post__excerpt\">\n\t\t\t<p>St\u00f6rre delar av domkyrkof\u00f6rsamlingens verksamheter har blivit inst\u00e4llda. Det enda som \u00e4r som vanligt \u00e4r de dagliga gudstj\u00e4nsterna, men \u00e4ven d\u00e4r \u00e4r det annorlunda.<\/p>\n\t\t<\/div>\n\t\t\t\t<\/div>\n\t\t\t\t<\/article>\n\t\t\t\t<\/div>\n\t\t\n\t\t\t\t\t\t<\/div>\n\t\t\t\t<\/div>\n\t\t\t\t\t<\/div>\n\t\t<\/div>\n\t\t\t\t\t<\/div>\n\t\t<\/section>\n\t\t\t\t<section class=\"elementor-section elementor-top-section elementor-element elementor-element-9d40c63 elementor-section-boxed elementor-section-height-default elementor-section-height-default\" data-id=\"9d40c63\" data-element_type=\"section\">\n\t\t\t\t\t\t<div class=\"elementor-container elementor-column-gap-default\">\n\t\t\t\t\t<div class=\"elementor-column elementor-col-100 elementor-top-column elementor-element elementor-element-77a7116\" data-id=\"77a7116\" data-element_type=\"column\">\n\t\t\t<div class=\"elementor-widget-wrap elementor-element-populated\">\n\t\t\t\t\t\t<div class=\"elementor-element elementor-element-50e00d0 elementor-grid-2 elementor-grid-tablet-2 elementor-grid-mobile-1 elementor-posts--thumbnail-top elementor-widget elementor-widget-posts\" data-id=\"50e00d0\" data-element_type=\"widget\" data-settings=\"{&quot;classic_columns&quot;:&quot;2&quot;,&quot;classic_columns_tablet&quot;:&quot;2&quot;,&quot;classic_columns_mobile&quot;:&quot;1&quot;,&quot;classic_row_gap&quot;:{&quot;unit&quot;:&quot;px&quot;,&quot;size&quot;:35,&quot;sizes&quot;:[]},&quot;classic_row_gap_tablet&quot;:{&quot;unit&quot;:&quot;px&quot;,&quot;size&quot;:&quot;&quot;,&quot;sizes&quot;:[]},&quot;classic_row_gap_mobile&quot;:{&quot;unit&quot;:&quot;px&quot;,&quot;size&quot;:&quot;&quot;,&quot;sizes&quot;:[]}}\" data-widget_type=\"posts.classic\">\n\t\t\t\t<div class=\"elementor-widget-container\">\n\t\t\t\t\t\t\t<div class=\"elementor-posts-container elementor-posts elementor-posts--skin-classic elementor-grid\" role=\"list\">\n\t\t\t\t<article class=\"elementor-post elementor-grid-item post-1155 post type-post status-publish format-standard has-post-thumbnail hentry category-lokalt tag-corona tag-fik tag-kronoberg\" role=\"listitem\">\n\t\t\t\t<a class=\"elementor-post__thumbnail__link\" href=\"https:\/\/medieproduktion.lnu.se\/apriori\/lokalt\/bildreportage-askelyckan-far-varkansla\/\" tabindex=\"-1\" >\n\t\t\t<div class=\"elementor-post__thumbnail\"><img decoding=\"async\" width=\"300\" height=\"225\" src=\"https:\/\/medieproduktion.lnu.se\/apriori\/wp-content\/uploads\/sites\/270\/2020\/03\/IMG_20200327_141442671-300x225.jpg\" class=\"attachment-medium size-medium wp-image-1170\" alt=\"K\u00f6p en godsak och st\u00f6d en god sak.\" \/><\/div>\n\t\t<\/a>\n\t\t\t\t<div class=\"elementor-post__text\">\n\t\t\t\t<h3 class=\"elementor-post__title\">\n\t\t\t<a href=\"https:\/\/medieproduktion.lnu.se\/apriori\/lokalt\/bildreportage-askelyckan-far-varkansla\/\" >\n\t\t\t\tBildreportage: Askelyckan f\u00e5r v\u00e5rk\u00e4nsla\t\t\t<\/a>\n\t\t<\/h3>\n\t\t\t\t<div class=\"elementor-post__meta-data\">\n\t\t\t\t\t<span class=\"elementor-post-author\">\n\t\t\tDante Enocson\t\t<\/span>\n\t\t\t\t<span class=\"elementor-post-date\">\n\t\t\t27 mars, 2020\t\t<\/span>\n\t\t\t\t<\/div>\n\t\t\t\t<div class=\"elementor-post__excerpt\">\n\t\t\t<p>Coronakrisen har slagit h\u00e5rt p\u00e5 det lokala fiket Askelyckan, men nytt hopp kommer med v\u00e5rsolen.<\/p>\n\t\t<\/div>\n\t\t\t\t<\/div>\n\t\t\t\t<\/article>\n\t\t\t\t<article class=\"elementor-post elementor-grid-item post-951 post type-post status-publish format-video has-post-thumbnail hentry category-lokalt tag-fik tag-vaffeldagen tag-webb-tv post_format-post-format-video\" role=\"listitem\">\n\t\t\t\t<a class=\"elementor-post__thumbnail__link\" href=\"https:\/\/medieproduktion.lnu.se\/apriori\/lokalt\/webb-tv-vaffeldagen\/\" tabindex=\"-1\" >\n\t\t\t<div class=\"elementor-post__thumbnail\"><img decoding=\"async\" width=\"300\" height=\"225\" src=\"https:\/\/medieproduktion.lnu.se\/apriori\/wp-content\/uploads\/sites\/270\/2020\/03\/va\u030affla-300x225.jpg\" class=\"attachment-medium size-medium wp-image-1177\" alt=\"Kallsk\u00e4nken serverar traditionella v\u00e5fflor med sylt och gr\u00e4dde. FOTO: Sarah Lind\u00e9n.\" srcset=\"https:\/\/medieproduktion.lnu.se\/apriori\/wp-content\/uploads\/sites\/270\/2020\/03\/va\u030affla-300x225.jpg 300w, https:\/\/medieproduktion.lnu.se\/apriori\/wp-content\/uploads\/sites\/270\/2020\/03\/va\u030affla-768x576.jpg 768w, https:\/\/medieproduktion.lnu.se\/apriori\/wp-content\/uploads\/sites\/270\/2020\/03\/va\u030affla.jpg 800w\" sizes=\"(max-width: 300px) 100vw, 300px\" \/><\/div>\n\t\t<\/a>\n\t\t\t\t<div class=\"elementor-post__text\">\n\t\t\t\t<h3 class=\"elementor-post__title\">\n\t\t\t<a href=\"https:\/\/medieproduktion.lnu.se\/apriori\/lokalt\/webb-tv-vaffeldagen\/\" >\n\t\t\t\tWebb-TV: V\u00e5ffeldagen\t\t\t<\/a>\n\t\t<\/h3>\n\t\t\t\t<div class=\"elementor-post__meta-data\">\n\t\t\t\t\t<span class=\"elementor-post-author\">\n\t\t\tSarah Lind\u00e9n\t\t<\/span>\n\t\t\t\t<span class=\"elementor-post-date\">\n\t\t\t26 mars, 2020\t\t<\/span>\n\t\t\t\t<\/div>\n\t\t\t\t<div class=\"elementor-post__excerpt\">\n\t\t\t<p>Den 25 mars \u00e4r det v\u00e5ffeldagen, en dag man vill fira.\u00a0I denna info-film kan man l\u00e4ra sig lite om v\u00e5fflans ursprung och hur man kan g\u00f6ra f\u00f6r att g\u00f6ra de goda bakelserna i sitt hem.<\/p>\n\t\t<\/div>\n\t\t\t\t<\/div>\n\t\t\t\t<\/article>\n\t\t\t\t<\/div>\n\t\t\n\t\t\t\t\t\t<\/div>\n\t\t\t\t<\/div>\n\t\t\t\t\t<\/div>\n\t\t<\/div>\n\t\t\t\t\t<\/div>\n\t\t<\/section>\n\t\t\t\t<\/div>\n\t\t","protected":false},"excerpt":{"rendered":"","protected":false},"author":242,"featured_media":0,"parent":0,"menu_order":0,"comment_status":"closed","ping_status":"closed","template":"","meta":{"footnotes":""},"class_list":["post-28","page","type-page","status-publish","hentry"],"_links":{"self":[{"href":"https:\/\/medieproduktion.lnu.se\/apriori\/wp-json\/wp\/v2\/pages\/28","targetHints":{"allow":["GET"]}}],"collection":[{"href":"https:\/\/medieproduktion.lnu.se\/apriori\/wp-json\/wp\/v2\/pages"}],"about":[{"href":"https:\/\/medieproduktion.lnu.se\/apriori\/wp-json\/wp\/v2\/types\/page"}],"author":[{"embeddable":true,"href":"https:\/\/medieproduktion.lnu.se\/apriori\/wp-json\/wp\/v2\/users\/242"}],"replies":[{"embeddable":true,"href":"https:\/\/medieproduktion.lnu.se\/apriori\/wp-json\/wp\/v2\/comments?post=28"}],"version-history":[{"count":5,"href":"https:\/\/medieproduktion.lnu.se\/apriori\/wp-json\/wp\/v2\/pages\/28\/revisions"}],"predecessor-version":[{"id":254,"href":"https:\/\/medieproduktion.lnu.se\/apriori\/wp-json\/wp\/v2\/pages\/28\/revisions\/254"}],"wp:attachment":[{"href":"https:\/\/medieproduktion.lnu.se\/apriori\/wp-json\/wp\/v2\/media?parent=28"}],"curies":[{"name":"wp","href":"https:\/\/api.w.org\/{rel}","templated":true}]}}